{"id":120,"date":"2016-09-06T13:44:51","date_gmt":"2016-09-06T15:44:51","guid":{"rendered":"http:\/\/sites.usp.br\/acolhe\/?page_id=120"},"modified":"2018-12-19T16:28:49","modified_gmt":"2018-12-19T18:28:49","slug":"publicacoes","status":"publish","type":"page","link":"https:\/\/sites.usp.br\/acolhe\/publicacoes\/","title":{"rendered":"Publica\u00e7\u00f5es"},"content":{"rendered":"<p style=\"text-align: justify;\">Nesta se\u00e7\u00e3o est\u00e3o dispon\u00edveis as vers\u00f5es digitais de alguns materiais produzidos pelo Acolhe USP, divididos em:<\/p>\n<ul>\n<li style=\"text-align: left;\">\n<h5><span style=\"color: #ff6600;\"><strong><a style=\"color: #ff6600;\" href=\"http:\/\/sites.usp.br\/acolhe\/cartazes\/\">Cartazes;<\/a><\/strong><\/span><\/h5>\n<\/li>\n<li style=\"text-align: left;\">\n<h5><span style=\"color: #000080;\"><strong><a style=\"color: #000080;\" href=\"http:\/\/sites.usp.br\/acolhe\/publicacoes\/cartilha\/\">Cartilhas;<\/a><\/strong><\/span><\/h5>\n<\/li>\n<li style=\"text-align: left;\">\n<h5><span style=\"color: #ff6600;\"><strong><a style=\"color: #ff6600;\" href=\"http:\/\/sites.usp.br\/acolhe\/folderes\/\">F\u00f4lderes;<\/a><\/strong><\/span><\/h5>\n<\/li>\n<li style=\"text-align: left;\">\n<h5><span style=\"color: #000080;\"><strong><a style=\"color: #000080;\" href=\"http:\/\/sites.usp.br\/acolhe\/publicacoes\/posteres\/\">e P\u00f4steres.<\/a><\/strong><\/span><\/h5>\n<\/li>\n<\/ul>\n","protected":false},"excerpt":{"rendered":"<p>Nesta se\u00e7\u00e3o est\u00e3o dispon\u00edveis as vers\u00f5es digitais de alguns materiais produzidos pelo Acolhe USP, divididos em: Cartazes; Cartilhas; F\u00f4lderes; e P\u00f4steres.<\/p>\n","protected":false},"author":291,"featured_media":0,"parent":0,"menu_order":0,"comment_status":"closed","ping_status":"closed","template":"","meta":{"footnotes":"","_links_to":"","_links_to_target":""},"class_list":["post-120","page","type-page","status-publish","hentry"],"_links":{"self":[{"href":"https:\/\/sites.usp.br\/acolhe\/wp-json\/wp\/v2\/pages\/120","targetHints":{"allow":["GET"]}}],"collection":[{"href":"https:\/\/sites.usp.br\/acolhe\/wp-json\/wp\/v2\/pages"}],"about":[{"href":"https:\/\/sites.usp.br\/acolhe\/wp-json\/wp\/v2\/types\/page"}],"author":[{"embeddable":true,"href":"https:\/\/sites.usp.br\/acolhe\/wp-json\/wp\/v2\/users\/291"}],"replies":[{"embeddable":true,"href":"https:\/\/sites.usp.br\/acolhe\/wp-json\/wp\/v2\/comments?post=120"}],"version-history":[{"count":6,"href":"https:\/\/sites.usp.br\/acolhe\/wp-json\/wp\/v2\/pages\/120\/revisions"}],"predecessor-version":[{"id":602,"href":"https:\/\/sites.usp.br\/acolhe\/wp-json\/wp\/v2\/pages\/120\/revisions\/602"}],"wp:attachment":[{"href":"https:\/\/sites.usp.br\/acolhe\/wp-json\/wp\/v2\/media?parent=120"}],"curies":[{"name":"wp","href":"https:\/\/api.w.org\/{rel}","templated":true}]}}