{"id":185,"date":"2016-09-23T17:33:05","date_gmt":"2016-09-23T19:33:05","guid":{"rendered":"http:\/\/sites.usp.br\/acolhe\/?page_id=185"},"modified":"2020-11-09T13:57:35","modified_gmt":"2020-11-09T15:57:35","slug":"cartazes","status":"publish","type":"page","link":"https:\/\/sites.usp.br\/acolhe\/publicacoes\/cartazes\/","title":{"rendered":"Cartazes"},"content":{"rendered":"<h5 style=\"text-align: center;\"><span style=\"color: #000080;\">Informativos COVID-19<\/span><\/h5>\n<p><a href=\"https:\/\/sites.usp.br\/acolhe\/wp-content\/uploads\/sites\/169\/2020\/11\/Informativo-uso-nocivo-\u00e1lcool-FINAL.png\"><img loading=\"lazy\" decoding=\"async\" class=\"aligncenter size-medium wp-image-743\" src=\"https:\/\/sites.usp.br\/acolhe\/wp-content\/uploads\/sites\/169\/2020\/11\/Informativo-uso-nocivo-\u00e1lcool-FINAL-212x300.png\" alt=\"\" width=\"212\" height=\"300\" srcset=\"https:\/\/sites.usp.br\/acolhe\/wp-content\/uploads\/sites\/169\/2020\/11\/Informativo-uso-nocivo-\u00e1lcool-FINAL-212x300.png 212w, https:\/\/sites.usp.br\/acolhe\/wp-content\/uploads\/sites\/169\/2020\/11\/Informativo-uso-nocivo-\u00e1lcool-FINAL-724x1024.png 724w, https:\/\/sites.usp.br\/acolhe\/wp-content\/uploads\/sites\/169\/2020\/11\/Informativo-uso-nocivo-\u00e1lcool-FINAL-768x1086.png 768w, https:\/\/sites.usp.br\/acolhe\/wp-content\/uploads\/sites\/169\/2020\/11\/Informativo-uso-nocivo-\u00e1lcool-FINAL-1086x1536.png 1086w, https:\/\/sites.usp.br\/acolhe\/wp-content\/uploads\/sites\/169\/2020\/11\/Informativo-uso-nocivo-\u00e1lcool-FINAL-400x566.png 400w, https:\/\/sites.usp.br\/acolhe\/wp-content\/uploads\/sites\/169\/2020\/11\/Informativo-uso-nocivo-\u00e1lcool-FINAL.png 1414w\" sizes=\"auto, (max-width: 212px) 100vw, 212px\" \/><\/a><\/p>\n<p style=\"text-align: center;\"><a href=\"https:\/\/sites.usp.br\/acolhe\/wp-content\/uploads\/sites\/169\/2020\/06\/Covid-19-e-os-reiscos-de-fumar.jpg\"><img loading=\"lazy\" decoding=\"async\" class=\"alignnone size-medium wp-image-739\" src=\"https:\/\/sites.usp.br\/acolhe\/wp-content\/uploads\/sites\/169\/2020\/06\/Covid-19-e-os-reiscos-de-fumar-212x300.jpg\" alt=\"\" width=\"212\" height=\"300\" srcset=\"https:\/\/sites.usp.br\/acolhe\/wp-content\/uploads\/sites\/169\/2020\/06\/Covid-19-e-os-reiscos-de-fumar-212x300.jpg 212w, https:\/\/sites.usp.br\/acolhe\/wp-content\/uploads\/sites\/169\/2020\/06\/Covid-19-e-os-reiscos-de-fumar-724x1024.jpg 724w, https:\/\/sites.usp.br\/acolhe\/wp-content\/uploads\/sites\/169\/2020\/06\/Covid-19-e-os-reiscos-de-fumar-768x1086.jpg 768w, https:\/\/sites.usp.br\/acolhe\/wp-content\/uploads\/sites\/169\/2020\/06\/Covid-19-e-os-reiscos-de-fumar-1086x1536.jpg 1086w, https:\/\/sites.usp.br\/acolhe\/wp-content\/uploads\/sites\/169\/2020\/06\/Covid-19-e-os-reiscos-de-fumar-1448x2048.jpg 1448w, https:\/\/sites.usp.br\/acolhe\/wp-content\/uploads\/sites\/169\/2020\/06\/Covid-19-e-os-reiscos-de-fumar-400x566.jpg 400w, https:\/\/sites.usp.br\/acolhe\/wp-content\/uploads\/sites\/169\/2020\/06\/Covid-19-e-os-reiscos-de-fumar.jpg 1587w\" sizes=\"auto, (max-width: 212px) 100vw, 212px\" \/><\/a><\/p>\n<h5 style=\"text-align: center;\"><span style=\"color: #000080;\"><a href=\"https:\/\/sites.usp.br\/acolhe\/wp-content\/uploads\/sites\/169\/2020\/05\/Informativo-\u00c1lcool-Pandemia.png\"><img loading=\"lazy\" decoding=\"async\" class=\"aligncenter size-medium wp-image-734\" src=\"https:\/\/sites.usp.br\/acolhe\/wp-content\/uploads\/sites\/169\/2020\/05\/Informativo-\u00c1lcool-Pandemia-212x300.png\" alt=\"\" width=\"212\" height=\"300\" srcset=\"https:\/\/sites.usp.br\/acolhe\/wp-content\/uploads\/sites\/169\/2020\/05\/Informativo-\u00c1lcool-Pandemia-212x300.png 212w, https:\/\/sites.usp.br\/acolhe\/wp-content\/uploads\/sites\/169\/2020\/05\/Informativo-\u00c1lcool-Pandemia-724x1024.png 724w, https:\/\/sites.usp.br\/acolhe\/wp-content\/uploads\/sites\/169\/2020\/05\/Informativo-\u00c1lcool-Pandemia-768x1086.png 768w, https:\/\/sites.usp.br\/acolhe\/wp-content\/uploads\/sites\/169\/2020\/05\/Informativo-\u00c1lcool-Pandemia-1086x1536.png 1086w, https:\/\/sites.usp.br\/acolhe\/wp-content\/uploads\/sites\/169\/2020\/05\/Informativo-\u00c1lcool-Pandemia-1448x2048.png 1448w, https:\/\/sites.usp.br\/acolhe\/wp-content\/uploads\/sites\/169\/2020\/05\/Informativo-\u00c1lcool-Pandemia-400x566.png 400w, https:\/\/sites.usp.br\/acolhe\/wp-content\/uploads\/sites\/169\/2020\/05\/Informativo-\u00c1lcool-Pandemia.png 1587w\" sizes=\"auto, (max-width: 212px) 100vw, 212px\" \/><\/a><\/span><a href=\"https:\/\/sites.usp.br\/acolhe\/wp-content\/uploads\/sites\/169\/2020\/03\/Quando-devo-procurar-um-servi\u00e7o-de-sa\u00fade_.jpg\"><img loading=\"lazy\" decoding=\"async\" class=\"aligncenter size-medium wp-image-718\" src=\"https:\/\/sites.usp.br\/acolhe\/wp-content\/uploads\/sites\/169\/2020\/03\/Quando-devo-procurar-um-servi\u00e7o-de-sa\u00fade_-212x300.jpg\" alt=\"\" width=\"212\" height=\"300\" srcset=\"https:\/\/sites.usp.br\/acolhe\/wp-content\/uploads\/sites\/169\/2020\/03\/Quando-devo-procurar-um-servi\u00e7o-de-sa\u00fade_-212x300.jpg 212w, https:\/\/sites.usp.br\/acolhe\/wp-content\/uploads\/sites\/169\/2020\/03\/Quando-devo-procurar-um-servi\u00e7o-de-sa\u00fade_-724x1024.jpg 724w, https:\/\/sites.usp.br\/acolhe\/wp-content\/uploads\/sites\/169\/2020\/03\/Quando-devo-procurar-um-servi\u00e7o-de-sa\u00fade_-768x1086.jpg 768w, https:\/\/sites.usp.br\/acolhe\/wp-content\/uploads\/sites\/169\/2020\/03\/Quando-devo-procurar-um-servi\u00e7o-de-sa\u00fade_-1086x1536.jpg 1086w, https:\/\/sites.usp.br\/acolhe\/wp-content\/uploads\/sites\/169\/2020\/03\/Quando-devo-procurar-um-servi\u00e7o-de-sa\u00fade_-400x566.jpg 400w, https:\/\/sites.usp.br\/acolhe\/wp-content\/uploads\/sites\/169\/2020\/03\/Quando-devo-procurar-um-servi\u00e7o-de-sa\u00fade_.jpg 1414w\" sizes=\"auto, (max-width: 212px) 100vw, 212px\" \/><\/a><\/h5>\n<p><a href=\"https:\/\/sites.usp.br\/acolhe\/wp-content\/uploads\/sites\/169\/2020\/03\/Impe\u00e7a-a-propaga\u00e7\u00e3o-do-COVID-19-em-7-passos.jpg\"><img loading=\"lazy\" decoding=\"async\" class=\"aligncenter size-medium wp-image-720\" src=\"https:\/\/sites.usp.br\/acolhe\/wp-content\/uploads\/sites\/169\/2020\/03\/Impe\u00e7a-a-propaga\u00e7\u00e3o-do-COVID-19-em-7-passos-212x300.jpg\" alt=\"\" width=\"212\" height=\"300\" srcset=\"https:\/\/sites.usp.br\/acolhe\/wp-content\/uploads\/sites\/169\/2020\/03\/Impe\u00e7a-a-propaga\u00e7\u00e3o-do-COVID-19-em-7-passos-212x300.jpg 212w, https:\/\/sites.usp.br\/acolhe\/wp-content\/uploads\/sites\/169\/2020\/03\/Impe\u00e7a-a-propaga\u00e7\u00e3o-do-COVID-19-em-7-passos-724x1024.jpg 724w, https:\/\/sites.usp.br\/acolhe\/wp-content\/uploads\/sites\/169\/2020\/03\/Impe\u00e7a-a-propaga\u00e7\u00e3o-do-COVID-19-em-7-passos-768x1086.jpg 768w, https:\/\/sites.usp.br\/acolhe\/wp-content\/uploads\/sites\/169\/2020\/03\/Impe\u00e7a-a-propaga\u00e7\u00e3o-do-COVID-19-em-7-passos-1086x1536.jpg 1086w, https:\/\/sites.usp.br\/acolhe\/wp-content\/uploads\/sites\/169\/2020\/03\/Impe\u00e7a-a-propaga\u00e7\u00e3o-do-COVID-19-em-7-passos-400x566.jpg 400w, https:\/\/sites.usp.br\/acolhe\/wp-content\/uploads\/sites\/169\/2020\/03\/Impe\u00e7a-a-propaga\u00e7\u00e3o-do-COVID-19-em-7-passos.jpg 1414w\" sizes=\"auto, (max-width: 212px) 100vw, 212px\" \/><\/a><\/p>\n<p><a href=\"https:\/\/sites.usp.br\/acolhe\/wp-content\/uploads\/sites\/169\/2020\/03\/Duvidas-Frequentes.jpg\"><img loading=\"lazy\" decoding=\"async\" class=\"aligncenter size-medium wp-image-719\" src=\"https:\/\/sites.usp.br\/acolhe\/wp-content\/uploads\/sites\/169\/2020\/03\/Duvidas-Frequentes-212x300.jpg\" alt=\"\" width=\"212\" height=\"300\" srcset=\"https:\/\/sites.usp.br\/acolhe\/wp-content\/uploads\/sites\/169\/2020\/03\/Duvidas-Frequentes-212x300.jpg 212w, https:\/\/sites.usp.br\/acolhe\/wp-content\/uploads\/sites\/169\/2020\/03\/Duvidas-Frequentes-724x1024.jpg 724w, https:\/\/sites.usp.br\/acolhe\/wp-content\/uploads\/sites\/169\/2020\/03\/Duvidas-Frequentes-768x1086.jpg 768w, https:\/\/sites.usp.br\/acolhe\/wp-content\/uploads\/sites\/169\/2020\/03\/Duvidas-Frequentes-1086x1536.jpg 1086w, https:\/\/sites.usp.br\/acolhe\/wp-content\/uploads\/sites\/169\/2020\/03\/Duvidas-Frequentes-400x566.jpg 400w, https:\/\/sites.usp.br\/acolhe\/wp-content\/uploads\/sites\/169\/2020\/03\/Duvidas-Frequentes.jpg 1414w\" sizes=\"auto, (max-width: 212px) 100vw, 212px\" \/><\/a><\/p>\n<h5 style=\"text-align: center;\"><span style=\"color: #ff6600;\">Cartaz Institucional Acolhe USP<\/span><\/h5>\n<p><a href=\"http:\/\/sites.usp.br\/acolhe\/wp-content\/uploads\/sites\/169\/2016\/09\/Cartaz-Acolhe-USP-Versao-16-07-2018.jpg\"><img loading=\"lazy\" decoding=\"async\" class=\"size-medium wp-image-553 aligncenter\" src=\"http:\/\/sites.usp.br\/acolhe\/wp-content\/uploads\/sites\/169\/2016\/09\/Cartaz-Acolhe-USP-Versao-16-07-2018-212x300.jpg\" alt=\"\" width=\"212\" height=\"300\" srcset=\"https:\/\/sites.usp.br\/acolhe\/wp-content\/uploads\/sites\/169\/2016\/09\/Cartaz-Acolhe-USP-Versao-16-07-2018-212x300.jpg 212w, https:\/\/sites.usp.br\/acolhe\/wp-content\/uploads\/sites\/169\/2016\/09\/Cartaz-Acolhe-USP-Versao-16-07-2018-768x1086.jpg 768w, https:\/\/sites.usp.br\/acolhe\/wp-content\/uploads\/sites\/169\/2016\/09\/Cartaz-Acolhe-USP-Versao-16-07-2018-724x1024.jpg 724w, https:\/\/sites.usp.br\/acolhe\/wp-content\/uploads\/sites\/169\/2016\/09\/Cartaz-Acolhe-USP-Versao-16-07-2018-400x566.jpg 400w\" sizes=\"auto, (max-width: 212px) 100vw, 212px\" \/><\/a><\/p>\n<h5 style=\"text-align: center;\"><span style=\"color: #000080;\">Dia Nacional de Combate ao Fumo<\/span><\/h5>\n<p style=\"text-align: center;\"><a href=\"http:\/\/sites.usp.br\/acolhe\/wp-content\/uploads\/sites\/169\/2016\/09\/cartaz-tabaco.jpg\"><img loading=\"lazy\" decoding=\"async\" class=\"size-medium wp-image-555 aligncenter\" src=\"http:\/\/sites.usp.br\/acolhe\/wp-content\/uploads\/sites\/169\/2016\/09\/cartaz-tabaco-300x216.jpg\" alt=\"\" width=\"300\" height=\"216\" srcset=\"https:\/\/sites.usp.br\/acolhe\/wp-content\/uploads\/sites\/169\/2016\/09\/cartaz-tabaco-300x216.jpg 300w, https:\/\/sites.usp.br\/acolhe\/wp-content\/uploads\/sites\/169\/2016\/09\/cartaz-tabaco-768x553.jpg 768w, https:\/\/sites.usp.br\/acolhe\/wp-content\/uploads\/sites\/169\/2016\/09\/cartaz-tabaco-1024x737.jpg 1024w, https:\/\/sites.usp.br\/acolhe\/wp-content\/uploads\/sites\/169\/2016\/09\/cartaz-tabaco-400x288.jpg 400w, https:\/\/sites.usp.br\/acolhe\/wp-content\/uploads\/sites\/169\/2016\/09\/cartaz-tabaco.jpg 1115w\" sizes=\"auto, (max-width: 300px) 100vw, 300px\" \/><\/a><\/p>\n<h5 style=\"text-align: center;\"><span style=\"color: #ff6600;\">Dia Internacional da Mulher<\/span><\/h5>\n<h5 style=\"text-align: center;\"><a href=\"https:\/\/sites.usp.br\/acolhe\/wp-content\/uploads\/sites\/169\/2019\/10\/Dia-Internacional-da-Mulher.jpg\"><img loading=\"lazy\" decoding=\"async\" class=\"aligncenter size-medium wp-image-691\" src=\"https:\/\/sites.usp.br\/acolhe\/wp-content\/uploads\/sites\/169\/2019\/10\/Dia-Internacional-da-Mulher-225x300.jpg\" alt=\"\" width=\"225\" height=\"300\" srcset=\"https:\/\/sites.usp.br\/acolhe\/wp-content\/uploads\/sites\/169\/2019\/10\/Dia-Internacional-da-Mulher-225x300.jpg 225w, https:\/\/sites.usp.br\/acolhe\/wp-content\/uploads\/sites\/169\/2019\/10\/Dia-Internacional-da-Mulher-768x1024.jpg 768w, https:\/\/sites.usp.br\/acolhe\/wp-content\/uploads\/sites\/169\/2019\/10\/Dia-Internacional-da-Mulher-400x533.jpg 400w\" sizes=\"auto, (max-width: 225px) 100vw, 225px\" \/><\/a><\/h5>\n<h5 style=\"text-align: center;\"><span style=\"color: #000080;\">Setembro Amarelo &#8211; Preven\u00e7\u00e3o ao Suic\u00eddio<\/span><\/h5>\n<p><a href=\"https:\/\/sites.usp.br\/acolhe\/wp-content\/uploads\/sites\/169\/2019\/10\/cartaz-preven\u00e7\u00e3o-ao-suic\u00eddio-final.jpg\"><img loading=\"lazy\" decoding=\"async\" class=\"aligncenter size-medium wp-image-692\" src=\"https:\/\/sites.usp.br\/acolhe\/wp-content\/uploads\/sites\/169\/2019\/10\/cartaz-preven\u00e7\u00e3o-ao-suic\u00eddio-final-212x300.jpg\" alt=\"\" width=\"212\" height=\"300\" srcset=\"https:\/\/sites.usp.br\/acolhe\/wp-content\/uploads\/sites\/169\/2019\/10\/cartaz-preven\u00e7\u00e3o-ao-suic\u00eddio-final-212x300.jpg 212w, https:\/\/sites.usp.br\/acolhe\/wp-content\/uploads\/sites\/169\/2019\/10\/cartaz-preven\u00e7\u00e3o-ao-suic\u00eddio-final-768x1086.jpg 768w, https:\/\/sites.usp.br\/acolhe\/wp-content\/uploads\/sites\/169\/2019\/10\/cartaz-preven\u00e7\u00e3o-ao-suic\u00eddio-final-724x1024.jpg 724w, https:\/\/sites.usp.br\/acolhe\/wp-content\/uploads\/sites\/169\/2019\/10\/cartaz-preven\u00e7\u00e3o-ao-suic\u00eddio-final-400x566.jpg 400w\" sizes=\"auto, (max-width: 212px) 100vw, 212px\" \/><\/a><\/p>\n<p>&nbsp;<\/p>\n","protected":false},"excerpt":{"rendered":"<p>Informativos COVID-19 Cartaz Institucional Acolhe USP Dia Nacional de Combate ao Fumo Dia Internacional da Mulher Setembro Amarelo &#8211; Preven\u00e7\u00e3o ao Suic\u00eddio &nbsp;<\/p>\n","protected":false},"author":292,"featured_media":0,"parent":120,"menu_order":0,"comment_status":"closed","ping_status":"closed","template":"","meta":{"footnotes":"","_links_to":"","_links_to_target":""},"class_list":["post-185","page","type-page","status-publish","hentry"],"_links":{"self":[{"href":"https:\/\/sites.usp.br\/acolhe\/wp-json\/wp\/v2\/pages\/185","targetHints":{"allow":["GET"]}}],"collection":[{"href":"https:\/\/sites.usp.br\/acolhe\/wp-json\/wp\/v2\/pages"}],"about":[{"href":"https:\/\/sites.usp.br\/acolhe\/wp-json\/wp\/v2\/types\/page"}],"author":[{"embeddable":true,"href":"https:\/\/sites.usp.br\/acolhe\/wp-json\/wp\/v2\/users\/292"}],"replies":[{"embeddable":true,"href":"https:\/\/sites.usp.br\/acolhe\/wp-json\/wp\/v2\/comments?post=185"}],"version-history":[{"count":5,"href":"https:\/\/sites.usp.br\/acolhe\/wp-json\/wp\/v2\/pages\/185\/revisions"}],"predecessor-version":[{"id":744,"href":"https:\/\/sites.usp.br\/acolhe\/wp-json\/wp\/v2\/pages\/185\/revisions\/744"}],"up":[{"embeddable":true,"href":"https:\/\/sites.usp.br\/acolhe\/wp-json\/wp\/v2\/pages\/120"}],"wp:attachment":[{"href":"https:\/\/sites.usp.br\/acolhe\/wp-json\/wp\/v2\/media?parent=185"}],"curies":[{"name":"wp","href":"https:\/\/api.w.org\/{rel}","templated":true}]}}