{"id":267,"date":"2016-09-29T12:31:17","date_gmt":"2016-09-29T14:31:17","guid":{"rendered":"http:\/\/sites.usp.br\/acolhe\/?page_id=267"},"modified":"2016-12-23T17:33:31","modified_gmt":"2016-12-23T19:33:31","slug":"questionario-audit","status":"publish","type":"page","link":"https:\/\/sites.usp.br\/acolhe\/avalie-seu-consumo\/questionario-audit\/","title":{"rendered":"Question\u00e1rio Audit"},"content":{"rendered":"<p style=\"text-align: justify\"><strong>1. Com que frequ\u00eancia consome bebidas que cont\u00eam \u00e1lcool? [Escreva o n\u00famero que melhor corresponde \u00e0 sua situa\u00e7\u00e3o.]<\/strong><br \/>\n0 = nunca<br \/>\n1 = uma vez por m\u00eas ou menos<br \/>\n2 = duas a quatro vezes por m\u00eas<br \/>\n3 = duas a tr\u00eas vezes por semanas<br \/>\n4 = quatro ou mais vezes por semana<\/p>\n<p style=\"text-align: justify\"><strong>2. Quando bebe, quantas bebidas contendo \u00e1lcool consome num dia normal?<\/strong><br \/>\n0 = uma ou duas<br \/>\n1 = tr\u00eas ou quatro<br \/>\n2 = cinco ou seis<br \/>\n3 = de sete a nove<br \/>\n4 = dez ou mais<\/p>\n<p style=\"text-align: justify\"><strong>3. Com que frequ\u00eancia consome seis bebidas ou mais numa \u00fanica ocasi\u00e3o?<\/strong><br \/>\n0 = nunca<br \/>\n1 = menos de uma vez por m\u00eas<br \/>\n2 = pelo menos uma vez por m\u00eas<br \/>\n3 = pelo menos uma vez por semana<br \/>\n4 = diariamente ou quase diariamente<\/p>\n<p style=\"text-align: justify\"><strong>4. Nos \u00faltimos 12 meses, com que frequ\u00eancia se apercebeu de que n\u00e3o conseguia parar de beber depois de come\u00e7ar?<\/strong><br \/>\n0 = nunca<br \/>\n1 = menos de uma vez por m\u00eas<br \/>\n2 = pelo menos uma vez por m\u00eas<br \/>\n3 = pelo menos uma vez por semana<br \/>\n4 = diariamente ou quase diariamente<\/p>\n<p style=\"text-align: justify\"><strong>5. Nos \u00faltimos 12 meses, com que frequ\u00eancia n\u00e3o conseguiu cumprir as tarefas que habitualmente lhe exigem por ter bebido?<\/strong><br \/>\n0 = nunca<br \/>\n1 = menos de uma vez por m\u00eas<br \/>\n2 = pelo menos uma vez por m\u00eas<br \/>\n3 = pelo menos uma vez por semana<br \/>\n4 = diariamente ou quase diariamente<\/p>\n<p style=\"text-align: justify\"><strong>6. Nos \u00faltimos 12 meses, com que frequ\u00eancia precisou beber logo de manh\u00e3 para &#8220;curar&#8221; uma ressaca?<\/strong><br \/>\n0 = nunca<br \/>\n1 = menos de uma vez por m\u00eas<br \/>\n2 = pelo menos uma vez por m\u00eas<br \/>\n3 = pelo menos uma vez por semana<br \/>\n4 = diariamente ou quase diariamente<\/p>\n<p style=\"text-align: justify\"><strong>7. Nos \u00faltimos 12 meses, com que frequ\u00eancia teve sentimentos de culpa ou de remorsos por ter bebido?<\/strong><br \/>\n0 = nunca<br \/>\n1 = menos de uma vez por m\u00eas<br \/>\n2 = pelo menos uma vez por m\u00eas<br \/>\n3 = pelo menos uma vez por semana<br \/>\n4 = diariamente ou quase diariamente<\/p>\n<p style=\"text-align: justify\"><strong>8. Nos \u00faltimos 12 meses, com que frequ\u00eancia n\u00e3o se lembrou do que aconteceu na noite anterior por causa de ter bebido?<\/strong><br \/>\n0 = nunca<br \/>\n1 = menos de uma vez por m\u00eas<br \/>\n2 = pelo menos uma vez por m\u00eas<br \/>\n3 = pelo menos uma vez por semana<br \/>\n4 = diariamente ou quase diariamente<\/p>\n<p style=\"text-align: justify\"><strong>9. J\u00e1 alguma vez ficou ferido ou ficou algu\u00e9m ferido por voc\u00ea ter bebido?<\/strong><br \/>\n0 = n\u00e3o<br \/>\n1 = sim, mas n\u00e3o nos \u00faltimos 12 meses<br \/>\n2 = sim, aconteceu nos \u00faltimos 12 meses<\/p>\n<p style=\"text-align: justify\"><strong>10. J\u00e1 alguma vez um familiar, amigo, m\u00e9dico ou profissional de sa\u00fade manifestou preocupa\u00e7\u00e3o pelo seu consumo de \u00e1lcool ou sugeriu que deixasse de beber?<\/strong><br \/>\n0 = n\u00e3o<br \/>\n1 = sim, mas n\u00e3o nos \u00faltimos 12 meses<br \/>\n2 = sim, aconteceu nos \u00faltimos 12 meses<\/p>\n<p style=\"text-align: justify\"><strong><span style=\"text-decoration: underline\">Resultado<\/span>:<\/strong> Some o numero de cada uma de suas 10 respostas, consulte na tabela abaixo em qual intervalo num\u00e9rico seu resultado se encontra, este resultado estima o risco do seu tipo de consumo:<\/p>\n<p style=\"text-align: justify\"><span style=\"color: #00ff00\"><span style=\"text-decoration: underline\"><strong>Consumo de Baixo Risco<\/strong><\/span> &#8211;<\/span>\u00a0\u00a00 a 7\u00a0pontos<br \/>\n<span style=\"color: #99cc00\"><span style=\"text-decoration: underline\"><strong>Consumo de Risco<\/strong><\/span> &#8211;<\/span> 8 a 15 pontos<br \/>\n<span style=\"text-decoration: underline;color: #e6e60b\"><strong>Uso Nocivo ou Consumo de Alto Risco &#8211;<\/strong><\/span>\u00a015 a 19 pontos<br \/>\n<span style=\"color: #ff9900\"><span style=\"text-decoration: underline\"><strong>Poss\u00edvel Depend\u00eancia<\/strong><\/span> &#8211;<\/span> 20 ou mais pontos<br \/>\n<span style=\"color: #ff0000\"><span style=\"text-decoration: underline\"><strong>M\u00e1ximo<\/strong><\/span> &#8211;<\/span> 40 pontos<\/p>\n","protected":false},"excerpt":{"rendered":"<p>1. Com que frequ\u00eancia consome bebidas que cont\u00eam \u00e1lcool? [Escreva o n\u00famero que melhor corresponde \u00e0 sua situa\u00e7\u00e3o.] 0 = nunca 1 = uma vez por m\u00eas ou menos 2 = duas a quatro vezes por m\u00eas 3 = duas a tr\u00eas vezes por semanas 4 = quatro ou mais vezes por semana 2. Quando [&hellip;]<\/p>\n","protected":false},"author":294,"featured_media":0,"parent":142,"menu_order":0,"comment_status":"closed","ping_status":"closed","template":"","meta":{"footnotes":"","_links_to":"","_links_to_target":""},"class_list":["post-267","page","type-page","status-publish","hentry"],"_links":{"self":[{"href":"https:\/\/sites.usp.br\/acolhe\/wp-json\/wp\/v2\/pages\/267","targetHints":{"allow":["GET"]}}],"collection":[{"href":"https:\/\/sites.usp.br\/acolhe\/wp-json\/wp\/v2\/pages"}],"about":[{"href":"https:\/\/sites.usp.br\/acolhe\/wp-json\/wp\/v2\/types\/page"}],"author":[{"embeddable":true,"href":"https:\/\/sites.usp.br\/acolhe\/wp-json\/wp\/v2\/users\/294"}],"replies":[{"embeddable":true,"href":"https:\/\/sites.usp.br\/acolhe\/wp-json\/wp\/v2\/comments?post=267"}],"version-history":[{"count":6,"href":"https:\/\/sites.usp.br\/acolhe\/wp-json\/wp\/v2\/pages\/267\/revisions"}],"predecessor-version":[{"id":390,"href":"https:\/\/sites.usp.br\/acolhe\/wp-json\/wp\/v2\/pages\/267\/revisions\/390"}],"up":[{"embeddable":true,"href":"https:\/\/sites.usp.br\/acolhe\/wp-json\/wp\/v2\/pages\/142"}],"wp:attachment":[{"href":"https:\/\/sites.usp.br\/acolhe\/wp-json\/wp\/v2\/media?parent=267"}],"curies":[{"name":"wp","href":"https:\/\/api.w.org\/{rel}","templated":true}]}}