{"id":403,"date":"2016-12-23T18:22:48","date_gmt":"2016-12-23T20:22:48","guid":{"rendered":"http:\/\/sites.usp.br\/acolhe\/?page_id=403"},"modified":"2018-12-19T16:32:23","modified_gmt":"2018-12-19T18:32:23","slug":"o-que-e","status":"publish","type":"page","link":"https:\/\/sites.usp.br\/acolhe\/sobre\/o-que-e\/","title":{"rendered":"O que \u00e9?"},"content":{"rendered":"<p style=\"text-align: justify;\">O Acolhe USP &#8211; Programa de Acolhimento Relacionado ao Uso de \u00c1lcool e Outras Drogas &#8211; \u00e9 um servi\u00e7o de sa\u00fade voltado ao cuidado de membros\u00a0da Comunidade USP (alunas (os), funcion\u00e1rias (os) e docentes) com\u00a0problemas relacionados ao uso de subst\u00e2ncias psicoativas.<\/p>\n<p style=\"text-align: justify;\">O Acolhe funciona com &#8220;porta aberta&#8221;, ou seja, sua equipe multiprofissional permanece \u00e0 disposi\u00e7\u00e3o para a realiza\u00e7\u00e3o de atendimentos durante seu hor\u00e1rio de funcionamento, independentemente da realiza\u00e7\u00e3o de agendamento pr\u00e9vio. \u00c0 conveni\u00eancia da pessoa acolhida tamb\u00e9m pode ser realizado agendamento dos atendimentos atrav\u00e9s de nossos canais de comunica\u00e7\u00e3o. O\u00a0Acolhe n\u00e3o realiza atendimentos de emerg\u00eancia, sendo adequada para essas situa\u00e7\u00f5es a ida a um pronto-socorro.<\/p>\n<p style=\"text-align: justify;\">O acompanhamento de cada pessoa acolhida no servi\u00e7o \u00e9 pensado de modo singular junto a ela\u00a0a fim de que possamos oferecer os cuidados mais adequados a cada momento, buscando sempre que a pessoa acolhida\u00a0se torne\u00a0protagonista de seu tratamento.<\/p>\n<p style=\"text-align: justify;\">Tamb\u00e9m realizamos em diferentes espa\u00e7os da USP a\u00e7\u00f5es de alcance mais amplo que visam promover sa\u00fade e prevenir o desenvolvimento de problemas relacionados ao uso de \u00e1lcool e outras drogas entre nossa comunidade.<\/p>\n<p style=\"text-align: justify;\">Nossa equipe est\u00e1 sempre \u00e0 disposi\u00e7\u00e3o para o esclarecimento de d\u00favidas e para o agendamento de atendimentos, orienta\u00e7\u00f5es e participa\u00e7\u00e3o em eventos.<\/p>\n<p style=\"text-align: justify;\">\n","protected":false},"excerpt":{"rendered":"<p>O Acolhe USP &#8211; Programa de Acolhimento Relacionado ao Uso de \u00c1lcool e Outras Drogas &#8211; \u00e9 um servi\u00e7o de sa\u00fade voltado ao cuidado de membros\u00a0da Comunidade USP (alunas (os), funcion\u00e1rias (os) e docentes) com\u00a0problemas relacionados ao uso de subst\u00e2ncias psicoativas. O Acolhe funciona com &#8220;porta aberta&#8221;, ou seja, sua equipe multiprofissional permanece \u00e0 disposi\u00e7\u00e3o [&hellip;]<\/p>\n","protected":false},"author":291,"featured_media":0,"parent":354,"menu_order":0,"comment_status":"closed","ping_status":"closed","template":"","meta":{"footnotes":"","_links_to":"","_links_to_target":""},"class_list":["post-403","page","type-page","status-publish","hentry"],"_links":{"self":[{"href":"https:\/\/sites.usp.br\/acolhe\/wp-json\/wp\/v2\/pages\/403","targetHints":{"allow":["GET"]}}],"collection":[{"href":"https:\/\/sites.usp.br\/acolhe\/wp-json\/wp\/v2\/pages"}],"about":[{"href":"https:\/\/sites.usp.br\/acolhe\/wp-json\/wp\/v2\/types\/page"}],"author":[{"embeddable":true,"href":"https:\/\/sites.usp.br\/acolhe\/wp-json\/wp\/v2\/users\/291"}],"replies":[{"embeddable":true,"href":"https:\/\/sites.usp.br\/acolhe\/wp-json\/wp\/v2\/comments?post=403"}],"version-history":[{"count":4,"href":"https:\/\/sites.usp.br\/acolhe\/wp-json\/wp\/v2\/pages\/403\/revisions"}],"predecessor-version":[{"id":604,"href":"https:\/\/sites.usp.br\/acolhe\/wp-json\/wp\/v2\/pages\/403\/revisions\/604"}],"up":[{"embeddable":true,"href":"https:\/\/sites.usp.br\/acolhe\/wp-json\/wp\/v2\/pages\/354"}],"wp:attachment":[{"href":"https:\/\/sites.usp.br\/acolhe\/wp-json\/wp\/v2\/media?parent=403"}],"curies":[{"name":"wp","href":"https:\/\/api.w.org\/{rel}","templated":true}]}}