{"id":707,"date":"2019-10-30T14:34:15","date_gmt":"2019-10-30T16:34:15","guid":{"rendered":"http:\/\/sites.usp.br\/acolhe\/?page_id=707"},"modified":"2019-10-30T14:45:04","modified_gmt":"2019-10-30T16:45:04","slug":"cine-debates","status":"publish","type":"page","link":"https:\/\/sites.usp.br\/acolhe\/prevencao\/cine-debates\/","title":{"rendered":"Cine-debates"},"content":{"rendered":"<p>Utilizando recursos audiovisuais, como filmes e s\u00e9ries, o Acolhe USP traz \u00e0 tona debates variados dentro da tem\u00e1tica \u00e1lcool e outras drogas e sa\u00fade mental. O uso do recurso l\u00fadico auxilia na abordagem de tem\u00e1ticas delicadas e pouco discutidas, apesar de sua presen\u00e7a, de uma forma ou de outra, na vida de cada pessoa.<\/p>\n<p><a href=\"https:\/\/sites.usp.br\/acolhe\/wp-content\/uploads\/sites\/169\/2019\/10\/Patrick-Melrose.png\"><img loading=\"lazy\" decoding=\"async\" class=\"aligncenter wp-image-706 size-large\" src=\"https:\/\/sites.usp.br\/acolhe\/wp-content\/uploads\/sites\/169\/2019\/10\/Patrick-Melrose-1024x576.png\" alt=\"Patrick Melrose\" width=\"604\" height=\"340\" srcset=\"https:\/\/sites.usp.br\/acolhe\/wp-content\/uploads\/sites\/169\/2019\/10\/Patrick-Melrose-1024x576.png 1024w, https:\/\/sites.usp.br\/acolhe\/wp-content\/uploads\/sites\/169\/2019\/10\/Patrick-Melrose-300x169.png 300w, https:\/\/sites.usp.br\/acolhe\/wp-content\/uploads\/sites\/169\/2019\/10\/Patrick-Melrose-768x432.png 768w, https:\/\/sites.usp.br\/acolhe\/wp-content\/uploads\/sites\/169\/2019\/10\/Patrick-Melrose-310x174.png 310w, https:\/\/sites.usp.br\/acolhe\/wp-content\/uploads\/sites\/169\/2019\/10\/Patrick-Melrose-400x225.png 400w, https:\/\/sites.usp.br\/acolhe\/wp-content\/uploads\/sites\/169\/2019\/10\/Patrick-Melrose.png 1920w\" sizes=\"auto, (max-width: 604px) 100vw, 604px\" \/><\/a><\/p>\n","protected":false},"excerpt":{"rendered":"<p>Utilizando recursos audiovisuais, como filmes e s\u00e9ries, o Acolhe USP traz \u00e0 tona debates variados dentro da tem\u00e1tica \u00e1lcool e outras drogas e sa\u00fade mental. O uso do recurso l\u00fadico auxilia na abordagem de tem\u00e1ticas delicadas e pouco discutidas, apesar de sua presen\u00e7a, de uma forma ou de outra, na vida de cada pessoa.<\/p>\n","protected":false},"author":291,"featured_media":0,"parent":64,"menu_order":0,"comment_status":"closed","ping_status":"closed","template":"","meta":{"footnotes":"","_links_to":"","_links_to_target":""},"class_list":["post-707","page","type-page","status-publish","hentry"],"_links":{"self":[{"href":"https:\/\/sites.usp.br\/acolhe\/wp-json\/wp\/v2\/pages\/707","targetHints":{"allow":["GET"]}}],"collection":[{"href":"https:\/\/sites.usp.br\/acolhe\/wp-json\/wp\/v2\/pages"}],"about":[{"href":"https:\/\/sites.usp.br\/acolhe\/wp-json\/wp\/v2\/types\/page"}],"author":[{"embeddable":true,"href":"https:\/\/sites.usp.br\/acolhe\/wp-json\/wp\/v2\/users\/291"}],"replies":[{"embeddable":true,"href":"https:\/\/sites.usp.br\/acolhe\/wp-json\/wp\/v2\/comments?post=707"}],"version-history":[{"count":3,"href":"https:\/\/sites.usp.br\/acolhe\/wp-json\/wp\/v2\/pages\/707\/revisions"}],"predecessor-version":[{"id":714,"href":"https:\/\/sites.usp.br\/acolhe\/wp-json\/wp\/v2\/pages\/707\/revisions\/714"}],"up":[{"embeddable":true,"href":"https:\/\/sites.usp.br\/acolhe\/wp-json\/wp\/v2\/pages\/64"}],"wp:attachment":[{"href":"https:\/\/sites.usp.br\/acolhe\/wp-json\/wp\/v2\/media?parent=707"}],"curies":[{"name":"wp","href":"https:\/\/api.w.org\/{rel}","templated":true}]}}