{"id":1028,"date":"2016-06-29T19:44:18","date_gmt":"2016-06-29T22:44:18","guid":{"rendered":"http:\/\/sites.usp.br\/adox\/?page_id=1028"},"modified":"2023-07-19T17:05:15","modified_gmt":"2023-07-19T20:05:15","slug":"historia","status":"publish","type":"page","link":"https:\/\/sites.usp.br\/adox\/principal\/historia\/","title":{"rendered":"Hist\u00f3ria"},"content":{"rendered":"<p style=\"margin-top: 0cm; text-align: justify; text-indent: 0pt; line-height: 120%;\"><span style=\"font-size: 11.5pt; line-height: 120%; font-family: 'Trebuchet MS',sans-serif; color: #333333;\">Criado em 1982 pelo Prof. Dr. Cl\u00e1udio Augusto Oller do Nascimento, inicialmente como Laborat\u00f3rio de Simula\u00e7\u00e3o e Controle de Processos (LSCP), o Centro de Engenharia de Sistemas Qu\u00edmicos do Departamento de Engenharia Qu\u00edmica da Escola Polit\u00e9cnica da USP (CESQ\/PQI-EPUSP) tem-se dedicado \u00e0 modelagem, simula\u00e7\u00e3o, otimiza\u00e7\u00e3o e controle de processos qu\u00edmicos. O CESQ\/PQI-EPUSP caracteriza-se pela diversifica\u00e7\u00e3o e atualiza\u00e7\u00e3o permanente de suas linhas de pesquisa.<\/span><\/p>\n<p style=\"margin-top: 0cm; text-align: justify; text-indent: 0pt; line-height: 120%;\"><span style=\"font-size: 11.5pt; line-height: 120%; font-family: 'Trebuchet MS',sans-serif; color: #333333;\">A pesquisa em Processos Oxidativos Avan\u00e7ados (POA) no CESQ\/PQI-EPUSP teve in\u00edcio h\u00e1 cerca de quinze anos, inicialmente com o projeto coordenado pelo Prof. Dr. Roberto Guardani, intitulado \u201cEstudo de Processos Fotoqu\u00edmicos para Degrada\u00e7\u00e3o de Efluentes Industriais Org\u00e2nicos\u201d (Projeto FAPESP 98\/12888-4) e em seguida com o Projeto Tem\u00e1tico coordenado pelo Prof. Nascimento, intitulado \u201cChemical System Engineering\u201d (Projeto FAPESP 01\/06657-4). Destaca-se nessa \u00e9poca a intensa colabora\u00e7\u00e3o com os grupos de pesquisa liderados pelo Prof. Andr\u00e9 Braun (Universidade de Karlsruhe, Alemanha), Prof. Frank H. Quina (IQ-USP) e Prof. Osvaldo Chiavone Filho (UFRN) A quest\u00e3o ambiental teve sempre relev\u00e2ncia entre os temas de pesquisa do CESQ\/PQI-EPUSP, como indica a cria\u00e7\u00e3o, em 2006, do CEPEMA (Centro de Capacita\u00e7\u00e3o e Pesquisa em Meio Ambiente) pelo Prof. Nascimento, em Cubat\u00e3o (SP). A consolida\u00e7\u00e3o da pesquisa em POA nos anos seguintes deu-se atrav\u00e9s dos projetos coordenados pelo Prof. Dr. Antonio Carlos Silva Costa Teixeira, \u201cEngenharia de Processos Oxidativos Avan\u00e7ados Fotoqu\u00edmicos Aplicados ao Tratamento de Efluentes\u201d (FAPESP 06\/52751-6) e \u201cDesenvolvimento de Processos Solares H\u00edbridos para Tratamento de Efluentes Industriais\u201d (CNPq 475904\/2006-0 Universal) e de projetos liderados pelo Prof. Nascimento, entre os quais \u201cInstituto Nacional de Estudos do Meio Ambiente-INCT CEPEMA-USP\u201d (FAPESP 2008\/57708-7 e CNPq 703905\/2009) e \u201cCEPEMA-Centro Cooperativo em Engenharia Ambiental\u201d (Projeto Tem\u00e1tico FAPESP 2013\/50218-2).<\/span><\/p>\n<p style=\"margin-top: 0cm; text-align: justify; text-indent: 0pt; line-height: 120%;\"><span style=\"font-size: 11.5pt; line-height: 120%; font-family: 'Trebuchet MS',sans-serif; color: #333333;\">Nesse contexto, o Grupo AdOx do CESQ\/PQI-EPUSP vem diversificando suas atividades e avan\u00e7ando na pesquisa em POA, mantendo coopera\u00e7\u00e3o recente com institui\u00e7\u00f5es nacionais e internacionais, entre as quais:<span class=\"apple-converted-space\">\u00a0<\/span><em><span style=\"font-family: 'Trebuchet MS',sans-serif;\">Departamento de Ingenier\u00eda Textil y Papelera, Universitat Polit\u00e8cnica de Val\u00e8ncia<\/span><\/em><span class=\"apple-converted-space\">\u00a0<\/span>(Prof. Antonio Arques, Espanha);<span class=\"apple-converted-space\">\u00a0<\/span><em><span style=\"font-family: 'Trebuchet MS',sans-serif;\">Civil, Environmental and Architectural Engineering Department, University of Colorado<\/span><\/em><span class=\"apple-converted-space\">\u00a0<\/span>(Prof. Fernando Rosario Ortiz, EUA);<span class=\"apple-converted-space\">\u00a0<\/span><em><span style=\"font-family: 'Trebuchet MS',sans-serif;\">Department of Civil and Environmental Engineering, University of California<\/span><\/em><span class=\"apple-converted-space\">\u00a0<\/span>(Prof. William Cooper, EUA);<span class=\"apple-converted-space\">\u00a0<\/span><em><span style=\"font-family: 'Trebuchet MS',sans-serif;\">Departamento de Ingenier\u00eda Qu\u00edmica Y Qu\u00edmica F\u00edsica, Universidad de Extremadura<\/span><\/em><span class=\"apple-converted-space\">\u00a0<\/span>(Prof. Fernando Beltr\u00e1n, Espanha);<span class=\"apple-converted-space\">\u00a0<\/span><em><span style=\"font-family: 'Trebuchet MS',sans-serif;\">Laborat\u00f3rio de Ensaios Biol\u00f3gicos Ambientais, Instituto de Pesquisas Energ\u00e9ticas e Nucleares<\/span><\/em><span class=\"apple-converted-space\">\u00a0<\/span>(Profa. Sueli I. Borrely, Brasil);<span class=\"apple-converted-space\">\u00a0<\/span><em><span style=\"font-family: 'Trebuchet MS',sans-serif;\">Centro Internacional de Refer\u00eancia em Re\u00faso de \u00c1gua<\/span><\/em>,<span class=\"apple-converted-space\">\u00a0<\/span><em><span style=\"font-family: 'Trebuchet MS',sans-serif;\">Departamento de Engenharia Ambiental da EPUSP<\/span><\/em><span class=\"apple-converted-space\">\u00a0<\/span>(Prof. Jos\u00e9 Carlos Mierzwa, Brasil);<span class=\"apple-converted-space\">\u00a0<\/span><em><span style=\"font-family: 'Trebuchet MS',sans-serif;\">Universidad de Ingenier\u00eda y Tecnolog\u00eda<\/span><\/em><span class=\"apple-converted-space\">\u00a0<\/span>(Profa. Patricia A. Pantoja, Peru);<span class=\"apple-converted-space\">\u00a0<\/span><em><span style=\"font-family: 'Trebuchet MS',sans-serif;\">Universidade Federal do ABC<\/span><\/em><span class=\"apple-converted-space\">\u00a0<\/span>(Prof. Sergio Brochsztain);<span class=\"apple-converted-space\">\u00a0<\/span><em><span style=\"font-family: 'Trebuchet MS',sans-serif;\">Departamento de Materiais Dent\u00e1rios, Faculdade de Odontologia da USP<\/span><\/em><span class=\"apple-converted-space\">\u00a0<\/span>(Prof. Paulo E. Capel Cardoso).<\/span><\/p>","protected":false},"excerpt":{"rendered":"<p>Criado em 1982 pelo Prof. Dr. Cl\u00e1udio Augusto Oller do Nascimento, inicialmente como Laborat\u00f3rio de [&hellip;]<\/p>\n","protected":false},"author":202,"featured_media":0,"parent":334,"menu_order":0,"comment_status":"closed","ping_status":"closed","template":"","meta":{"footnotes":"","_links_to":"","_links_to_target":""},"class_list":["post-1028","page","type-page","status-publish","hentry"],"_links":{"self":[{"href":"https:\/\/sites.usp.br\/adox\/wp-json\/wp\/v2\/pages\/1028","targetHints":{"allow":["GET"]}}],"collection":[{"href":"https:\/\/sites.usp.br\/adox\/wp-json\/wp\/v2\/pages"}],"about":[{"href":"https:\/\/sites.usp.br\/adox\/wp-json\/wp\/v2\/types\/page"}],"author":[{"embeddable":true,"href":"https:\/\/sites.usp.br\/adox\/wp-json\/wp\/v2\/users\/202"}],"replies":[{"embeddable":true,"href":"https:\/\/sites.usp.br\/adox\/wp-json\/wp\/v2\/comments?post=1028"}],"version-history":[{"count":5,"href":"https:\/\/sites.usp.br\/adox\/wp-json\/wp\/v2\/pages\/1028\/revisions"}],"predecessor-version":[{"id":4720,"href":"https:\/\/sites.usp.br\/adox\/wp-json\/wp\/v2\/pages\/1028\/revisions\/4720"}],"up":[{"embeddable":true,"href":"https:\/\/sites.usp.br\/adox\/wp-json\/wp\/v2\/pages\/334"}],"wp:attachment":[{"href":"https:\/\/sites.usp.br\/adox\/wp-json\/wp\/v2\/media?parent=1028"}],"curies":[{"name":"wp","href":"https:\/\/api.w.org\/{rel}","templated":true}]}}