{"id":317,"date":"2021-01-23T16:17:52","date_gmt":"2021-01-23T19:17:52","guid":{"rendered":"https:\/\/sites.usp.br\/agir\/?page_id=317"},"modified":"2021-01-23T16:22:04","modified_gmt":"2021-01-23T19:22:04","slug":"resultados-esperados","status":"publish","type":"page","link":"https:\/\/sites.usp.br\/agir\/resultados-esperados\/","title":{"rendered":"Resultados Esperados"},"content":{"rendered":"<ul>\n<li>Gerar evid\u00eancias cient\u00edficas que possam ser transladadas \u00e0 pr\u00e1tica nos diferentes servi\u00e7os que comp\u00f5em o Sistema \u00danico de Sa\u00fade (SUS);<\/li>\n<\/ul>\n<p>&nbsp;<\/p>\n<ul>\n<li>Mitigar a contamina\u00e7\u00e3o dos profissionais de sa\u00fade;<\/li>\n<\/ul>\n<p>&nbsp;<\/p>\n<ul>\n<li>Fornecer indicadores para a gest\u00e3o de recursos humanos, para o enfrentamento da atual e de futuras emerg\u00eancias sanit\u00e1rias e oferecer maior seguran\u00e7a na assist\u00eancia prestada aos pacientes;<\/li>\n<\/ul>\n<p>&nbsp;<\/p>\n<ul>\n<li style=\"text-align: justify;\">Subsidiar a formula\u00e7\u00e3o de estrat\u00e9gias de a\u00e7\u00f5es preventivas e corretivas para os servi\u00e7os de sa\u00fade do SUS, no que se refere ao aprimoramento da aten\u00e7\u00e3o \u00e0 sa\u00fade e vigil\u00e2ncia da COVID-19 ou eventual pandemia viral futura, contribuindo para a tomada de decis\u00e3o e, tamb\u00e9m, para a gest\u00e3o em sa\u00fade, em congru\u00eancia com as diretrizes do Minist\u00e9rio da Sa\u00fade e SGTES.<\/li>\n<\/ul>\n","protected":false},"excerpt":{"rendered":"<p>Gerar evid\u00eancias cient\u00edficas que possam ser transladadas \u00e0 pr\u00e1tica nos diferentes servi\u00e7os que comp\u00f5em o [&hellip;]<\/p>\n","protected":false},"author":22262,"featured_media":0,"parent":0,"menu_order":0,"comment_status":"closed","ping_status":"closed","template":"","meta":{"footnotes":"","_links_to":"","_links_to_target":""},"class_list":["post-317","page","type-page","status-publish","hentry"],"_links":{"self":[{"href":"https:\/\/sites.usp.br\/agir\/wp-json\/wp\/v2\/pages\/317","targetHints":{"allow":["GET"]}}],"collection":[{"href":"https:\/\/sites.usp.br\/agir\/wp-json\/wp\/v2\/pages"}],"about":[{"href":"https:\/\/sites.usp.br\/agir\/wp-json\/wp\/v2\/types\/page"}],"author":[{"embeddable":true,"href":"https:\/\/sites.usp.br\/agir\/wp-json\/wp\/v2\/users\/22262"}],"replies":[{"embeddable":true,"href":"https:\/\/sites.usp.br\/agir\/wp-json\/wp\/v2\/comments?post=317"}],"version-history":[{"count":4,"href":"https:\/\/sites.usp.br\/agir\/wp-json\/wp\/v2\/pages\/317\/revisions"}],"predecessor-version":[{"id":322,"href":"https:\/\/sites.usp.br\/agir\/wp-json\/wp\/v2\/pages\/317\/revisions\/322"}],"wp:attachment":[{"href":"https:\/\/sites.usp.br\/agir\/wp-json\/wp\/v2\/media?parent=317"}],"curies":[{"name":"wp","href":"https:\/\/api.w.org\/{rel}","templated":true}]}}