{"id":1892,"date":"2025-02-14T17:36:10","date_gmt":"2025-02-14T20:36:10","guid":{"rendered":"https:\/\/sites.usp.br\/agorasouifusp\/?page_id=1892"},"modified":"2026-02-26T17:46:01","modified_gmt":"2026-02-26T20:46:01","slug":"manuais","status":"publish","type":"page","link":"https:\/\/sites.usp.br\/agorasouifusp\/manuais\/","title":{"rendered":"Manuais"},"content":{"rendered":"<h3>Manual USP<\/h3>\n<p>Esse material \u00e9 organizado pela Universidade, atualizado e disponibilizado a cada ano para TODOS os ingressantes. Se voc\u00ea ainda n\u00e3o acessou, trata-se de um \u00f3timo lugar pra come\u00e7ar.<\/p>\n<ul>\n<li><a href=\"https:\/\/jornal.usp.br\/universidade\/manual-do-calouro-apresenta-a-usp-aos-novos-ingressantes\/\">Acesse AQUI.<\/a><\/li>\n<\/ul>\n<h3>Manual IFUSP<\/h3>\n<p>Esse Manual \u00e9 organizado por <strong>estudantes<\/strong> do <strong>Instituto de F\u00edsica<\/strong> e traz, al\u00e9m de informa\u00e7\u00f5es gerais sobre a Universidade, algumas &#8220;dicas locais&#8221; que podem ser \u00fateis.<\/p>\n<p>Por exemplo, vale a pena circular sabendo onde \u00e9 o &#8220;Morro da Coruja&#8221; ou o que s\u00e3o os &#8220;Cookies da F\u00edsica&#8221;. O IF \u00e9 parte da USP, mas \u00e9 tamb\u00e9m todo um universo em si mesmo. Aproveite!<\/p>\n<ul>\n<li><a href=\"http:\/\/sites.usp.br\/agorasouifusp\/wp-content\/uploads\/sites\/334\/2026\/02\/Manual-Digital_2026.pdf\">Acesse AQUI<\/a><\/li>\n<\/ul>\n","protected":false},"excerpt":{"rendered":"<p>Manual USP Esse material \u00e9 organizado pela Universidade, atualizado e disponibilizado a cada ano para TODOS os ingressantes. Se voc\u00ea ainda n\u00e3o acessou, trata-se de um \u00f3timo lugar pra come\u00e7ar. Acesse AQUI. Manual IFUSP Esse Manual \u00e9 organizado por estudantes do Instituto de F\u00edsica e traz, al\u00e9m de informa\u00e7\u00f5es gerais sobre a Universidade, algumas &#8220;dicas<a href=\"https:\/\/sites.usp.br\/agorasouifusp\/manuais\/\">[&#8230;]<\/a><\/p>\n","protected":false},"author":778,"featured_media":0,"parent":0,"menu_order":0,"comment_status":"closed","ping_status":"closed","template":"","meta":{"footnotes":"","_links_to":"","_links_to_target":""},"class_list":["post-1892","page","type-page","status-publish","hentry"],"_links":{"self":[{"href":"https:\/\/sites.usp.br\/agorasouifusp\/wp-json\/wp\/v2\/pages\/1892","targetHints":{"allow":["GET"]}}],"collection":[{"href":"https:\/\/sites.usp.br\/agorasouifusp\/wp-json\/wp\/v2\/pages"}],"about":[{"href":"https:\/\/sites.usp.br\/agorasouifusp\/wp-json\/wp\/v2\/types\/page"}],"author":[{"embeddable":true,"href":"https:\/\/sites.usp.br\/agorasouifusp\/wp-json\/wp\/v2\/users\/778"}],"replies":[{"embeddable":true,"href":"https:\/\/sites.usp.br\/agorasouifusp\/wp-json\/wp\/v2\/comments?post=1892"}],"version-history":[{"count":4,"href":"https:\/\/sites.usp.br\/agorasouifusp\/wp-json\/wp\/v2\/pages\/1892\/revisions"}],"predecessor-version":[{"id":1923,"href":"https:\/\/sites.usp.br\/agorasouifusp\/wp-json\/wp\/v2\/pages\/1892\/revisions\/1923"}],"wp:attachment":[{"href":"https:\/\/sites.usp.br\/agorasouifusp\/wp-json\/wp\/v2\/media?parent=1892"}],"curies":[{"name":"wp","href":"https:\/\/api.w.org\/{rel}","templated":true}]}}