{"id":408,"date":"2017-12-14T11:24:57","date_gmt":"2017-12-14T13:24:57","guid":{"rendered":"http:\/\/sites.usp.br\/agorasouifusp\/?page_id=408"},"modified":"2026-01-29T17:39:34","modified_gmt":"2026-01-29T20:39:34","slug":"o-ifusp","status":"publish","type":"page","link":"https:\/\/sites.usp.br\/agorasouifusp\/o-ifusp\/","title":{"rendered":"O IFUSP"},"content":{"rendered":"<p style=\"text-align: left;\"><a href=\"http:\/\/sites.usp.br\/agorasouifusp\/wp-content\/uploads\/sites\/334\/2017\/12\/rsz_fotoandrea-1024x681.jpg\"><img loading=\"lazy\" decoding=\"async\" class=\" wp-image-540 aligncenter\" src=\"http:\/\/sites.usp.br\/agorasouifusp\/wp-content\/uploads\/sites\/334\/2017\/12\/rsz_fotoandrea-1024x681.jpg\" alt=\"\" width=\"929\" height=\"618\" srcset=\"https:\/\/sites.usp.br\/agorasouifusp\/wp-content\/uploads\/sites\/334\/2017\/12\/rsz_fotoandrea-1024x681.jpg 1024w, https:\/\/sites.usp.br\/agorasouifusp\/wp-content\/uploads\/sites\/334\/2017\/12\/rsz_fotoandrea-1024x681-300x200.jpg 300w, https:\/\/sites.usp.br\/agorasouifusp\/wp-content\/uploads\/sites\/334\/2017\/12\/rsz_fotoandrea-1024x681-768x511.jpg 768w, https:\/\/sites.usp.br\/agorasouifusp\/wp-content\/uploads\/sites\/334\/2017\/12\/rsz_fotoandrea-1024x681-750x500.jpg 750w, https:\/\/sites.usp.br\/agorasouifusp\/wp-content\/uploads\/sites\/334\/2017\/12\/rsz_fotoandrea-1024x681-400x266.jpg 400w\" sizes=\"auto, (max-width: 929px) 100vw, 929px\" \/><\/a><\/p>\n<h3 style=\"text-align: center;\">Legal! Agora Sou IFUSP. Mas&#8230; Quem\u00a0\u00e9 o IFUSP?<\/h3>\n<p style=\"text-align: left;\">Somos:<\/p>\n<ul>\n<li style=\"text-align: left;\">cerca de 120 docentes<\/li>\n<li style=\"text-align: left;\">mais de 250 funcion\u00e1rios t\u00e9cnicos ou administrativos<\/li>\n<li style=\"text-align: left;\">mais de 1000 alunos de gradua\u00e7\u00e3o<\/li>\n<li style=\"text-align: left;\">cerca de 500 p\u00f3s-graduandos em F\u00edsica ou Ensino de Ci\u00eancias<\/li>\n<li style=\"text-align: left;\">28 pr\u00e9dios (!) com salas de aulas e de professores, laborat\u00f3rios de pesquisa e ensino, secretarias, oficinas mec\u00e2nicas, eletr\u00f4nicas, de v\u00e1cuo&#8230;<\/li>\n<\/ul>\n<p>E uma diversa comunidade: p\u00f3s-docs do mundo todo, pesquisadores visitantes, estudantes fazendo optativas, um bandej\u00e3o bem no nosso quintal, o morro da coruja (com o p\u00f4r-do-sol mais incr\u00edvel do campus!), os famosos <em>cookies<\/em> pra ado\u00e7ar qualquer dia dif\u00edcil, mesinhas da lanchonete para dar uma pausa no estudo (ou um g\u00e1s!), todas as <a href=\"http:\/\/sites.usp.br\/agorasouifusp\/organizacao-estudantil\/\">entidades do IF<\/a> e agora&#8230; VOC\u00ca =)<\/p>\n<p>O IF foi criado em 1970 (quando houve uma ampla reforma universit\u00e1ria na USP), a partir dos Departamentos de F\u00edsica da ent\u00e3o <em>Faculdade de Filosofia, Ci\u00eancias e Letras<\/em> e da <em>Escola Polit\u00e9cnica. <\/em>A ideia era reunir, em um mesmo instituto, todas as atividades relativas \u00e0 f\u00edsica na universidade. Desde sua cria\u00e7\u00e3o e ao longo de sua hist\u00f3ria, o IF cresceu mantendo-se atuante na gera\u00e7\u00e3o de conhecimento de fronteira nas ci\u00eancias f\u00edsicas.<\/p>\n<p style=\"text-align: left;\">Em 2018, o IF atualizou sua Miss\u00e3o, Vis\u00e3o e Valores institucionais, a fim de se manter alinhado com seus objetivos e sua raz\u00e3o de ser.<\/p>\n<ul>\n<li><b><strong style=\"font-style: inherit;\">Miss\u00e3o:\u00a0<\/strong><\/b>Promover, de forma integrada, a gera\u00e7\u00e3o de conhecimento, a forma\u00e7\u00e3o de pessoal qualificado e a extens\u00e3o de servi\u00e7os \u00e0 sociedade, nas ci\u00eancias f\u00edsicas, em suas ramifica\u00e7\u00f5es e aplica\u00e7\u00f5es.<\/li>\n<li><b><strong style=\"font-style: inherit;\">Vis\u00e3o:\u00a0<\/strong><\/b>Ser uma institui\u00e7\u00e3o de ensino e pesquisa reconhecida nacional e internacionalmente pela qualidade e relev\u00e2ncia do conhecimento que gera e pela excel\u00eancia na forma\u00e7\u00e3o de profissionais e l\u00edderes.<\/li>\n<li><b><strong style=\"font-style: inherit;\">Valores:\u00a0<\/strong><\/b>O Instituto de F\u00edsica deve realizar suas atividades com respeito a princ\u00edpios \u00e9ticos no ensino, na pesquisa, nas rela\u00e7\u00f5es interpessoais e na gest\u00e3o dos bens p\u00fablicos e do ambiente. Esses princ\u00edpios incluem: respeito, integridade, excel\u00eancia, transpar\u00eancia, liberdade de pensamento e de express\u00e3o, pensamento cr\u00edtico, esp\u00edrito colaborativo e dedica\u00e7\u00e3o.<\/li>\n<\/ul>\n<p>Conhe\u00e7a agora nossa equipe diretiva, que ser\u00e1 a respons\u00e1vel pelos rumos do Instituto em seu in\u00edcio por aqui.<\/p>\n<h3 style=\"font-weight: 600;\"><strong>Expediente<\/strong><\/h3>\n<ul>\n<li><strong>Diretora:<\/strong> Prof\u00aa Kaline Rabelo Coutinho<\/li>\n<li><strong>Vice-Diretor:<\/strong> Prof. Cristiano Lu\u00eds Pinto de Oliveira<\/li>\n<li><strong>Presidente da Comiss\u00e3o de Gradua\u00e7\u00e3o:<\/strong> Prof. Oscar Jos\u00e9 Pinto \u00c9boli<\/li>\n<li><strong>Presidente da Comiss\u00e3o de Pesquisa e Inova\u00e7\u00e3o:<\/strong> Prof. Valdir Guimar\u00e3es<\/li>\n<li><strong>Presidente da Comiss\u00e3o de Cultura e Extens\u00e3o:<\/strong> Prof. Daniel Cornejo<\/li>\n<li><strong>Presidente da Comiss\u00e3o de Inclus\u00e3o e Pertencimento:<\/strong> Prof. Jos\u00e9 Fernando D. Chubaci<\/li>\n<\/ul>\n<h3>Comiss\u00f5es Coordenadoras de Cursos (CoCs):<\/h3>\n<ul>\n<li><strong>Coord. do Bacharelado:<\/strong> Prof. Alexandre L. Correia<\/li>\n<li><strong>Coord. da Licenciatura:<\/strong> Prof. Andr\u00e9 M. Rodrigues<\/li>\n<li><strong>Coord. do Bacharelado em F\u00edsica M\u00e9dica:<\/strong> Prof\u00aa Elisabeth M. Yoshimura<\/li>\n<\/ul>\n<h3>Equipe de apoio<\/h3>\n<ul>\n<li><strong>Secretaria de Gradua\u00e7\u00e3o<\/strong>: Jean Paulo Yokoyama, Maria Izabel Albarracin e Sandraly Machado.<\/li>\n<li><strong>Se\u00e7\u00e3o de Alunos<\/strong>: Alexandre P. Miquelino, Cec\u00edlia Bodo, K\u00e1tia Nobre (chefe da equipe) (<em>chefe da equipe<\/em>).<\/li>\n<li><strong>Assistente para Assuntos Acad\u00eamicos<\/strong>: Madalena Zeitum<\/li>\n<li><strong>Semana de Recep\u00e7\u00e3o aos Calouros 2026<\/strong>: Prof. Alexandre Suaide (coord.) e Maria Izabel Albarracin.<\/li>\n<li style=\"text-align: left;\"><strong>Comunica\u00e7\u00e3o e M\u00eddias: <\/strong>Malu Tippi<\/li>\n<li><strong>Acolhimento IFUSP:<\/strong> Prof\u00aa M\u00e1rcia Rizzutto, Ana Laura Batista e Andreza Buzaid (psic\u00f3logas).<\/li>\n<\/ul>\n<p style=\"text-align: center;\"><em>Conte conosco para o que precisar. Esperamos que sua passagem pelo IFUSP seja significativa e enriquecedora!<\/em><\/p>\n","protected":false},"excerpt":{"rendered":"<p>Legal! Agora Sou IFUSP. Mas&#8230; Quem\u00a0\u00e9 o IFUSP? Somos: cerca de 120 docentes mais de 250 funcion\u00e1rios t\u00e9cnicos ou administrativos mais de 1000 alunos de gradua\u00e7\u00e3o cerca de 500 p\u00f3s-graduandos em F\u00edsica ou Ensino de Ci\u00eancias 28 pr\u00e9dios (!) com salas de aulas e de professores, laborat\u00f3rios de pesquisa e ensino, secretarias, oficinas mec\u00e2nicas, eletr\u00f4nicas,<a href=\"https:\/\/sites.usp.br\/agorasouifusp\/o-ifusp\/\">[&#8230;]<\/a><\/p>\n","protected":false},"author":607,"featured_media":0,"parent":0,"menu_order":0,"comment_status":"closed","ping_status":"closed","template":"template-fullwidth.php","meta":{"footnotes":"","_links_to":"","_links_to_target":""},"class_list":["post-408","page","type-page","status-publish","hentry"],"_links":{"self":[{"href":"https:\/\/sites.usp.br\/agorasouifusp\/wp-json\/wp\/v2\/pages\/408","targetHints":{"allow":["GET"]}}],"collection":[{"href":"https:\/\/sites.usp.br\/agorasouifusp\/wp-json\/wp\/v2\/pages"}],"about":[{"href":"https:\/\/sites.usp.br\/agorasouifusp\/wp-json\/wp\/v2\/types\/page"}],"author":[{"embeddable":true,"href":"https:\/\/sites.usp.br\/agorasouifusp\/wp-json\/wp\/v2\/users\/607"}],"replies":[{"embeddable":true,"href":"https:\/\/sites.usp.br\/agorasouifusp\/wp-json\/wp\/v2\/comments?post=408"}],"version-history":[{"count":6,"href":"https:\/\/sites.usp.br\/agorasouifusp\/wp-json\/wp\/v2\/pages\/408\/revisions"}],"predecessor-version":[{"id":1911,"href":"https:\/\/sites.usp.br\/agorasouifusp\/wp-json\/wp\/v2\/pages\/408\/revisions\/1911"}],"wp:attachment":[{"href":"https:\/\/sites.usp.br\/agorasouifusp\/wp-json\/wp\/v2\/media?parent=408"}],"curies":[{"name":"wp","href":"https:\/\/api.w.org\/{rel}","templated":true}]}}