{"id":813,"date":"2018-03-20T10:02:12","date_gmt":"2018-03-20T13:02:12","guid":{"rendered":"http:\/\/sites.usp.br\/agorasouifusp\/?page_id=813"},"modified":"2019-01-03T18:04:45","modified_gmt":"2019-01-03T20:04:45","slug":"recursos-da-internet","status":"publish","type":"page","link":"https:\/\/sites.usp.br\/agorasouifusp\/recursos-da-internet\/","title":{"rendered":"Recursos da Internet 2018"},"content":{"rendered":"<header class=\"entry-header\">Confira alguns recursos da internet que voc\u00ea pode utilizar para estudar!<\/p>\n<h3 class=\"entry-title\">Moodle do Stoa<\/h3>\n<\/header>\n<div class=\"entry-content\">\n<p>O Stoa (<a href=\"http:\/\/stoa.usp.br\/portal\/index.html\">http:\/\/stoa.usp.br\/portal\/index.html<\/a>) \u00e9 um ambiente virtual que compreende uma rede social e um \u201cAmbiente Virtual de Aprendizagem\u201d, o Moodle do Stoa. Cadastre-se o quanto antes no Moodle\/Stoa para se manter atualizado nas suas disciplinas e participar dos f\u00f3runs de apoio. Nem todos os professores usam o Moodle\/Stoa. Nesses casos, recomendamos usar o velho e seguro e-mail para se comunicar com eles. Os e-mails de seus professores est\u00e3o na p\u00e1gina do IFUSP (<a href=\"http:\/\/portal.if.usp.br\/ifusp\/usuarios\/docentes\">http:\/\/portal.if.usp.br\/ifusp\/usuarios\/docentes<\/a>). Note bem: o J\u00fapiter e o Moodle\/Stoa s\u00e3o dois ambientes independentes. Enquanto o Moodle \u00e9 seu ambiente virtual de aprendizagem, o J\u00fapiter \u00e9 o \u00fanico ambiente de gest\u00e3o oficial de suas matr\u00edculas e notas.<\/p>\n<header class=\"entry-header\">\n<h3 class=\"entry-title\">Canal USP<\/h3>\n<\/header>\n<div class=\"entry-content\">\n<p>O Canal USP ajuda voc\u00ea a encontrar com a USP mais escondida \u2013 da ci\u00eancia dos laborat\u00f3rios \u00e0s salas de aulas. Nele, h\u00e1 aulas, reportagens sobre ci\u00eancia e grava\u00e7\u00f5es exclusivas de semin\u00e1rios, mesas redondas e debates que tornam a USP a melhor do pa\u00eds.<\/p>\n<p>Confira!<\/p>\n<p><iframe loading=\"lazy\" title=\"Veja no Canal USP a USP que voc\u00ea n\u00e3o v\u00ea!\" width=\"640\" height=\"360\" src=\"https:\/\/www.youtube.com\/embed\/anmqf_I0Mv0?feature=oembed\" frameborder=\"0\" allow=\"accelerometer; autoplay; clipboard-write; encrypted-media; gyroscope; picture-in-picture; web-share\" referrerpolicy=\"strict-origin-when-cross-origin\" allowfullscreen><\/iframe><\/p>\n<\/div>\n<\/div>\n","protected":false},"excerpt":{"rendered":"<p>Confira alguns recursos da internet que voc\u00ea pode utilizar para estudar! Moodle do Stoa O Stoa (http:\/\/stoa.usp.br\/portal\/index.html) \u00e9 um ambiente virtual que compreende uma rede social e um \u201cAmbiente Virtual de Aprendizagem\u201d, o Moodle do Stoa. Cadastre-se o quanto antes no Moodle\/Stoa para se manter atualizado nas suas disciplinas e participar dos f\u00f3runs de apoio.<a href=\"https:\/\/sites.usp.br\/agorasouifusp\/recursos-da-internet\/\">[&#8230;]<\/a><\/p>\n","protected":false},"author":607,"featured_media":0,"parent":0,"menu_order":0,"comment_status":"closed","ping_status":"closed","template":"","meta":{"footnotes":"","_links_to":"","_links_to_target":""},"class_list":["post-813","page","type-page","status-publish","hentry"],"_links":{"self":[{"href":"https:\/\/sites.usp.br\/agorasouifusp\/wp-json\/wp\/v2\/pages\/813","targetHints":{"allow":["GET"]}}],"collection":[{"href":"https:\/\/sites.usp.br\/agorasouifusp\/wp-json\/wp\/v2\/pages"}],"about":[{"href":"https:\/\/sites.usp.br\/agorasouifusp\/wp-json\/wp\/v2\/types\/page"}],"author":[{"embeddable":true,"href":"https:\/\/sites.usp.br\/agorasouifusp\/wp-json\/wp\/v2\/users\/607"}],"replies":[{"embeddable":true,"href":"https:\/\/sites.usp.br\/agorasouifusp\/wp-json\/wp\/v2\/comments?post=813"}],"version-history":[{"count":4,"href":"https:\/\/sites.usp.br\/agorasouifusp\/wp-json\/wp\/v2\/pages\/813\/revisions"}],"predecessor-version":[{"id":994,"href":"https:\/\/sites.usp.br\/agorasouifusp\/wp-json\/wp\/v2\/pages\/813\/revisions\/994"}],"wp:attachment":[{"href":"https:\/\/sites.usp.br\/agorasouifusp\/wp-json\/wp\/v2\/media?parent=813"}],"curies":[{"name":"wp","href":"https:\/\/api.w.org\/{rel}","templated":true}]}}