{"id":1434,"date":"2015-11-17T11:14:31","date_gmt":"2015-11-17T13:14:31","guid":{"rendered":"http:\/\/sites.usp.br\/arquivogeral\/?page_id=1434"},"modified":"2019-10-09T15:36:56","modified_gmt":"2019-10-09T18:36:56","slug":"palestras-ag","status":"publish","type":"page","link":"https:\/\/sites.usp.br\/arquivogeral\/palestras-ag\/","title":{"rendered":"Palestras"},"content":{"rendered":"<p><strong>Palestras no AG:<\/strong><\/p>\n<p><strong>2019:<\/strong><\/p>\n<p>05\/11:\u00a0<a href=\"http:\/\/sites.usp.br\/arquivogeral\/?p=5077\">Arquivos permanentes: desafios para classifica\u00e7\u00e3o e difus\u00e3o<\/a><\/p>\n<p>11\/09: <a href=\"http:\/\/sites.usp.br\/arquivogeral\/?p=5051\">Gest\u00e3o Contempor\u00e2nea de Arquivos e Centros de Mem\u00f3ria<\/a><\/p>\n<p>18\/06: <a href=\"https:\/\/sites.usp.br\/arquivogeral\/?p=4987\">Arquivos e bibliotecas: a quem interessa o sil\u00eancio<\/a><\/p>\n<p>29\/03:\u00a0<a href=\"http:\/\/sites.usp.br\/arquivogeral\/?p=4944\">Arquivos de artistas e a gest\u00e3o de acervos de interesse p\u00fablico<\/a><\/p>\n<p><strong>2018:<\/strong><\/p>\n<p>30\/10:\u00a0<a href=\"http:\/\/sites.usp.br\/arquivogeral\/?p=4881\">Arquivo Comit\u00ea de Defesa dos Direitos Humanos para os Pa\u00edses do Cone Sul: preserva\u00e7\u00e3o para acesso e pesquisa<\/a><\/p>\n<p>30\/08: <a href=\"http:\/\/sites.usp.br\/arquivogeral\/?p=4700\">Arquivo e Ditadura<\/a><\/p>\n<p>14\/05: <a href=\"http:\/\/sites.usp.br\/arquivogeral\/palestra-ag-os-documentos-da-musica-partitura\/\">Os Documentos da M\u00fasica: a Partitura<\/a><\/p>\n<p>08\/03: <a href=\"http:\/\/sites.usp.br\/arquivogeral\/?p=4217\">Preserva\u00e7\u00e3o digital: caminhos poss\u00edveis a partir da experi\u00eancia da Pinacoteca do Estado<\/a><\/p>\n<p><strong>2017:<\/strong><\/p>\n<p>30\/11: <a href=\"http:\/\/sites.usp.br\/arquivogeral\/?p=3574\">Um resgate do servi\u00e7o de documenta\u00e7\u00e3o da USP e outras hist\u00f3rias<\/a><strong><br \/>\n<\/strong><\/p>\n<p>09\/11:\u00a0<a href=\"http:\/\/sites.usp.br\/arquivogeral\/?p=3541\">Arquivo Hist\u00f3rico Wanda Svevo: desafios para o tratamento de um arquivo de arte<\/a><\/p>\n<p>17\/10:\u00a0<a href=\"http:\/\/sites.usp.br\/arquivogeral\/?p=3518\">Arquivo Miroel Silveira: reinterpretando a censura<\/a><\/p>\n<p>21\/09:\u00a0<a href=\"http:\/\/sites.usp.br\/arquivogeral\/?p=3507\">O Museu do Ipiranga e suas a\u00e7\u00f5es educativas: a pesquisa em arquivos revelando mem\u00f3rias esquecidas<\/a><\/p>\n<p>22\/08:\u00a0<a href=\"http:\/\/sites.usp.br\/arquivogeral\/?p=3418\" target=\"_blank\" rel=\"noopener noreferrer\">A documenta\u00e7\u00e3o da OSUSP e seu recolhimento ao Arquivo Geral da USP<\/a><\/p>\n<p>22\/06:\u00a0<a href=\"http:\/\/sites.usp.br\/arquivogeral\/?p=3251\" target=\"_blank\" rel=\"noopener noreferrer\">Difus\u00e3o em arquivos: difundir o qu\u00ea?<\/a><\/p>\n<p>24\/05:\u00a0<a href=\"http:\/\/sites.usp.br\/arquivogeral\/?p=3158\" target=\"_blank\" rel=\"noopener noreferrer\">Da base ao digital: interdi\u00e7\u00e3o, liberdade de express\u00e3o e acesso p\u00fablico a informa\u00e7\u00f5es de arquivo<\/a><\/p>\n<p>25\/04:\u00a0<a href=\"http:\/\/sites.usp.br\/arquivogeral\/?p=3039\" target=\"_blank\" rel=\"noopener noreferrer\">Arquivos Pessoais: Entre Teoria e Pr\u00e1tica<\/a><\/p>\n<p>16\/03:\u00a0<a href=\"http:\/\/sites.usp.br\/arquivogeral\/?p=2830\">Entre a medicina e a hist\u00f3ria: a experi\u00eancia do Museu Hist\u00f3rico da Faculdade de Medicina da USP<\/a><\/p>\n<p><strong>2016:<\/strong><\/p>\n<p>31\/10: <a href=\"http:\/\/sites.usp.br\/arquivogeral\/?p=2536\" target=\"_blank\" rel=\"noopener noreferrer\">A C\u00e2mara Municipal de S\u00e3o Paulo: documenta\u00e7\u00e3o e mem\u00f3ria institucional<\/a><\/p>\n<p>19\/09:\u00a0<a href=\"http:\/\/sites.usp.br\/arquivogeral\/?p=2381\" target=\"_blank\" rel=\"noopener noreferrer\">Acervo Estad\u00e3o: muito al\u00e9m de um arquivo de jornal<\/a><\/p>\n<p>30\/08:\u00a0<a href=\"http:\/\/sites.usp.br\/arquivogeral\/?p=2310\" target=\"_blank\" rel=\"noopener noreferrer\">A Tecidoteca da Escola de Artes, Ci\u00eancias e Humanidades da USP<\/a><\/p>\n<p>23\/06:\u00a0<a href=\"http:\/\/sites.usp.br\/arquivogeral\/?p=2159\" target=\"_blank\" rel=\"noopener noreferrer\">Vida e arte na cole\u00e7\u00e3o Clara e Edward Steuermann<\/a><\/p>\n<p>30\/05: <a href=\"http:\/\/sites.usp.br\/arquivogeral\/?p=2006\" target=\"_blank\" rel=\"noopener noreferrer\">Resgatando a mem\u00f3ria do Instituto de Bioci\u00eancias da USP<\/a><\/p>\n<p>06\/04:\u00a0<a href=\"http:\/\/sites.usp.br\/arquivogeral\/?p=1885\" target=\"_blank\" rel=\"noopener noreferrer\">Centro de Documenta\u00e7\u00e3o Teatral: especificidades e perspectivas<\/a><\/p>\n<p>01\/04:\u00a0<a href=\"http:\/\/sites.usp.br\/arquivogeral\/?page_id=2802\" target=\"_blank\" rel=\"noopener noreferrer\">Palestra de Gest\u00e3o Documental na ECA<\/a><\/p>\n<p><strong>2015:<\/strong><\/p>\n<p>16\/12:\u00a0<a href=\"http:\/\/sites.usp.br\/arquivogeral\/?p=1644\" target=\"_blank\" rel=\"noopener noreferrer\">Mem\u00f3rias e hist\u00f3rias do SAUSP<\/a><\/p>\n<p>26\/11:\u00a0<a href=\"http:\/\/sites.usp.br\/arquivogeral\/?p=1452\" target=\"_blank\" rel=\"noopener noreferrer\">Comiss\u00e3o da Verdade: os arquivos como reposit\u00f3rio de mem\u00f3rias<\/a><\/p>\n<p>13\/10:\u00a0<a href=\"http:\/\/sites.usp.br\/arquivogeral\/?p=1357\" target=\"_blank\" rel=\"noopener noreferrer\">Apuros de pensar Museus<\/a><\/p>\n<p>15\/09:\u00a0<a href=\"http:\/\/sites.usp.br\/arquivogeral\/?p=866\" target=\"_blank\" rel=\"noopener noreferrer\">Luiz Gama em Arquivos: Trajet\u00f3rias e Avan\u00e7os de uma Pesquisa<\/a><\/p>\n<p>&nbsp;<\/p>\n<p>&nbsp;<\/p>\n","protected":false},"excerpt":{"rendered":"<p>Palestras no AG: 2019: 05\/11:\u00a0Arquivos permanentes: desafios para classifica\u00e7\u00e3o e difus\u00e3o 11\/09: Gest\u00e3o Contempor\u00e2nea de [&hellip;]<\/p>\n","protected":false},"author":62,"featured_media":0,"parent":0,"menu_order":0,"comment_status":"closed","ping_status":"closed","template":"","meta":{"_monsterinsights_skip_tracking":false,"_monsterinsights_sitenote_active":false,"_monsterinsights_sitenote_note":"","_monsterinsights_sitenote_category":0,"footnotes":"","_links_to":"","_links_to_target":""},"class_list":["post-1434","page","type-page","status-publish","hentry"],"_links":{"self":[{"href":"https:\/\/sites.usp.br\/arquivogeral\/wp-json\/wp\/v2\/pages\/1434","targetHints":{"allow":["GET"]}}],"collection":[{"href":"https:\/\/sites.usp.br\/arquivogeral\/wp-json\/wp\/v2\/pages"}],"about":[{"href":"https:\/\/sites.usp.br\/arquivogeral\/wp-json\/wp\/v2\/types\/page"}],"author":[{"embeddable":true,"href":"https:\/\/sites.usp.br\/arquivogeral\/wp-json\/wp\/v2\/users\/62"}],"replies":[{"embeddable":true,"href":"https:\/\/sites.usp.br\/arquivogeral\/wp-json\/wp\/v2\/comments?post=1434"}],"version-history":[{"count":4,"href":"https:\/\/sites.usp.br\/arquivogeral\/wp-json\/wp\/v2\/pages\/1434\/revisions"}],"predecessor-version":[{"id":5081,"href":"https:\/\/sites.usp.br\/arquivogeral\/wp-json\/wp\/v2\/pages\/1434\/revisions\/5081"}],"wp:attachment":[{"href":"https:\/\/sites.usp.br\/arquivogeral\/wp-json\/wp\/v2\/media?parent=1434"}],"curies":[{"name":"wp","href":"https:\/\/api.w.org\/{rel}","templated":true}]}}