{"id":314,"date":"2014-10-20T18:43:14","date_gmt":"2014-10-20T20:43:14","guid":{"rendered":"http:\/\/sites.usp.br\/arquivogeral\/?page_id=314"},"modified":"2019-04-24T17:32:01","modified_gmt":"2019-04-24T20:32:01","slug":"difusao","status":"publish","type":"page","link":"https:\/\/sites.usp.br\/arquivogeral\/difusao\/","title":{"rendered":"Difus\u00e3o"},"content":{"rendered":"<p style=\"text-align: justify;\">O principal instrumento de difus\u00e3o do Arquivo Geral \u00e9 o Boletim SAUSP.DOC. Com primeira edi\u00e7\u00e3o datada de Setembro\u00a0de 2006, e hoje com periodicidade bimestral, visa difundir as a\u00e7\u00f5es do Arquivo Geral e SAUSP \u00a0bem como assuntos pertinentes \u00e0 arquivologia.<\/p>\n<p><a href=\"http:\/\/sites.usp.br\/arquivogeral\/?p=425\" target=\"_blank\" rel=\"noopener noreferrer\">Boletins<\/a><\/p>\n<p>Desde julho de 2015 o Arquivo Geral passou\u00a0a veicular seu novo folheto.<br \/>\n<a href=\"http:\/\/sites.usp.br\/arquivogeral\/wp-content\/uploads\/sites\/39\/2014\/10\/sausp_folheto2015.pdf\">Download do Folheto<\/a><\/p>\n<p><img loading=\"lazy\" decoding=\"async\" class=\" wp-image-846 aligncenter\" src=\"http:\/\/sites.usp.br\/arquivogeral\/wp-content\/uploads\/sites\/39\/2014\/10\/Folheto1.jpg\" alt=\"Folheto\" width=\"412\" height=\"291\" srcset=\"https:\/\/sites.usp.br\/arquivogeral\/wp-content\/uploads\/sites\/39\/2014\/10\/Folheto1.jpg 1488w, https:\/\/sites.usp.br\/arquivogeral\/wp-content\/uploads\/sites\/39\/2014\/10\/Folheto1-300x212.jpg 300w, https:\/\/sites.usp.br\/arquivogeral\/wp-content\/uploads\/sites\/39\/2014\/10\/Folheto1-1024x724.jpg 1024w, https:\/\/sites.usp.br\/arquivogeral\/wp-content\/uploads\/sites\/39\/2014\/10\/Folheto1-400x283.jpg 400w\" sizes=\"auto, (max-width: 412px) 100vw, 412px\" \/><\/p>\n<p style=\"text-align: justify;\">Dispon\u00edvel desde final de 2013, o v\u00eddeo institucional do Arquivo Geral conta um pouco de sua hist\u00f3ria e evidencia a import\u00e2ncia da gest\u00e3o documental\u00a0como meio de garantir direitos e de\u00a0preservar a mem\u00f3ria da universidade.<\/p>\n<p><iframe loading=\"lazy\" src=\"https:\/\/www.youtube.com\/embed\/D7kXlR7HDtM\" width=\"560\" height=\"315\" frameborder=\"0\" allowfullscreen=\"allowfullscreen\"><\/iframe><\/p>\n","protected":false},"excerpt":{"rendered":"<p>O principal instrumento de difus\u00e3o do Arquivo Geral \u00e9 o Boletim SAUSP.DOC. Com primeira edi\u00e7\u00e3o [&hellip;]<\/p>\n","protected":false},"author":62,"featured_media":0,"parent":0,"menu_order":0,"comment_status":"closed","ping_status":"closed","template":"","meta":{"_monsterinsights_skip_tracking":false,"_monsterinsights_sitenote_active":false,"_monsterinsights_sitenote_note":"","_monsterinsights_sitenote_category":0,"footnotes":"","_links_to":"","_links_to_target":""},"class_list":["post-314","page","type-page","status-publish","hentry"],"_links":{"self":[{"href":"https:\/\/sites.usp.br\/arquivogeral\/wp-json\/wp\/v2\/pages\/314","targetHints":{"allow":["GET"]}}],"collection":[{"href":"https:\/\/sites.usp.br\/arquivogeral\/wp-json\/wp\/v2\/pages"}],"about":[{"href":"https:\/\/sites.usp.br\/arquivogeral\/wp-json\/wp\/v2\/types\/page"}],"author":[{"embeddable":true,"href":"https:\/\/sites.usp.br\/arquivogeral\/wp-json\/wp\/v2\/users\/62"}],"replies":[{"embeddable":true,"href":"https:\/\/sites.usp.br\/arquivogeral\/wp-json\/wp\/v2\/comments?post=314"}],"version-history":[{"count":6,"href":"https:\/\/sites.usp.br\/arquivogeral\/wp-json\/wp\/v2\/pages\/314\/revisions"}],"predecessor-version":[{"id":4993,"href":"https:\/\/sites.usp.br\/arquivogeral\/wp-json\/wp\/v2\/pages\/314\/revisions\/4993"}],"wp:attachment":[{"href":"https:\/\/sites.usp.br\/arquivogeral\/wp-json\/wp\/v2\/media?parent=314"}],"curies":[{"name":"wp","href":"https:\/\/api.w.org\/{rel}","templated":true}]}}