{"id":460,"date":"2015-01-12T16:11:47","date_gmt":"2015-01-12T18:11:47","guid":{"rendered":"http:\/\/sites.usp.br\/arquivogeral\/?page_id=460"},"modified":"2019-04-24T15:38:09","modified_gmt":"2019-04-24T18:38:09","slug":"gepea","status":"publish","type":"page","link":"https:\/\/sites.usp.br\/arquivogeral\/gepea\/","title":{"rendered":"GEPEA"},"content":{"rendered":"<p style=\"text-align: justify;\">O GEPEA (Gest\u00e3o de Protocolo, Expediente e Arquivo) foi o primeiro encontro voltado para servidores vinculados \u00e0s atividades de protocolo, expediente, arquivo e membros de Comiss\u00f5es Setoriais do SAUSP, nos moldes de outros encontros j\u00e1 realizados pela Universidade como, por exemplo, o GEFIM, o GESPE, o GEINFO e o GESEC.<\/p>\n<p style=\"text-align: justify;\">O primeiro ocorreu em 2008.<\/p>\n<p style=\"text-align: justify;\">Uma Comiss\u00e3o Organizadora formada por servidores da universidade \u00e9 respons\u00e1vel pela organiza\u00e7\u00e3o do evento, desde a escolha do tema at\u00e9 \u00e0 sua log\u00edstica.<\/p>\n<p>11\/2012:\u00a0<a href=\"http:\/\/sites.usp.br\/arquivogeral\/?page_id=466\">3\u00ba GEPEA<\/a><\/p>\n<p>07\/2010:\u00a0<a href=\"http:\/\/sites.usp.br\/arquivogeral\/?page_id=465\">2\u00ba GEPEA<\/a><\/p>\n<p>07\/2008:<strong>\u00a0<\/strong><a href=\"http:\/\/sites.usp.br\/arquivogeral\/?page_id=464\">1\u00ba GEPEA<\/a><\/p>\n<p>&nbsp;<\/p>\n<p style=\"text-align: justify;\">\n","protected":false},"excerpt":{"rendered":"<p>O GEPEA (Gest\u00e3o de Protocolo, Expediente e Arquivo) foi o primeiro encontro voltado para servidores [&hellip;]<\/p>\n","protected":false},"author":62,"featured_media":0,"parent":0,"menu_order":0,"comment_status":"closed","ping_status":"closed","template":"","meta":{"_monsterinsights_skip_tracking":false,"_monsterinsights_sitenote_active":false,"_monsterinsights_sitenote_note":"","_monsterinsights_sitenote_category":0,"footnotes":"","_links_to":"","_links_to_target":""},"class_list":["post-460","page","type-page","status-publish","hentry"],"_links":{"self":[{"href":"https:\/\/sites.usp.br\/arquivogeral\/wp-json\/wp\/v2\/pages\/460","targetHints":{"allow":["GET"]}}],"collection":[{"href":"https:\/\/sites.usp.br\/arquivogeral\/wp-json\/wp\/v2\/pages"}],"about":[{"href":"https:\/\/sites.usp.br\/arquivogeral\/wp-json\/wp\/v2\/types\/page"}],"author":[{"embeddable":true,"href":"https:\/\/sites.usp.br\/arquivogeral\/wp-json\/wp\/v2\/users\/62"}],"replies":[{"embeddable":true,"href":"https:\/\/sites.usp.br\/arquivogeral\/wp-json\/wp\/v2\/comments?post=460"}],"version-history":[{"count":6,"href":"https:\/\/sites.usp.br\/arquivogeral\/wp-json\/wp\/v2\/pages\/460\/revisions"}],"predecessor-version":[{"id":4970,"href":"https:\/\/sites.usp.br\/arquivogeral\/wp-json\/wp\/v2\/pages\/460\/revisions\/4970"}],"wp:attachment":[{"href":"https:\/\/sites.usp.br\/arquivogeral\/wp-json\/wp\/v2\/media?parent=460"}],"curies":[{"name":"wp","href":"https:\/\/api.w.org\/{rel}","templated":true}]}}