{"id":489,"date":"2022-01-12T10:18:25","date_gmt":"2022-01-12T12:18:25","guid":{"rendered":"https:\/\/sites.usp.br\/astro_tcc\/?page_id=489"},"modified":"2023-01-09T16:09:34","modified_gmt":"2023-01-09T18:09:34","slug":"encontros","status":"publish","type":"page","link":"https:\/\/sites.usp.br\/astro_tcc\/fotos\/encontros\/","title":{"rendered":"Encontros"},"content":{"rendered":"<p>Veja aqui lembran\u00e7as de eventos e\u00a0 viagens did\u00e1ticas\u00a0 no \u00e2mbito de algumas disciplinas do curso. <span style=\"color: #ff0000;\">Est\u00e1 p\u00e1gina est\u00e1 em constru\u00e7\u00e3o.<\/span><\/p>\n<h2>2022<\/h2>\n<p>Apresenta\u00e7\u00f5es <em>online<\/em> dos TCCs em 09\/12\/22.<br \/>\n<a href=\"https:\/\/sites.usp.br\/astro_tcc\/wp-content\/uploads\/sites\/894\/2023\/01\/defesas_09_dez_2022.png\"><img loading=\"lazy\" decoding=\"async\" class=\"alignnone size-medium wp-image-735\" src=\"https:\/\/sites.usp.br\/astro_tcc\/wp-content\/uploads\/sites\/894\/2023\/01\/defesas_09_dez_2022-300x159.png\" alt=\"\" width=\"450\" height=\"238\" srcset=\"https:\/\/sites.usp.br\/astro_tcc\/wp-content\/uploads\/sites\/894\/2023\/01\/defesas_09_dez_2022-300x159.png 300w, https:\/\/sites.usp.br\/astro_tcc\/wp-content\/uploads\/sites\/894\/2023\/01\/defesas_09_dez_2022-1024x543.png 1024w, https:\/\/sites.usp.br\/astro_tcc\/wp-content\/uploads\/sites\/894\/2023\/01\/defesas_09_dez_2022-768x407.png 768w, https:\/\/sites.usp.br\/astro_tcc\/wp-content\/uploads\/sites\/894\/2023\/01\/defesas_09_dez_2022-1536x814.png 1536w, https:\/\/sites.usp.br\/astro_tcc\/wp-content\/uploads\/sites\/894\/2023\/01\/defesas_09_dez_2022-400x212.png 400w, https:\/\/sites.usp.br\/astro_tcc\/wp-content\/uploads\/sites\/894\/2023\/01\/defesas_09_dez_2022.png 1920w\" sizes=\"auto, (max-width: 450px) 100vw, 450px\" \/><\/a><\/p>\n<p>Apresenta\u00e7\u00f5es presenciais dos TCCs em 08\/7\/22.<br \/>\n<a href=\"https:\/\/sites.usp.br\/astro_tcc\/wp-content\/uploads\/sites\/894\/2022\/08\/Defesa_TG2_Giulia.png\"><img loading=\"lazy\" decoding=\"async\" src=\"https:\/\/sites.usp.br\/astro_tcc\/wp-content\/uploads\/sites\/894\/2022\/08\/Defesa_TG2_Giulia.png\" alt=\"Giulia\" width=\"200\" height=\"114\" \/><\/a> <a href=\"https:\/\/sites.usp.br\/astro_tcc\/wp-content\/uploads\/sites\/894\/2022\/08\/Defesa_TG2_GabrielM.png\"><img loading=\"lazy\" decoding=\"async\" class=\"alignnone size-medium wp-image-700\" src=\"https:\/\/sites.usp.br\/astro_tcc\/wp-content\/uploads\/sites\/894\/2022\/08\/Defesa_TG2_GabrielM-300x227.png\" alt=\"\" width=\"200\" height=\"114\" \/><\/a> <a href=\"https:\/\/sites.usp.br\/astro_tcc\/wp-content\/uploads\/sites\/894\/2022\/08\/Defesa_TG2_Vicents.png\"><img loading=\"lazy\" decoding=\"async\" class=\"alignnone size-medium wp-image-701\" src=\"https:\/\/sites.usp.br\/astro_tcc\/wp-content\/uploads\/sites\/894\/2022\/08\/Defesa_TG2_Vicents-300x232.png\" alt=\"\" width=\"200\" height=\"114\" \/><\/a><\/p>\n<h2>2021<\/h2>\n<p>Apresenta\u00e7\u00f5es <em>online<\/em> dos TCCs em 23\/7\/21.<br \/>\n<a href=\"https:\/\/sites.usp.br\/astro_tcc\/wp-content\/uploads\/sites\/894\/2014\/02\/2012S1_23jul.png\"><img loading=\"lazy\" decoding=\"async\" src=\"https:\/\/sites.usp.br\/astro_tcc\/wp-content\/uploads\/sites\/894\/2014\/02\/2012S1_23jul.png\" alt=\"2012S1_23jul\" width=\"604\" height=\"345\" \/><\/a><\/p>\n<p>Apresenta\u00e7\u00f5es online dos TCCs em 03\/12\/21 e 10\/12\/21.<br \/>\n<a href=\"https:\/\/sites.usp.br\/astro_tcc\/wp-content\/uploads\/sites\/894\/2014\/02\/2021S2_10dez.png\"><img loading=\"lazy\" decoding=\"async\" src=\"https:\/\/sites.usp.br\/astro_tcc\/wp-content\/uploads\/sites\/894\/2014\/02\/2021S2_03dez.png\" alt=\"2021S2_03dez\" width=\"604\" height=\"345\" \/><\/a><\/p>\n<p><a href=\"https:\/\/sites.usp.br\/astro_tcc\/wp-content\/uploads\/sites\/894\/2014\/02\/2021S2_10dez.png\"><img loading=\"lazy\" decoding=\"async\" src=\"https:\/\/sites.usp.br\/astro_tcc\/wp-content\/uploads\/sites\/894\/2014\/02\/2021S2_10dez.png\" alt=\"2021S2_10dez\" width=\"483\" height=\"276\" \/><\/a><\/p>\n<h2>2020<\/h2>\n<p>Visita ao Parque CienTec durante a semana de recep\u00e7\u00e3o aos calouros de 2020, com a participa\u00e7\u00e3o dos ingressantes de todos os cursos do IAG.<a href=\"https:\/\/sites.usp.br\/astro_tcc\/wp-content\/uploads\/sites\/894\/2022\/02\/Cientec_2020-scaled.jpg\"><img loading=\"lazy\" decoding=\"async\" class=\"alignnone size-medium wp-image-606\" src=\"https:\/\/sites.usp.br\/astro_tcc\/wp-content\/uploads\/sites\/894\/2022\/02\/Cientec_2020-300x225.jpg\" alt=\"\" width=\"600\" height=\"450\" srcset=\"https:\/\/sites.usp.br\/astro_tcc\/wp-content\/uploads\/sites\/894\/2022\/02\/Cientec_2020-300x225.jpg 300w, https:\/\/sites.usp.br\/astro_tcc\/wp-content\/uploads\/sites\/894\/2022\/02\/Cientec_2020-1024x768.jpg 1024w, https:\/\/sites.usp.br\/astro_tcc\/wp-content\/uploads\/sites\/894\/2022\/02\/Cientec_2020-768x576.jpg 768w, https:\/\/sites.usp.br\/astro_tcc\/wp-content\/uploads\/sites\/894\/2022\/02\/Cientec_2020-1536x1152.jpg 1536w, https:\/\/sites.usp.br\/astro_tcc\/wp-content\/uploads\/sites\/894\/2022\/02\/Cientec_2020-2048x1536.jpg 2048w, https:\/\/sites.usp.br\/astro_tcc\/wp-content\/uploads\/sites\/894\/2022\/02\/Cientec_2020-80x60.jpg 80w, https:\/\/sites.usp.br\/astro_tcc\/wp-content\/uploads\/sites\/894\/2022\/02\/Cientec_2020-400x300.jpg 400w\" sizes=\"auto, (max-width: 600px) 100vw, 600px\" \/><\/a><\/p>\n<h2>2018<\/h2>\n<p>Evento \u201cOuvir Estrelas\u201d (apresenta\u00e7\u00f5es musicais e reuni\u00e3o com a Comiss\u00e3o de Curso)<br \/>\n<a href=\"https:\/\/sites.usp.br\/astro_tcc\/wp-content\/uploads\/sites\/894\/2022\/01\/ouvir2018e.png\"><img loading=\"lazy\" decoding=\"async\" src=\"https:\/\/sites.usp.br\/astro_tcc\/wp-content\/uploads\/sites\/894\/2022\/01\/ouvir2018e.png\" alt=\"ouvir2018e\" width=\"214\" height=\"123\" \/><\/a> <a href=\"https:\/\/sites.usp.br\/astro_tcc\/wp-content\/uploads\/sites\/894\/2022\/01\/ouvir2018b-scaled.jpg\"><img loading=\"lazy\" decoding=\"async\" src=\"https:\/\/sites.usp.br\/astro_tcc\/wp-content\/uploads\/sites\/894\/2022\/01\/ouvir2018b-scaled.jpg\" alt=\"ouvir2018b\" width=\"302\" height=\"174\" \/><\/a><br \/>\n<a href=\"https:\/\/sites.usp.br\/astro_tcc\/wp-content\/uploads\/sites\/894\/2022\/01\/ouvir2018d.png\"><img loading=\"lazy\" decoding=\"async\" src=\"https:\/\/sites.usp.br\/astro_tcc\/wp-content\/uploads\/sites\/894\/2022\/01\/ouvir2018d.png\" alt=\"ouvir2018d\" width=\"214\" height=\"123\" \/><\/a> <a href=\"https:\/\/sites.usp.br\/astro_tcc\/wp-content\/uploads\/sites\/894\/2022\/01\/ouvir2018a-scaled.jpg\"><img loading=\"lazy\" decoding=\"async\" src=\"https:\/\/sites.usp.br\/astro_tcc\/wp-content\/uploads\/sites\/894\/2022\/01\/ouvir2018a-scaled.jpg\" alt=\"ouvir2018a\" width=\"302\" height=\"174\" \/><\/a><\/p>\n<h2>2016<\/h2>\n<p>Viagem did\u00e1tica ao Observat\u00f3rio Pico dos Dias (Braz\u00f3polis, MG). Turma de M\u00e9todos Observacionais em Astrof\u00edsica I (Prof. Jorge Mel\u00e9ndez)<br \/>\n<a href=\"https:\/\/sites.usp.br\/astro_tcc\/wp-content\/uploads\/sites\/894\/2022\/01\/opd.png\"><img loading=\"lazy\" decoding=\"async\" src=\"https:\/\/sites.usp.br\/astro_tcc\/wp-content\/uploads\/sites\/894\/2022\/01\/opd.png\" alt=\"opd\" width=\"483\" height=\"276\" \/><\/a><\/p>\n<h2>2014<\/h2>\n<p>Viagem did\u00e1tica ao LIT (Laborat\u00f3rio de Integra\u00e7\u00e3o e Testes) do INPE (S\u00e3o Jos\u00e9 dos Campos, SP): turmas de \u201cFundamentos de Astronomia\u201d e \u201cManobras Orbitais\u201d para os bacharelados em Astronomia e em F\u00edsica.<br \/>\n<a href=\"https:\/\/sites.usp.br\/astro_tcc\/wp-content\/uploads\/sites\/894\/2022\/01\/inpe.png\"><img loading=\"lazy\" decoding=\"async\" src=\"https:\/\/sites.usp.br\/astro_tcc\/wp-content\/uploads\/sites\/894\/2022\/01\/inpe.png\" alt=\"inpe\" width=\"604\" height=\"345\" \/><\/a><\/p>\n<h2>2012<\/h2>\n<p>Apresenta\u00e7\u00e3o do telesc\u00f3pio refrator Zeiss (Parque CienTec) durante a semana de recep\u00e7\u00e3o aos calouros de 2012<br \/>\n<a href=\"https:\/\/sites.usp.br\/astro_tcc\/wp-content\/uploads\/sites\/894\/2022\/02\/2012_02_28_cientec_029.jpg\"><img loading=\"lazy\" decoding=\"async\" class=\"alignnone size-medium wp-image-638\" src=\"https:\/\/sites.usp.br\/astro_tcc\/wp-content\/uploads\/sites\/894\/2022\/02\/2012_02_28_cientec_029-300x225.jpg\" alt=\"\" width=\"300\" height=\"225\" srcset=\"https:\/\/sites.usp.br\/astro_tcc\/wp-content\/uploads\/sites\/894\/2022\/02\/2012_02_28_cientec_029-300x225.jpg 300w, https:\/\/sites.usp.br\/astro_tcc\/wp-content\/uploads\/sites\/894\/2022\/02\/2012_02_28_cientec_029-768x576.jpg 768w, https:\/\/sites.usp.br\/astro_tcc\/wp-content\/uploads\/sites\/894\/2022\/02\/2012_02_28_cientec_029-80x60.jpg 80w, https:\/\/sites.usp.br\/astro_tcc\/wp-content\/uploads\/sites\/894\/2022\/02\/2012_02_28_cientec_029-400x300.jpg 400w, https:\/\/sites.usp.br\/astro_tcc\/wp-content\/uploads\/sites\/894\/2022\/02\/2012_02_28_cientec_029.jpg 1024w\" sizes=\"auto, (max-width: 300px) 100vw, 300px\" \/><\/a><\/p>\n","protected":false},"excerpt":{"rendered":"<p>Veja aqui lembran\u00e7as de eventos e\u00a0 viagens did\u00e1ticas\u00a0 no \u00e2mbito de algumas disciplinas do curso. Est\u00e1 p\u00e1gina est\u00e1 em constru\u00e7\u00e3o. 2022 Apresenta\u00e7\u00f5es online dos TCCs em 09\/12\/22. Apresenta\u00e7\u00f5es presenciais dos TCCs em 08\/7\/22. 2021 Apresenta\u00e7\u00f5es online dos TCCs em 23\/7\/21. Apresenta\u00e7\u00f5es online dos TCCs em 03\/12\/21 e 10\/12\/21. 2020 Visita ao Parque CienTec durante a [&hellip;]<\/p>\n","protected":false},"author":22094,"featured_media":0,"parent":465,"menu_order":0,"comment_status":"closed","ping_status":"closed","template":"","meta":{"footnotes":"","_links_to":"","_links_to_target":""},"class_list":["post-489","page","type-page","status-publish","hentry"],"_links":{"self":[{"href":"https:\/\/sites.usp.br\/astro_tcc\/wp-json\/wp\/v2\/pages\/489","targetHints":{"allow":["GET"]}}],"collection":[{"href":"https:\/\/sites.usp.br\/astro_tcc\/wp-json\/wp\/v2\/pages"}],"about":[{"href":"https:\/\/sites.usp.br\/astro_tcc\/wp-json\/wp\/v2\/types\/page"}],"author":[{"embeddable":true,"href":"https:\/\/sites.usp.br\/astro_tcc\/wp-json\/wp\/v2\/users\/22094"}],"replies":[{"embeddable":true,"href":"https:\/\/sites.usp.br\/astro_tcc\/wp-json\/wp\/v2\/comments?post=489"}],"version-history":[{"count":5,"href":"https:\/\/sites.usp.br\/astro_tcc\/wp-json\/wp\/v2\/pages\/489\/revisions"}],"predecessor-version":[{"id":747,"href":"https:\/\/sites.usp.br\/astro_tcc\/wp-json\/wp\/v2\/pages\/489\/revisions\/747"}],"up":[{"embeddable":true,"href":"https:\/\/sites.usp.br\/astro_tcc\/wp-json\/wp\/v2\/pages\/465"}],"wp:attachment":[{"href":"https:\/\/sites.usp.br\/astro_tcc\/wp-json\/wp\/v2\/media?parent=489"}],"curies":[{"name":"wp","href":"https:\/\/api.w.org\/{rel}","templated":true}]}}