{"id":64,"date":"2014-02-12T11:28:54","date_gmt":"2014-02-12T13:28:54","guid":{"rendered":"http:\/\/sites.usp.br\/astro_tcc\/?page_id=64"},"modified":"2022-03-06T19:28:23","modified_gmt":"2022-03-06T21:28:23","slug":"pagina-2","status":"publish","type":"page","link":"https:\/\/sites.usp.br\/astro_tcc\/pagina-2\/","title":{"rendered":"Monografias"},"content":{"rendered":"<p>O Bacharelado em Astronomia oferece diferentes possibilidades de vertentes para os TCCs: <a href=\"https:\/\/sites.usp.br\/astro_tcc\/pagina-2\/pesquisa\/\">Pesquisa B\u00e1sica<\/a>; <a href=\"https:\/\/sites.usp.br\/astro_tcc\/pagina-2\/instrumentacao-computacao\/\">Instrumenta\u00e7\u00e3o; Computa\u00e7\u00e3o<\/a>; <a href=\"https:\/\/sites.usp.br\/astro_tcc\/pagina-2\/ciencias-espaciais\/\">Ci\u00eancias Espaciais<\/a>; <a href=\"https:\/\/sites.usp.br\/astro_tcc\/pagina-2\/ensino-e-divulgacao\">Ensino e Divulga\u00e7\u00e3o Cient\u00edfica<\/a>.<\/p>\n<p>Os detalhes sobre as monografias, tais como \u00e1rea de pesquisa, t\u00edtulo do trabalho, nome do aluno, orientador(es) podem ser vistos clicando no menu das vertentes espec\u00edficas.\u00a0 <a href=\"https:\/\/sites.usp.br\/astro_tcc\/pagina-2\/todos\">Para ver a lista completa de trabalhos, abrangendo todas as vertentes, clique aqui<\/a>.<\/p>\n","protected":false},"excerpt":{"rendered":"<p>O Bacharelado em Astronomia oferece diferentes possibilidades de vertentes para os TCCs: Pesquisa B\u00e1sica; Instrumenta\u00e7\u00e3o; Computa\u00e7\u00e3o; Ci\u00eancias Espaciais; Ensino e Divulga\u00e7\u00e3o Cient\u00edfica. Os detalhes sobre as monografias, tais como \u00e1rea de pesquisa, t\u00edtulo do trabalho, nome do aluno, orientador(es) podem ser vistos clicando no menu das vertentes espec\u00edficas.\u00a0 Para ver a lista completa de trabalhos, [&hellip;]<\/p>\n","protected":false},"author":1,"featured_media":0,"parent":0,"menu_order":0,"comment_status":"closed","ping_status":"closed","template":"","meta":{"footnotes":"","_links_to":"","_links_to_target":""},"class_list":["post-64","page","type-page","status-publish","hentry"],"_links":{"self":[{"href":"https:\/\/sites.usp.br\/astro_tcc\/wp-json\/wp\/v2\/pages\/64","targetHints":{"allow":["GET"]}}],"collection":[{"href":"https:\/\/sites.usp.br\/astro_tcc\/wp-json\/wp\/v2\/pages"}],"about":[{"href":"https:\/\/sites.usp.br\/astro_tcc\/wp-json\/wp\/v2\/types\/page"}],"author":[{"embeddable":true,"href":"https:\/\/sites.usp.br\/astro_tcc\/wp-json\/wp\/v2\/users\/1"}],"replies":[{"embeddable":true,"href":"https:\/\/sites.usp.br\/astro_tcc\/wp-json\/wp\/v2\/comments?post=64"}],"version-history":[{"count":4,"href":"https:\/\/sites.usp.br\/astro_tcc\/wp-json\/wp\/v2\/pages\/64\/revisions"}],"predecessor-version":[{"id":687,"href":"https:\/\/sites.usp.br\/astro_tcc\/wp-json\/wp\/v2\/pages\/64\/revisions\/687"}],"wp:attachment":[{"href":"https:\/\/sites.usp.br\/astro_tcc\/wp-json\/wp\/v2\/media?parent=64"}],"curies":[{"name":"wp","href":"https:\/\/api.w.org\/{rel}","templated":true}]}}