{"id":3415,"date":"2023-05-16T12:05:14","date_gmt":"2023-05-16T14:05:14","guid":{"rendered":"https:\/\/sites.usp.br\/astrominas\/?page_id=3415"},"modified":"2026-04-06T19:29:16","modified_gmt":"2026-04-06T21:29:16","slug":"astrominas-2026","status":"publish","type":"page","link":"https:\/\/sites.usp.br\/astrominas\/astrominas-2026\/","title":{"rendered":"Astrominas 2026"},"content":{"rendered":"<div id=\"pl-3415\"  class=\"panel-layout\" ><div id=\"pg-3415-0\"  class=\"panel-grid panel-no-style\" ><div id=\"pgc-3415-0-0\"  class=\"panel-grid-cell\" ><div id=\"panel-3415-0-0-0\" class=\"so-panel widget widget_sow-image panel-first-child panel-last-child\" data-index=\"0\" ><div\n\t\t\t\n\t\t\tclass=\"so-widget-sow-image so-widget-sow-image-default-a258e6bfa2d8-3415\"\n\t\t\t\n\t\t>\n<div class=\"sow-image-container\">\n\t\t<img \n\tsrc=\"https:\/\/sites.usp.br\/astrominas\/wp-content\/uploads\/sites\/722\/2026\/04\/1.png\" width=\"1326\" height=\"400\" srcset=\"https:\/\/sites.usp.br\/astrominas\/wp-content\/uploads\/sites\/722\/2026\/04\/1.png 1326w, https:\/\/sites.usp.br\/astrominas\/wp-content\/uploads\/sites\/722\/2026\/04\/1-300x90.png 300w, https:\/\/sites.usp.br\/astrominas\/wp-content\/uploads\/sites\/722\/2026\/04\/1-1024x309.png 1024w, https:\/\/sites.usp.br\/astrominas\/wp-content\/uploads\/sites\/722\/2026\/04\/1-768x232.png 768w, https:\/\/sites.usp.br\/astrominas\/wp-content\/uploads\/sites\/722\/2026\/04\/1-400x121.png 400w\" sizes=\"(max-width: 1326px) 100vw, 1326px\" alt=\"\" \t\tclass=\"so-widget-image\"\/>\n\t<\/div>\n\n<\/div><\/div><\/div><\/div><div id=\"pg-3415-1\"  class=\"panel-grid panel-no-style\" ><div id=\"pgc-3415-1-0\"  class=\"panel-grid-cell\" ><div id=\"panel-3415-1-0-0\" class=\"so-panel widget widget_sow-editor panel-first-child panel-last-child\" data-index=\"1\" ><div\n\t\t\t\n\t\t\tclass=\"so-widget-sow-editor so-widget-sow-editor-base\"\n\t\t\t\n\t\t>\n<div class=\"siteorigin-widget-tinymce textwidget\">\n\t<h2 style=\"font-family: 'Bebas Neue', cursive; text-align: center;\"><span style=\"color: #3c0068;\">Sejam muito bem-vindas \u00e0 7\u00aa edi\u00e7\u00e3o do ASTROMINAS<\/span><\/h2>\n<p style=\"font-family: Glegoo, serif; text-align: justify;\">Todas prontas para mais uma vers\u00e3o simplesmente incr\u00edvel do evento mais esperado do ano? O ASTROMINAS 2022 quebrou o recorde de procura, contando com <strong>16.934 inscri\u00e7\u00f5es<\/strong>! Em 2026 n\u00e3o esperamos nada menos do que isso! E por aqui j\u00e1 estamos a todo vapor com a organiza\u00e7\u00e3o.<\/p>\n<p style=\"font-family: Glegoo, serif; text-align: justify;\">Em breve, iniciaremos com o recrutamento de um ex\u00e9rcito de fadas madrinhas que ser\u00e3o as monitoras de <strong>600<\/strong> <strong>astrominas<\/strong> na nossa pr\u00f3xima edi\u00e7\u00e3o, de 2026. Contamos com a ajuda das monitoras para auxiliar e guiar as sorteadas ao longo do curso, suas biografias logo ser\u00e3o divulgadas por aqui. Para realizar esse evento incr\u00edvel com conte\u00fados de Astronomia, Ci\u00eancias Atmosf\u00e9ricas, Geof\u00edsica, Geoci\u00eancias, F\u00edsica, Oceanografia, Astrobiologia, Matem\u00e1tica e ci\u00eancias humanas relacionadas a G\u00eanero, mais uma vez contaremos com a colabora\u00e7\u00e3o<strong> de dezenas de cientistas<\/strong> incr\u00edveis que ir\u00e3o compartilharam um pouco de seus conhecimentos com as Astrominas. Logo mais voc\u00eas poder\u00e3o conhec\u00ea-las melhor por aqui tamb\u00e9m!<\/p>\n<p style=\"font-family: Glegoo, serif; text-align: justify;\">E n\u00e3o podemos deixar de dizer que o Astrominas s\u00f3 pode ser realizado a partir da contribui\u00e7\u00e3o de um coletivo de mulheres incr\u00edveis que participam da <span style=\"color: #ff5715;\"><a style=\"color: #ff5715;\" href=\"https:\/\/sites.usp.br\/astrominas\/quem-somos\/\" target=\"_blank\" rel=\"noopener\">coordena\u00e7\u00e3o do projeto<\/a><\/span>.<\/p>\n<\/div>\n<\/div><\/div><\/div><div id=\"pgc-3415-1-1\"  class=\"panel-grid-cell\" ><div id=\"panel-3415-1-1-0\" class=\"so-panel widget widget_sow-editor panel-first-child panel-last-child\" data-index=\"2\" ><div\n\t\t\t\n\t\t\tclass=\"so-widget-sow-editor so-widget-sow-editor-base\"\n\t\t\t\n\t\t>\n<div class=\"siteorigin-widget-tinymce textwidget\">\n\t<h2 style=\"font-family: 'Bebas Neue', cursive; text-align: center;\"><span style=\"color: #3c0068;\">Sobre o Astrominas 2026<\/span><\/h2>\n<p style=\"font-family: Glegoo, serif; text-align: justify;\">\u00a0 \u00a0 Para o<strong> Astrominas 2026<\/strong>, pretendemos abrir <strong>600 vagas! <\/strong>Lembrando que esse n\u00famero depende do n\u00famero de fadas madrinhas inscritas no programa. As atividades ser\u00e3o realizadas no per\u00edodo de <strong>13 de Julho e 02 de agosto de 2026<\/strong>. <span style=\"font-weight: 400;\">Cada participante deve reservar de <strong>3 a 4 horas di\u00e1rias<\/strong> para se dedicar \u00e0s atividades, que poder\u00e3o ser realizadas de forma ass\u00edncrona. As participantes que participarem de todas as atividades obrigat\u00f3rias receber\u00e3o <strong>certificado digital da USP <\/strong>comprovando a participa\u00e7\u00e3o do evento.<\/span><\/p>\n<p style=\"font-family: Glegoo, serif; text-align: justify;\">\u00a0 \u00a0 S\u00e3o requisitos para a inscri\u00e7\u00e3o: a identifica\u00e7\u00e3o com o <strong>g\u00eanero feminino<\/strong> (cis ou trans); ter entre <strong>14 e 17 anos<\/strong> completos at\u00e9 13\/07\/2026 e estar regularmente <strong>matriculada<\/strong> em uma escola de Educa\u00e7\u00e3o B\u00e1sica. Esses requisitos ser\u00e3o verificados mais de uma vez para que a convocada seja de fato confirmada no projeto.<\/p>\n<p><a href=\"https:\/\/www.iag.usp.br\/sites\/default\/files\/2026-04\/regulamento%20Astrominas%202026.docx.pdf\">REGULAMENTO PROCESSO SELETIVO ASTROMINAS 2026<\/a><\/p>\n<p><a href=\"https:\/\/forms.gle\/s7ah6PPASwxei7rF8\">INSCRI\u00c7\u00d5ES ASTROMINAS 2026<\/a><\/p>\n<p><strong>Confira o cronograma do ASTROMINAS 2026 logo abaixo!\u00a0<\/strong><\/p>\n<p>&nbsp;<\/p>\n<\/div>\n<\/div><\/div><\/div><\/div><div id=\"pg-3415-2\"  class=\"panel-grid panel-no-style\" ><div id=\"pgc-3415-2-0\"  class=\"panel-grid-cell\" ><div id=\"panel-3415-2-0-0\" class=\"so-panel widget widget_sow-image panel-first-child\" data-index=\"3\" ><div\n\t\t\t\n\t\t\tclass=\"so-widget-sow-image so-widget-sow-image-default-a258e6bfa2d8-3415\"\n\t\t\t\n\t\t>\n<div class=\"sow-image-container\">\n\t\t<img \n\tsrc=\"https:\/\/sites.usp.br\/astrominas\/wp-content\/uploads\/sites\/722\/2026\/04\/6.png\" width=\"1326\" height=\"400\" srcset=\"https:\/\/sites.usp.br\/astrominas\/wp-content\/uploads\/sites\/722\/2026\/04\/6.png 1326w, https:\/\/sites.usp.br\/astrominas\/wp-content\/uploads\/sites\/722\/2026\/04\/6-300x90.png 300w, https:\/\/sites.usp.br\/astrominas\/wp-content\/uploads\/sites\/722\/2026\/04\/6-1024x309.png 1024w, https:\/\/sites.usp.br\/astrominas\/wp-content\/uploads\/sites\/722\/2026\/04\/6-768x232.png 768w, https:\/\/sites.usp.br\/astrominas\/wp-content\/uploads\/sites\/722\/2026\/04\/6-400x121.png 400w\" sizes=\"(max-width: 1326px) 100vw, 1326px\" alt=\"\" \t\tclass=\"so-widget-image\"\/>\n\t<\/div>\n\n<\/div><\/div><div id=\"panel-3415-2-0-1\" class=\"so-panel widget widget_sow-editor panel-last-child\" data-index=\"4\" ><div\n\t\t\t\n\t\t\tclass=\"so-widget-sow-editor so-widget-sow-editor-base\"\n\t\t\t\n\t\t>\n<div class=\"siteorigin-widget-tinymce textwidget\">\n\t<h2 style=\"font-family: 'Bebas Neue', cursive; text-align: center;\"><span style=\"color: #3c0068;\">Cronograma Astrominas 2026<\/span><\/h2>\n<ul>\n<li>06\/04\/2026\u00a0-\u00a0<a href=\"https:\/\/forms.gle\/R2gGQXfSbph5hJX27\">Abertura do per\u00edodo de inscri\u00e7\u00f5es (09:00)<\/a><\/li>\n<li>07\/06\/2026\u00a0- Encerramento do per\u00edodo de inscri\u00e7\u00f5es (23:59)<\/li>\n<li>10\/06\/2026\u00a0- Sorteio de vagas<\/li>\n<li>11\/06\/2026\u00a0- In\u00edcio de convoca\u00e7\u00f5es da primeira chamada - confirma\u00e7\u00e3o at\u00e9 23:59 de 14\/06\/2026<\/li>\n<li>15\/06\/2026\u00a0- Segunda chamada - confirma\u00e7\u00e3o at\u00e9 23:59 de 18\/06\/2026<\/li>\n<li>19\/06\/2026\u00a0-\u00a0Terceira chamada - confirma\u00e7\u00e3o at\u00e9 23:59 de 21\/06\/2026<\/li>\n<li>22\/06\/2026\u00a0-\u00a0Quarta chamada - confirma\u00e7\u00e3o at\u00e9 23:59 de 24\/06\/2026<\/li>\n<li>25\/06\/2026 - Quinta chamada - confirma\u00e7\u00e3o at\u00e9 23:59 de 28\/06\/2026<\/li>\n<li>29\/06\/2026 - Sexta chamada (em caso de vagas remanescentes) - confirma\u00e7\u00e3o at\u00e9 23:59 de 01\/07\/2026<\/li>\n<li>2\u00aa semana de julho - In\u00edcio inser\u00e7\u00e3o das participantes confirmadas nos grupos de whatsapp<\/li>\n<li>13\/07\/2026\u00a0-\u00a0In\u00edcio das atividades do ASTROMINAS 2026<\/li>\n<li>02\/08\/2025\u00a0-\u00a0Encerramento das atividades ASTROMINAS 2026<\/li>\n<\/ul>\n<p style=\"font-family: Glegoo, serif; text-align: justify;\">\n<\/div>\n<\/div><\/div><\/div><\/div><div id=\"pg-3415-3\"  class=\"panel-grid panel-no-style\" ><div id=\"pgc-3415-3-0\"  class=\"panel-grid-cell\" ><div id=\"panel-3415-3-0-0\" class=\"so-panel widget widget_sow-image panel-first-child\" data-index=\"5\" ><div\n\t\t\t\n\t\t\tclass=\"so-widget-sow-image so-widget-sow-image-default-8b5b6f678277-3415\"\n\t\t\t\n\t\t>\n<div class=\"sow-image-container\">\n\t\t<img \n\tsrc=\"https:\/\/sites.usp.br\/astrominas\/wp-content\/uploads\/sites\/722\/2024\/05\/4-1.png\" width=\"1326\" height=\"326\" srcset=\"https:\/\/sites.usp.br\/astrominas\/wp-content\/uploads\/sites\/722\/2024\/05\/4-1.png 1326w, https:\/\/sites.usp.br\/astrominas\/wp-content\/uploads\/sites\/722\/2024\/05\/4-1-300x74.png 300w, https:\/\/sites.usp.br\/astrominas\/wp-content\/uploads\/sites\/722\/2024\/05\/4-1-1024x252.png 1024w, https:\/\/sites.usp.br\/astrominas\/wp-content\/uploads\/sites\/722\/2024\/05\/4-1-768x189.png 768w, https:\/\/sites.usp.br\/astrominas\/wp-content\/uploads\/sites\/722\/2024\/05\/4-1-400x98.png 400w\" sizes=\"(max-width: 1326px) 100vw, 1326px\" title=\"4\" alt=\"\" \t\tclass=\"so-widget-image\"\/>\n\t<\/div>\n\n<\/div><\/div><div id=\"panel-3415-3-0-1\" class=\"so-panel widget widget_sow-editor panel-last-child\" data-index=\"6\" ><div\n\t\t\t\n\t\t\tclass=\"so-widget-sow-editor so-widget-sow-editor-base\"\n\t\t\t\n\t\t>\n<div class=\"siteorigin-widget-tinymce textwidget\">\n\t<p style=\"font-family: Glegoo, serif; text-align: justify;\">\u00a0 \u00a0 \u00a0 \u00a0Fadas Madrinhas s\u00e3o as cientistas que ir\u00e3o acompanhar de perto as <strong>ASTROMINAS<\/strong> em todas as atividades, ao longo de toda a trajet\u00f3ria das meninas no nosso evento. Trata-se de um trabalho volunt\u00e1rio e extremamente importante, por isso requer muita responsabilidade e comprometimento. Se voc\u00ea \u00e9 uma cientista (jovem ou n\u00e3o) de qualquer uma das \u00e1reas associadas \u00e0s ci\u00eancias da terra e do universo saiba que ser\u00e1 muito bem vinda nesse ex\u00e9rcito de fadas incr\u00edveis! Caso tenha interesse de se tornar uma <strong>fada madrinha<\/strong>, entre em contato conosco atrav\u00e9s de <a href=\"https:\/\/www.instagram.com\/astrominas\/\">nossas redes sociais.<\/a> <strong>Juntas somos mais fortes!<\/strong><\/p>\n<p style=\"font-family: Glegoo, serif; text-align: justify;\"><a href=\"https:\/\/sites.usp.br\/astrominas\/fadas-madrinhas\/\">Conhe\u00e7a as Fadas Madrinhas 2025 \ud83e\uddda\u200d\u2640\ufe0f\ud83c\udf1f<\/a><\/p>\n<p>&nbsp;<\/p>\n<p>&nbsp;<\/p>\n<\/div>\n<\/div><\/div><\/div><\/div><\/div>","protected":false},"excerpt":{"rendered":"<p>Sejam muito bem-vindas \u00e0 7\u00aa edi\u00e7\u00e3o do ASTROMINAS Todas prontas para mais uma vers\u00e3o simplesmente incr\u00edvel do evento mais esperado do ano? O ASTROMINAS 2022 quebrou o recorde de procura, contando com 16.934 inscri\u00e7\u00f5es! Em 2026 n\u00e3o esperamos nada menos do que isso! E por aqui j\u00e1 estamos a todo vapor com a organiza\u00e7\u00e3o. Em<a href=\"https:\/\/sites.usp.br\/astrominas\/astrominas-2026\/\">[&#8230;]<\/a><\/p>\n","protected":false},"author":21824,"featured_media":0,"parent":0,"menu_order":0,"comment_status":"closed","ping_status":"closed","template":"template-fullwidth-no-title.php","meta":{"footnotes":"","_links_to":"","_links_to_target":""},"class_list":["post-3415","page","type-page","status-publish","hentry"],"_links":{"self":[{"href":"https:\/\/sites.usp.br\/astrominas\/wp-json\/wp\/v2\/pages\/3415","targetHints":{"allow":["GET"]}}],"collection":[{"href":"https:\/\/sites.usp.br\/astrominas\/wp-json\/wp\/v2\/pages"}],"about":[{"href":"https:\/\/sites.usp.br\/astrominas\/wp-json\/wp\/v2\/types\/page"}],"author":[{"embeddable":true,"href":"https:\/\/sites.usp.br\/astrominas\/wp-json\/wp\/v2\/users\/21824"}],"replies":[{"embeddable":true,"href":"https:\/\/sites.usp.br\/astrominas\/wp-json\/wp\/v2\/comments?post=3415"}],"version-history":[{"count":5,"href":"https:\/\/sites.usp.br\/astrominas\/wp-json\/wp\/v2\/pages\/3415\/revisions"}],"predecessor-version":[{"id":4721,"href":"https:\/\/sites.usp.br\/astrominas\/wp-json\/wp\/v2\/pages\/3415\/revisions\/4721"}],"wp:attachment":[{"href":"https:\/\/sites.usp.br\/astrominas\/wp-json\/wp\/v2\/media?parent=3415"}],"curies":[{"name":"wp","href":"https:\/\/api.w.org\/{rel}","templated":true}]}}