{"id":1770,"date":"2017-03-06T12:57:37","date_gmt":"2017-03-06T15:57:37","guid":{"rendered":"http:\/\/sites.usp.br\/biocel-tecidual\/?page_id=1770"},"modified":"2018-01-22T13:10:12","modified_gmt":"2018-01-22T15:10:12","slug":"cursos-de-capacitacao-obrigatorios","status":"publish","type":"page","link":"https:\/\/sites.usp.br\/biocel-tecidual\/cursos-de-capacitacao-obrigatorios\/","title":{"rendered":"Cursos de Capacita\u00e7\u00e3o Obrigat\u00f3rios"},"content":{"rendered":"<p>OBRIGAT\u00d3RIO PARA TODOS OS INGRESSANTES DEPOIS DE 2016:<\/p>\n<ul>\n<li><a title=\"Curso de Armazenamento, Manuseio e Descarte de Produtos Qu\u00edmicos\" href=\"http:\/\/cursosextensao.usp.br\/enrol\/index.php?id=288\" target=\"_blank\" rel=\"noopener noreferrer\">Curso de Armazenamento, Manuseio e Descarte de Produtos Qu\u00edmicos<\/a><\/li>\n<\/ul>\n<p>OBRIGAT\u00d3RIO DEPENDENDO DO PROJETO DE TESE<\/p>\n<ul>\n<li><a href=\"http:\/\/cursosextensao.usp.br\/enrol\/index.php?id=341\" target=\"_blank\" rel=\"noopener noreferrer\">Curso de Biosseguran\u00e7a<\/a><\/li>\n<li><a href=\"http:\/\/biocel.icb.usp.br\/?page_id=440\" target=\"_blank\" rel=\"noopener noreferrer\">Curso de Radioprote\u00e7\u00e3o<\/a><\/li>\n<li><a href=\"http:\/\/biocel.icb.usp.br\/wp-content\/uploads\/2016\/09\/Uso-animais.pdf\">Curso de Uso \u00c9tico e Humanit\u00e1rio de Animais em Experimenta\u00e7\u00e3o<\/a><\/li>\n<\/ul>\n<p>&nbsp;<\/p>\n<p><strong>Outras Informa\u00e7\u00f5es:<\/strong><\/p>\n<p><a href=\"https:\/\/ww2.icb.usp.br\/icb\/etica-no-uso-de-animais\/\">Comiss\u00e3o de \u00c9tica no uso de Animais<\/a>\u00a0<span style=\"color: #339966\">(CEUA)<\/span><\/p>\n<p><a href=\"https:\/\/ww2.icb.usp.br\/icb\/etica-em-pesquisa-envolvendo-seres-humanos-membros\/\">Comit\u00ea de \u00c9tica em Pesquisa com Seres Humanos<\/a> <span style=\"color: #339966\">(CEPSH)<\/span><\/p>\n<p><a href=\"https:\/\/ww2.icb.usp.br\/icb\/central-de-bioterismo\/\">Central de Bioterismo<\/a>\u00a0<span style=\"color: #339966\">(CEBIOT)<\/span><\/p>","protected":false},"excerpt":{"rendered":"<p>OBRIGAT\u00d3RIO PARA TODOS OS INGRESSANTES DEPOIS DE 2016: Curso de Armazenamento, Manuseio e Descarte de Produtos Qu\u00edmicos OBRIGAT\u00d3RIO DEPENDENDO DO PROJETO DE TESE Curso de Biosseguran\u00e7a Curso de Radioprote\u00e7\u00e3o Curso de Uso \u00c9tico e Humanit\u00e1rio de Animais em Experimenta\u00e7\u00e3o &nbsp; Outras Informa\u00e7\u00f5es: Comiss\u00e3o de \u00c9tica no uso de Animais\u00a0(CEUA) Comit\u00ea de \u00c9tica em Pesquisa com Seres Humanos (CEPSH) Central de Bioterismo\u00a0(CEBIOT)<\/p>\n","protected":false},"author":377,"featured_media":0,"parent":0,"menu_order":0,"comment_status":"closed","ping_status":"closed","template":"","meta":{"footnotes":"","_links_to":"","_links_to_target":""},"class_list":["post-1770","page","type-page","status-publish","hentry"],"_links":{"self":[{"href":"https:\/\/sites.usp.br\/biocel-tecidual\/wp-json\/wp\/v2\/pages\/1770","targetHints":{"allow":["GET"]}}],"collection":[{"href":"https:\/\/sites.usp.br\/biocel-tecidual\/wp-json\/wp\/v2\/pages"}],"about":[{"href":"https:\/\/sites.usp.br\/biocel-tecidual\/wp-json\/wp\/v2\/types\/page"}],"author":[{"embeddable":true,"href":"https:\/\/sites.usp.br\/biocel-tecidual\/wp-json\/wp\/v2\/users\/377"}],"replies":[{"embeddable":true,"href":"https:\/\/sites.usp.br\/biocel-tecidual\/wp-json\/wp\/v2\/comments?post=1770"}],"version-history":[{"count":4,"href":"https:\/\/sites.usp.br\/biocel-tecidual\/wp-json\/wp\/v2\/pages\/1770\/revisions"}],"predecessor-version":[{"id":2010,"href":"https:\/\/sites.usp.br\/biocel-tecidual\/wp-json\/wp\/v2\/pages\/1770\/revisions\/2010"}],"wp:attachment":[{"href":"https:\/\/sites.usp.br\/biocel-tecidual\/wp-json\/wp\/v2\/media?parent=1770"}],"curies":[{"name":"wp","href":"https:\/\/api.w.org\/{rel}","templated":true}]}}