{"id":1790,"date":"2017-03-09T09:20:04","date_gmt":"2017-03-09T12:20:04","guid":{"rendered":"http:\/\/sites.usp.br\/biocel-tecidual\/?page_id=1790"},"modified":"2018-12-17T13:41:39","modified_gmt":"2018-12-17T15:41:39","slug":"datas-de-reunioes-da-ccp","status":"publish","type":"page","link":"https:\/\/sites.usp.br\/biocel-tecidual\/datas-de-reunioes-da-ccp\/","title":{"rendered":"Datas de Reuni\u00f5es da CCP"},"content":{"rendered":"<p>&nbsp;<\/p>\n<p><span style=\"color: #ff0000;\"><strong>AGUARDANDO CALEND\u00c1RIO DE REUNI\u00d5ES 2019<\/strong><\/span><\/p>\n<p><strong>Obs.:<\/strong><\/p>\n<ul>\n<li><strong>Dia da semana: 3\u00aas.-feiras. <\/strong><\/li>\n<li><strong>Hor\u00e1rio das reuni\u00f5es: <\/strong>das 14:00 \u00e0s 16:30 horas.<\/li>\n<\/ul>\n<ol>\n<li><strong>Primeira chamada:<\/strong> \u00e0s 14:00 (quorum: 50% + 1);<\/li>\n<li><strong>Segunda chamada:<\/strong> \u00e0s 14:15 (quorum: 50% + 1) e,<\/li>\n<li><strong>Terceira chamada:<\/strong> \u00e0s 14:30 (quorum: qualquer numero).<\/li>\n<\/ol>\n<p><strong>\u00a0<\/strong><\/p>\n<p><strong>Importante: <\/strong><\/p>\n<ol>\n<li><strong>\u00a0As mat\u00e9rias que forem enviadas ap\u00f3s a data destinada ao fechamento da pauta, ser\u00e3o inclu\u00eddas na reuni\u00e3o seguinte. <\/strong><strong>Portanto, atentar quanto ao cumprimento.<\/strong><\/li>\n<li><strong>\u00a0As sugest\u00f5es para composi\u00e7\u00e3o de Comiss\u00f5es Julgadoras de Teses\/Disserta\u00e7\u00f5es, somente ser\u00e3o analisadas, se aluno depositar os exemplares at\u00e9 \u00e0s 15:00 hrs do dia do fechamento da pauta.<\/strong><\/li>\n<li><strong>ATEN\u00c7\u00c3O!!!!! Os alunos dever\u00e3o previamente verificar o calend\u00e1rio de reuni\u00f5es da CCP do Programa a qual pertence.<\/strong><\/li>\n<\/ol>\n<p><\/p>","protected":false},"excerpt":{"rendered":"<p>&nbsp; AGUARDANDO CALEND\u00c1RIO DE REUNI\u00d5ES 2019 Obs.: Dia da semana: 3\u00aas.-feiras. Hor\u00e1rio das reuni\u00f5es: das 14:00 \u00e0s 16:30 horas. Primeira chamada: \u00e0s 14:00 (quorum: 50% + 1); Segunda chamada: \u00e0s 14:15 (quorum: 50% + 1) e, Terceira chamada: \u00e0s 14:30 (quorum: qualquer numero). \u00a0 Importante: \u00a0As mat\u00e9rias que forem enviadas ap\u00f3s a data destinada ao fechamento da pauta, ser\u00e3o inclu\u00eddas na reuni\u00e3o seguinte. Portanto, atentar quanto ao cumprimento. \u00a0As sugest\u00f5es para composi\u00e7\u00e3o de Comiss\u00f5es Julgadoras de Teses\/Disserta\u00e7\u00f5es, somente ser\u00e3o analisadas, se aluno depositar os exemplares at\u00e9 \u00e0s 15:00 hrs do dia do fechamento da pauta. ATEN\u00c7\u00c3O!!!!! Os alunos dever\u00e3o previamente verificar o calend\u00e1rio de reuni\u00f5es da CCP do Programa a qual pertence.<\/p>\n","protected":false},"author":377,"featured_media":0,"parent":0,"menu_order":0,"comment_status":"closed","ping_status":"closed","template":"","meta":{"footnotes":"","_links_to":"","_links_to_target":""},"class_list":["post-1790","page","type-page","status-publish","hentry"],"_links":{"self":[{"href":"https:\/\/sites.usp.br\/biocel-tecidual\/wp-json\/wp\/v2\/pages\/1790","targetHints":{"allow":["GET"]}}],"collection":[{"href":"https:\/\/sites.usp.br\/biocel-tecidual\/wp-json\/wp\/v2\/pages"}],"about":[{"href":"https:\/\/sites.usp.br\/biocel-tecidual\/wp-json\/wp\/v2\/types\/page"}],"author":[{"embeddable":true,"href":"https:\/\/sites.usp.br\/biocel-tecidual\/wp-json\/wp\/v2\/users\/377"}],"replies":[{"embeddable":true,"href":"https:\/\/sites.usp.br\/biocel-tecidual\/wp-json\/wp\/v2\/comments?post=1790"}],"version-history":[{"count":4,"href":"https:\/\/sites.usp.br\/biocel-tecidual\/wp-json\/wp\/v2\/pages\/1790\/revisions"}],"predecessor-version":[{"id":2130,"href":"https:\/\/sites.usp.br\/biocel-tecidual\/wp-json\/wp\/v2\/pages\/1790\/revisions\/2130"}],"wp:attachment":[{"href":"https:\/\/sites.usp.br\/biocel-tecidual\/wp-json\/wp\/v2\/media?parent=1790"}],"curies":[{"name":"wp","href":"https:\/\/api.w.org\/{rel}","templated":true}]}}