{"id":147,"date":"2020-08-11T11:43:50","date_gmt":"2020-08-11T13:43:50","guid":{"rendered":"https:\/\/sites.usp.br\/biologia\/?page_id=147"},"modified":"2026-04-13T10:50:33","modified_gmt":"2026-04-13T12:50:33","slug":"extensao","status":"publish","type":"page","link":"https:\/\/sites.usp.br\/biologia\/extensao\/","title":{"rendered":"Extens\u00e3o"},"content":{"rendered":"<p>As atividades de extens\u00e3o permitem compartilhar com a sociedade o conhecimento abordado nas diversas linhas de pesquisa congregadas junto ao DB, promovendo o debate de assuntos atuais que envolvem temas das Ci\u00eancias Biol\u00f3gicas e fomentando o interc\u00e2mbio de saberes entre academia e sociedade. Historicamente o DB desenvolve numerosas atividades de extens\u00e3o universit\u00e1ria. Essas a\u00e7\u00f5es s\u00e3o especialmente proeminentes na interface com a educa\u00e7\u00e3o em diferentes n\u00edveis de forma\u00e7\u00e3o. Nessa vertente, destaca-se o projeto do <em>Museu da Biodiversidade da Universidade de S\u00e3o Paulo<\/em> (<em>MBUSP<\/em>), que congregar\u00e1 uma exposi\u00e7\u00e3o de grande porte com potencial para transformar a cidade e o <em>campus<\/em> em um centro nacional de visita\u00e7\u00e3o. Membros do DB tamb\u00e9m participam de cursos gratuitos de prepara\u00e7\u00e3o para o vestibular, prov\u00eam suporte direto a escolas e docentes da Rede P\u00fablica de Ensino em atividades de ensino de Ci\u00eancia, realizam acolhimento de professores e alunos da Rede P\u00fablica de ensino em atividades no DB e lideram a\u00e7\u00f5es de extens\u00e3o em \u00e1reas p\u00fablicas (&#8220;<em>Bio na Rua<\/em>&#8220;) tamb\u00e9m relacionadas ao ensino de Ci\u00eancia. Dentre as a\u00e7\u00f5es em interface com atividades relacionadas com o uso e gest\u00e3o do meio ambiente, destacam-se a identifica\u00e7\u00e3o de material biol\u00f3gico, o apoio fornecido a apicultores, e a orienta\u00e7\u00e3o para atividades de conserva\u00e7\u00e3o e sustentabilidade dentro e fora do <em>campus<\/em> da USP. \u00c9 importante destacar que muitos dos eventos realizados no \u00e2mbito do DB s\u00e3o propostos e organizados por discentes de gradua\u00e7\u00e3o ou vinculados aos Programas de P\u00f3s-Gradua\u00e7\u00e3o em Biologia Comparada e Entomologia. Essa estrat\u00e9gia estimula que nossa(o)s aluna(o)s adquiram viv\u00eancia docente e experi\u00eancia na organiza\u00e7\u00e3o de atividades e eventos cient\u00edficos.<\/p>\n<p>&nbsp;<\/p>\n<p><strong><em>N\u00facleo de Apoio \u00e0s Atividades de Cultura e Extens\u00e3o \u201cCentro de Estudo e Extens\u00e3o Florestal da USP de Ribeir\u00e3o Preto\u201d (CEEFLORUSP)<\/em><\/strong><strong>:<\/strong><\/p>\n<p>O <em>NACE CEEFLORUSP<\/em> tem realizado diversas a\u00e7\u00f5es visando a forma\u00e7\u00e3o de educadores na \u00e1rea ambiental. A cada 2 anos \u00e9 oferecido um curso voltado para pr\u00e1ticas em sala de aula com o tema da biodiversidade. Tamb\u00e9m s\u00e3o realizadas visitas monitoradas \u00e0 \u00e1rea de reflorestamento do <em>campus<\/em>, que t\u00eam por objetivo mostrar \u00e0 comunidade USP e do seu entorno a import\u00e2ncia das \u00e1reas reflorestadas e ilustrar como a pesquisa cient\u00edfica tem contribu\u00eddo para a cria\u00e7\u00e3o e manejo dessas \u00e1reas.<\/p>\n<p>&nbsp;<\/p>\n<p><strong><em>Atividades Regulares:<\/em><\/strong><\/p>\n<p>&#8211; <em>Bio na Rua<\/em>(<a href=\"https:\/\/www.facebook.com\/bionaruarp\/?ref=br_rs\">https:\/\/www.facebook.com\/bionaruarp\/?ref=br_rs<\/a>): O Bio na Rua \u00e9 um evento anual realizado em espa\u00e7os p\u00fablicos (pra\u00e7as ou parques). A atividade, iniciada em 2017, \u00e9 organizada e executada por estudantes do DB, com apoio do corpo docente e servidores n\u00e3o-docentes. O projeto visa, por meio de atividades interativas e expositivas sobre diversos temas da biologia, promover a divulga\u00e7\u00e3o cient\u00edfica e a transmiss\u00e3o do conhecimento, bem como despertar o interesse da sociedade pela biologia e pela ci\u00eancia de forma geral, al\u00e9m de incentivar o uso e a conserva\u00e7\u00e3o dos espa\u00e7os p\u00fablicos.<\/p>\n<p><em> [download id=&#8221;208&#8243;]<\/em><\/p>\n<p><a href=\"https:\/\/sites.usp.br\/biologia\/wp-content\/uploads\/sites\/782\/2020\/08\/1.jpg\"><img loading=\"lazy\" decoding=\"async\" class=\"alignnone size-medium wp-image-216\" src=\"https:\/\/sites.usp.br\/biologia\/wp-content\/uploads\/sites\/782\/2020\/08\/1-300x210.jpg\" alt=\"\" width=\"300\" height=\"210\" srcset=\"https:\/\/sites.usp.br\/biologia\/wp-content\/uploads\/sites\/782\/2020\/08\/1-300x210.jpg 300w, https:\/\/sites.usp.br\/biologia\/wp-content\/uploads\/sites\/782\/2020\/08\/1-1024x718.jpg 1024w, https:\/\/sites.usp.br\/biologia\/wp-content\/uploads\/sites\/782\/2020\/08\/1-768x538.jpg 768w, https:\/\/sites.usp.br\/biologia\/wp-content\/uploads\/sites\/782\/2020\/08\/1-400x280.jpg 400w, https:\/\/sites.usp.br\/biologia\/wp-content\/uploads\/sites\/782\/2020\/08\/1.jpg 1044w\" sizes=\"auto, (max-width: 300px) 100vw, 300px\" \/><\/a><\/p>\n<p>&#8211; <em>Caf\u00e9 com Ci\u00eancia<\/em>: Trata-se de uma iniciativa empreendida pelos Programas de P\u00f3s-Gradua\u00e7\u00e3o em Biologia Comparada e em Entomologia e pelo Departamento de Biologia, sendo coordenada por docentes do DB e p\u00f3s-graduanda(o)s, primariamente visando informar a(o)s discentes de gradua\u00e7\u00e3o e P\u00f3s-Gradua\u00e7\u00e3o do DB sobre os principais avan\u00e7os nas diferentes \u00e1reas do conhecimento, al\u00e9m de viabilizar o contato entre discentes e pesquisadora(e)s palestrantes vinculados a institui\u00e7\u00f5es de ensino e pesquisa no Brasil e no exterior. O evento, usualmente composto por palestras ou debates com dura\u00e7\u00e3o de 2 horas que ocorrem regularmente uma vez por semana, em dia e hor\u00e1rio fixo, durante todo per\u00edodo letivo. O Caf\u00e9 com Ci\u00eancia foi inaugurado em agosto de 2013, e acumula 183 edi\u00e7\u00f5es (<a href=\"http:\/\/1cafecomciencia.blogspot.com\/; https:\/\/www.facebook.com\/Caf%C3%A9-com-Ci%C3%AAncia-FFCLRPUSP-1685913228312438\/\">http:\/\/1cafecomciencia.blogspot.com\/; https:\/\/www.facebook.com\/Caf%C3%A9-com-Ci%C3%AAncia-FFCLRPUSP-1685913228312438\/<\/a>).<\/p>\n<p><img loading=\"lazy\" decoding=\"async\" class=\"size-full wp-image-175 alignleft\" src=\"https:\/\/sites.usp.br\/biologia\/wp-content\/uploads\/sites\/782\/2020\/08\/cafe-com-ciencia.jpeg\" alt=\"\" width=\"285\" height=\"177\" \/><\/p>\n<p>&nbsp;<\/p>\n<p>&nbsp;<\/p>\n<p>&nbsp;<\/p>\n<p>&nbsp;<\/p>\n<p>&nbsp;<\/p>\n<p>&#8211; <em>Darwin Day<\/em>: Darwin Day \u00e9 um evento internacional organizado pela <em>American Humanist Association<\/em> que desde 2000 visa celebrar a vida e obra do naturalista Charles Robert Darwin (1809-1882), discutindo com a sociedade os conceitos da Biologia Evolutiva e seus impactos para diferentes esferas sociais. O evento encontra-se em sua 6<sup>a<\/sup> edi\u00e7\u00e3o em Ribeir\u00e3o Preto, sempre organizado e promovido pela(o)s discentes dos Programas de P\u00f3s-Gradua\u00e7\u00e3o de Biologia Comparada e de Entomologia da FFCLRP, com apoio de sua(eu)s coordenadora(e)s e do DB. Tem como p\u00fablico-alvo alunos de Ensino M\u00e9dio e professores de Ci\u00eancias e Biologia, e seu principal objetivo \u00e9 promover a troca de conhecimentos entre o meio acad\u00eamico e a sociedade, estimulado a forma\u00e7\u00e3o de cidad\u00e3os mais cr\u00edticos.<\/p>\n<p>&nbsp;<\/p>\n<p>&#8211; <em>Semana de Bioestudos<\/em>: essa atividade \u00e9 organizada pelo corpo discente do DB, por meio do <em>Centro Estudantil da Biologia \u201cMaria Madalena da Costa Telles\u201d<\/em> (CEB), com apoio do DB. O evento \u00e9 realizado h\u00e1 45 anos ininterruptos, e tem como p\u00fablico-alvo estudantes de biologia, mas n\u00e3o exclusivamente. A <em>Semana de Bioestudos<\/em> objetiva trazer diversos temas das diferentes \u00e1reas do conhecimento cient\u00edfico e cultural, visando debater assuntos em \u00e2mbito geral, integrando aluna(o)s de gradua\u00e7\u00e3o do curso de Ci\u00eancias Biol\u00f3gicas do DB e de P\u00f3s-Gradua\u00e7\u00e3o da FFCLRP, al\u00e9m de aluna(o)s de outras faculdades e institui\u00e7\u00f5es e funcion\u00e1ria(o)s do <em>campus<\/em>.<\/p>\n<p>&nbsp;<\/p>\n<p><strong><em>Pronta pra ser Cientista<\/em><\/strong><strong>:<\/strong><\/p>\n<p>O projeto Pronta pra ser Cientista tem como objetivo atrair meninas para as carreiras de Ci\u00eancias Biol\u00f3gicas e estimular pesquisadoras da Faculdade de Filosofia, Ci\u00eancias e Letras (FFCLRP) e da Faculdade de Ci\u00eancias Farmac\u00eauticas (FCFRP), Universidade de S\u00e3o Paulo, a se tornarem agentes do desenvolvimento cient\u00edfico e tecnol\u00f3gico no\u00a0<i>campus\u00a0<\/i>USP-RP por meio de um curso gratuito com o p\u00fablico alvo feminino oriundo de escolas p\u00fablicas e privadas da rede de Ensino Fundamental de Ribeir\u00e3o Preto.<\/p>\n<p><img loading=\"lazy\" decoding=\"async\" class=\"alignleft wp-image-197\" src=\"https:\/\/sites.usp.br\/biologia\/wp-content\/uploads\/sites\/782\/2020\/08\/pronta.jpg\" alt=\"\" width=\"191\" height=\"238\" \/><\/p>\n<p>&nbsp;<\/p>\n<p>&nbsp;<\/p>\n<p>&nbsp;<\/p>\n<p><a href=\"https:\/\/sites.usp.br\/prontacientista\/\">https:\/\/sites.usp.br\/prontacientista\/<\/a><\/p>\n<p>&nbsp;<\/p>\n<p>&nbsp;<\/p>\n<p style=\"font-weight: 400;\">\n<p style=\"font-weight: 400;\">\n<div dir=\"auto\">&#8211; &#8211; &#8211;<\/div>\n<div dir=\"auto\"><\/div>\n<div dir=\"auto\"><img decoding=\"async\" class=\"an1 CToWUd\" draggable=\"false\" src=\"https:\/\/fonts.gstatic.com\/s\/e\/notoemoji\/17.0\/1f469_1f3fd_200d_1f52c\/32.png\" alt=\"\ud83d\udc69\ud83c\udffd\u200d\ud83d\udd2c\" data-emoji=\"\ud83d\udc69\ud83c\udffd\u200d\ud83d\udd2c\" aria-label=\"\ud83d\udc69\ud83c\udffd\u200d\ud83d\udd2c\" data-bit=\"iit\" \/><img decoding=\"async\" class=\"an1 CToWUd\" draggable=\"false\" src=\"https:\/\/fonts.gstatic.com\/s\/e\/notoemoji\/17.0\/1f52c\/32.png\" alt=\"\ud83d\udd2c\" data-emoji=\"\ud83d\udd2c\" aria-label=\"\ud83d\udd2c\" data-bit=\"iit\" \/>Est\u00e3o abertas as inscri\u00e7\u00f5es para o Pronta pra ser Cientista 2026\u00a0<img decoding=\"async\" class=\"an1 CToWUd\" draggable=\"false\" src=\"https:\/\/fonts.gstatic.com\/s\/e\/notoemoji\/17.0\/2728\/32.png\" alt=\"\u2728\" data-emoji=\"\u2728\" aria-label=\"\u2728\" data-bit=\"iit\" \/><\/div>\n<div dir=\"auto\">\n<div dir=\"auto\">\nEssa edi\u00e7\u00e3o ser\u00e1 realizada presencialmente no Departamento de Biologia da Faculdade de Filosofia, Ci\u00eancias e Letras de Ribeir\u00e3o Preto &#8211; FFCLRP\/USP,\u00a0<b>aos s\u00e1bados da manh\u00e3 de<\/b>\u00a0<b>maio (das 8:30 \u00e0s 12:30), nos dias 09\/05, 16\/05, 23\/05 e 30\/05<\/b>.<img decoding=\"async\" class=\"an1 CToWUd\" draggable=\"false\" src=\"https:\/\/fonts.gstatic.com\/s\/e\/notoemoji\/17.0\/2764_fe0f\/32.png\" alt=\"\u2764\ufe0f\" data-emoji=\"\u2764\ufe0f\" aria-label=\"\u2764\ufe0f\" data-bit=\"iit\" \/><\/p>\n<p><b>Ser\u00e3o sorteadas 30 vagas<\/b>\u00a0para alunas do Ensino Fundamental II (do 6\u00ba ao 9\u00ba ano), sendo 10 vagas destinadas a alunas de escola p\u00fablica e bolsistas de 100% de escolas privadas; 10 vagas destinadas a PPI (Pessoas Pretas, Pardas e Ind\u00edgenas); e 10 vagas para alunas de escola privada (ampla concorr\u00eancia).\u00a0<img decoding=\"async\" class=\"an1 CToWUd\" draggable=\"false\" src=\"https:\/\/fonts.gstatic.com\/s\/e\/notoemoji\/17.0\/1f469_1f3fd_200d_1f52c\/32.png\" alt=\"\ud83d\udc69\ud83c\udffd\u200d\ud83d\udd2c\" data-emoji=\"\ud83d\udc69\ud83c\udffd\u200d\ud83d\udd2c\" aria-label=\"\ud83d\udc69\ud83c\udffd\u200d\ud83d\udd2c\" data-bit=\"iit\" \/><\/p>\n<p><img decoding=\"async\" class=\"an1 CToWUd\" draggable=\"false\" src=\"https:\/\/fonts.gstatic.com\/s\/e\/notoemoji\/17.0\/261d_1f3fd\/32.png\" alt=\"\u261d\ud83c\udffd\" data-emoji=\"\u261d\ud83c\udffd\" aria-label=\"\u261d\ud83c\udffd\" data-bit=\"iit\" \/><b><span aria-invalid=\"grammar\">Inscri\u00e7\u00f5es<\/span>\u00a0estar\u00e3o abertas do dia 06\/04 ao dia 21\/04<\/b>\u00a0e o sorteio das participantes ser\u00e1 realizado no dia 22\/04 em nossas redes sociais.<\/p>\n<p>Para mais informa\u00e7\u00f5es, acompanhem nossas redes sociais!\u00a0<img decoding=\"async\" class=\"an1 CToWUd\" draggable=\"false\" src=\"https:\/\/fonts.gstatic.com\/s\/e\/notoemoji\/17.0\/1f60d\/32.png\" alt=\"\ud83d\ude0d\" data-emoji=\"\ud83d\ude0d\" aria-label=\"\ud83d\ude0d\" data-bit=\"iit\" \/><img decoding=\"async\" class=\"an1 CToWUd\" draggable=\"false\" src=\"https:\/\/fonts.gstatic.com\/s\/e\/notoemoji\/17.0\/1f60d\/32.png\" alt=\"\ud83d\ude0d\" data-emoji=\"\ud83d\ude0d\" aria-label=\"\ud83d\ude0d\" data-bit=\"iit\" \/><\/p>\n<p><img decoding=\"async\" class=\"an1 CToWUd\" draggable=\"false\" src=\"https:\/\/fonts.gstatic.com\/s\/e\/notoemoji\/17.0\/1f4f2\/32.png\" alt=\"\ud83d\udcf2\" data-emoji=\"\ud83d\udcf2\" aria-label=\"\ud83d\udcf2\" data-bit=\"iit\" \/>\u00a0<b>Link formul\u00e1rio:\u00a0<\/b><a href=\"https:\/\/docs.google.com\/forms\/d\/e\/1FAIpQLSfmylGfO4b4cpPQ0fkyYKS-5fhOyZNsz8omnQMZWnt5B1-aFg\/viewform?usp=dialog\" target=\"_blank\" rel=\"noopener\" data-saferedirecturl=\"https:\/\/www.google.com\/url?q=https:\/\/docs.google.com\/forms\/d\/e\/1FAIpQLSfmylGfO4b4cpPQ0fkyYKS-5fhOyZNsz8omnQMZWnt5B1-aFg\/viewform?usp%3Ddialog&amp;source=gmail&amp;ust=1776170706009000&amp;usg=AOvVaw0ILawnlAObeUH5SKOCx4O6\">https:\/\/docs.<wbr \/>google.com\/forms\/d\/e\/<wbr \/>1FAIpQLSfmylGfO4b4cpPQ0fkyYKS-<wbr \/>5fhOyZNsz8omnQMZWnt5B1-aFg\/<wbr \/>viewform?usp=dialog<\/a><\/div>\n<\/div>\n","protected":false},"excerpt":{"rendered":"<p>As atividades de extens\u00e3o permitem compartilhar com a sociedade o conhecimento abordado nas diversas linhas de pesquisa congregadas junto ao DB, promovendo o debate de assuntos atuais que envolvem temas das Ci\u00eancias Biol\u00f3gicas e fomentando o interc\u00e2mbio de saberes entre &hellip; <a href=\"https:\/\/sites.usp.br\/biologia\/extensao\/\">Continue reading <span class=\"meta-nav\">&rarr;<\/span><\/a><\/p>\n","protected":false},"author":1180,"featured_media":0,"parent":0,"menu_order":2,"comment_status":"closed","ping_status":"closed","template":"","meta":{"footnotes":"","_links_to":"","_links_to_target":""},"class_list":["post-147","page","type-page","status-publish","hentry"],"_links":{"self":[{"href":"https:\/\/sites.usp.br\/biologia\/wp-json\/wp\/v2\/pages\/147","targetHints":{"allow":["GET"]}}],"collection":[{"href":"https:\/\/sites.usp.br\/biologia\/wp-json\/wp\/v2\/pages"}],"about":[{"href":"https:\/\/sites.usp.br\/biologia\/wp-json\/wp\/v2\/types\/page"}],"author":[{"embeddable":true,"href":"https:\/\/sites.usp.br\/biologia\/wp-json\/wp\/v2\/users\/1180"}],"replies":[{"embeddable":true,"href":"https:\/\/sites.usp.br\/biologia\/wp-json\/wp\/v2\/comments?post=147"}],"version-history":[{"count":6,"href":"https:\/\/sites.usp.br\/biologia\/wp-json\/wp\/v2\/pages\/147\/revisions"}],"predecessor-version":[{"id":1674,"href":"https:\/\/sites.usp.br\/biologia\/wp-json\/wp\/v2\/pages\/147\/revisions\/1674"}],"wp:attachment":[{"href":"https:\/\/sites.usp.br\/biologia\/wp-json\/wp\/v2\/media?parent=147"}],"curies":[{"name":"wp","href":"https:\/\/api.w.org\/{rel}","templated":true}]}}