{"id":158,"date":"2018-09-21T11:38:33","date_gmt":"2018-09-21T14:38:33","guid":{"rendered":"http:\/\/sites.usp.br\/biologiaoralforp\/?page_id=158"},"modified":"2025-12-16T15:28:35","modified_gmt":"2025-12-16T18:28:35","slug":"processoselecao","status":"publish","type":"page","link":"https:\/\/sites.usp.br\/biologiaoralforp\/processoselecao\/","title":{"rendered":"Processo\/Sele\u00e7\u00e3o"},"content":{"rendered":"<p>Estar\u00e3o abertas as inscri\u00e7\u00f5es para o processo seletivo\u00a0 a partir de 01\/10\/2025 a 14\/41\/2025 no Servi\u00e7o de P\u00f3s-Gradua\u00e7\u00e3o da FORP-USP, as inscri\u00e7\u00f5es para sele\u00e7\u00e3o de alunos para os cursos de Mestrado e de Doutorado em Biologia Oral , com in\u00edcio do curso previsto para o 1\u00b0 semestre de 2026<\/p>\n<p>Data da sele\u00e7\u00e3o: 02\/12\/2025, presencial (Anfiteatro do Departamento de Estomatologia, Sa\u00fade Coletiva e Odontologia Legal (Bloco Q da Radiologia) da FORP\/USP) \u00e0s 09:00<\/p>\n<p>Edital completo publicado no DOESP de 17\/09\/2025, Caderno Executivo, Se\u00e7\u00e3o Atos de Gest\u00e3o e Despesas<\/p>\n<p>Publica\u00e7\u00e3o DOESP: <a href=\"https:\/\/sites.usp.br\/biologiaoralforp\/wp-content\/uploads\/sites\/188\/2025\/09\/Edital-Processo-seletivo-Biologia-Oral-1o-semestre-2026.pdf\">Edital &#8211; Processo seletivo &#8211; Biologia Oral &#8211; 1\u00ba semestre 2026<\/a><\/p>\n<p>Ficha de inscri\u00e7\u00e3o: <a href=\"https:\/\/forms.gle\/9VuR1d3jdMN2mwpL7\">\u00a0inscri\u00e7\u00e3o<\/a><\/p>\n<p>Resultado: <a href=\"https:\/\/sites.usp.br\/biologiaoralforp\/wp-content\/uploads\/sites\/188\/2025\/12\/SPG-Processo-Seletivo-Biologia-Oral-Resultado-1.2026.pdf\">SPG &#8211; Processo Seletivo &#8211; Biologia Oral &#8211; Resultado &#8211; 1.2026<\/a><\/p>","protected":false},"excerpt":{"rendered":"<p>Estar\u00e3o abertas as inscri\u00e7\u00f5es para o processo seletivo\u00a0 a partir de 01\/10\/2025 a 14\/41\/2025 no Servi\u00e7o de P\u00f3s-Gradua\u00e7\u00e3o da FORP-USP, as inscri\u00e7\u00f5es para sele\u00e7\u00e3o de alunos para os cursos de Mestrado e de Doutorado em Biologia Oral , com in\u00edcio do curso previsto para o 1\u00b0 semestre de 2026 Data da sele\u00e7\u00e3o: 02\/12\/2025, presencial (Anfiteatro [&hellip;]<\/p>\n","protected":false},"author":347,"featured_media":0,"parent":0,"menu_order":0,"comment_status":"closed","ping_status":"closed","template":"","meta":{"footnotes":"","_links_to":"","_links_to_target":""},"class_list":["post-158","page","type-page","status-publish","hentry"],"_links":{"self":[{"href":"https:\/\/sites.usp.br\/biologiaoralforp\/wp-json\/wp\/v2\/pages\/158","targetHints":{"allow":["GET"]}}],"collection":[{"href":"https:\/\/sites.usp.br\/biologiaoralforp\/wp-json\/wp\/v2\/pages"}],"about":[{"href":"https:\/\/sites.usp.br\/biologiaoralforp\/wp-json\/wp\/v2\/types\/page"}],"author":[{"embeddable":true,"href":"https:\/\/sites.usp.br\/biologiaoralforp\/wp-json\/wp\/v2\/users\/347"}],"replies":[{"embeddable":true,"href":"https:\/\/sites.usp.br\/biologiaoralforp\/wp-json\/wp\/v2\/comments?post=158"}],"version-history":[{"count":5,"href":"https:\/\/sites.usp.br\/biologiaoralforp\/wp-json\/wp\/v2\/pages\/158\/revisions"}],"predecessor-version":[{"id":576,"href":"https:\/\/sites.usp.br\/biologiaoralforp\/wp-json\/wp\/v2\/pages\/158\/revisions\/576"}],"wp:attachment":[{"href":"https:\/\/sites.usp.br\/biologiaoralforp\/wp-json\/wp\/v2\/media?parent=158"}],"curies":[{"name":"wp","href":"https:\/\/api.w.org\/{rel}","templated":true}]}}