{"id":206,"date":"2018-10-01T16:14:16","date_gmt":"2018-10-01T19:14:16","guid":{"rendered":"http:\/\/sites.usp.br\/biologiaoralforp\/?page_id=206"},"modified":"2023-10-09T16:07:29","modified_gmt":"2023-10-09T19:07:29","slug":"normas","status":"publish","type":"page","link":"https:\/\/sites.usp.br\/biologiaoralforp\/en\/pagina-inicial\/normas\/","title":{"rendered":"Guidelines"},"content":{"rendered":"<p><a href=\"http:\/\/www.leginf.usp.br\/?resolucao=resolucao-copgr-no-7634-de-20-de-marco-de-2019\">Regulamento Biologia Oral<\/a><\/p>\n<p><a href=\"http:\/\/www.leginf.usp.br\/?resolucao=resolucao-no-7493-de-27-de-marco-de-2018\" target=\"_blank\" rel=\"noopener noreferrer\">Regimento de P\u00f3s-Gradua\u00e7\u00e3o da USP<\/a><\/p>","protected":false},"excerpt":{"rendered":"<p>Regulamento Biologia Oral Regimento de P\u00f3s-Gradua\u00e7\u00e3o da USP<\/p>\n","protected":false},"author":347,"featured_media":0,"parent":79,"menu_order":0,"comment_status":"closed","ping_status":"closed","template":"","meta":{"footnotes":"","_links_to":"","_links_to_target":""},"class_list":["post-206","page","type-page","status-publish","hentry"],"_links":{"self":[{"href":"https:\/\/sites.usp.br\/biologiaoralforp\/en\/wp-json\/wp\/v2\/pages\/206","targetHints":{"allow":["GET"]}}],"collection":[{"href":"https:\/\/sites.usp.br\/biologiaoralforp\/en\/wp-json\/wp\/v2\/pages"}],"about":[{"href":"https:\/\/sites.usp.br\/biologiaoralforp\/en\/wp-json\/wp\/v2\/types\/page"}],"author":[{"embeddable":true,"href":"https:\/\/sites.usp.br\/biologiaoralforp\/en\/wp-json\/wp\/v2\/users\/347"}],"replies":[{"embeddable":true,"href":"https:\/\/sites.usp.br\/biologiaoralforp\/en\/wp-json\/wp\/v2\/comments?post=206"}],"version-history":[{"count":5,"href":"https:\/\/sites.usp.br\/biologiaoralforp\/en\/wp-json\/wp\/v2\/pages\/206\/revisions"}],"predecessor-version":[{"id":506,"href":"https:\/\/sites.usp.br\/biologiaoralforp\/en\/wp-json\/wp\/v2\/pages\/206\/revisions\/506"}],"up":[{"embeddable":true,"href":"https:\/\/sites.usp.br\/biologiaoralforp\/en\/wp-json\/wp\/v2\/pages\/79"}],"wp:attachment":[{"href":"https:\/\/sites.usp.br\/biologiaoralforp\/en\/wp-json\/wp\/v2\/media?parent=206"}],"curies":[{"name":"wp","href":"https:\/\/api.w.org\/{rel}","templated":true}]}}