{"id":211,"date":"2018-10-01T16:18:28","date_gmt":"2018-10-01T19:18:28","guid":{"rendered":"http:\/\/sites.usp.br\/biologiaoralforp\/?page_id=211"},"modified":"2026-03-18T11:50:34","modified_gmt":"2026-03-18T14:50:34","slug":"noticias","status":"publish","type":"page","link":"https:\/\/sites.usp.br\/biologiaoralforp\/noticias\/","title":{"rendered":"Not\u00edcias"},"content":{"rendered":"<p><\/p>\n<h3><strong>9\u00ba Curso de Inverno em Biologia Oral \u2013 2026<\/strong><\/h3>\n<p>O Programa de P\u00f3s-Gradua\u00e7\u00e3o em Biologia Oral convida os graduandos e graduados, com no m\u00e1ximo 5 anos de formado, nas seguintes \u00e1reas: Odontologia, Medicina, Enfermagem, Biologia, Educa\u00e7\u00e3o F\u00edsica, Fisioterapia, Terapia Ocupacional, Fonoaudiologia e Nutri\u00e7\u00e3o, para o \u201c9\u00ba Curso de Inverno em Biologia Oral\u201d, a ser realizado no per\u00edodo de 20\/07\/2026 a 24\/07\/2026, nas depend\u00eancias da FORP-USP.<\/p>\n<p>Per\u00edodo de inscri\u00e7\u00e3o: 01\/04\/2026 a 30\/04\/2026.<\/p>\n<p>Os interessados devem realizar sua inscri\u00e7\u00e3o atrav\u00e9s do <a href=\"https:\/\/uspdigital.usp.br\/apolo\/inscricaoPublicaFormCursosOferecidosListar?oriins=W&amp;codmnu=1447\">https:\/\/uspdigital.usp.br\/apolo\/inscricaoPublicaFormCursosOferecidosListar?oriins=W&amp;codmnu=1447<\/a>, ap\u00f3s enviar o curr\u00edculo lattes para o e-mail.<\/p>\n<p>Edital do curso: <a href=\"http:\/\/sites.usp.br\/biologiaoralforp\/wp-content\/uploads\/sites\/188\/2026\/03\/Edital-Curso-Inverno-2026-Final-_-06-01-26.pdf\">Edital Curso Inverno 2026 Final _ 06-01-26<\/a><\/p>\n<p>Informa\u00e7\u00f5es e envio do curr\u00edculo lattes pelo e-mail: cursodeinverno.dbbo@forp.usp.br<\/p>\n<h3><\/h3>\n<h3><strong>8\u00ba Curso de Inverno em Biologia Oral \u2013 2025<\/strong><\/h3>\n<p>O Programa de P\u00f3s-Gradua\u00e7\u00e3o em Biologia Oral convida os graduandos e graduados, com no m\u00e1ximo 5 anos de formado, nas seguintes \u00e1reas: Odontologia, Medicina, Enfermagem, Biologia, Educa\u00e7\u00e3o F\u00edsica, Fisioterapia, Terapia Ocupacional, Fonoaudiologia e Nutri\u00e7\u00e3o, para o \u201c8\u00ba Curso de Inverno em Biologia Oral\u201d, a ser realizado no per\u00edodo de 21\/07\/2025 a 25\/07\/2025, nas depend\u00eancias da FORP-USP.<\/p>\n<p>Per\u00edodo de inscri\u00e7\u00e3o: 01\/04\/2025 a 30\/04\/2025.<\/p>\n<p>Os interessados devem realizar sua inscri\u00e7\u00e3o atrav\u00e9s do <a href=\"https:\/\/uspdigital.usp.br\/apolo\/inscricaoPublicaFormCursosOferecidosListar?oriins=W&amp;codmnu=1447\">https:\/\/uspdigital.usp.br\/apolo\/inscricaoPublicaFormCursosOferecidosListar?oriins=W&amp;codmnu=1447<\/a>, ap\u00f3s enviar o curr\u00edculo lattes para o e-mail.<\/p>\n<p>Informa\u00e7\u00f5es e envio do curr\u00edculo lattes pelo e-mail: cursodeinverno.dbbo@forp.usp.br<\/p>\n<p>&nbsp;<\/p>\n<h3>Resultado do Processo Seletivo 1\u00ba Semestre 2025: <a href=\"https:\/\/sites.usp.br\/biologiaoralforp\/wp-content\/uploads\/sites\/188\/2025\/04\/SPG-Processo-Seletivo-Biologia-Oral-Resultado-1.2025.pdf\">SPG &#8211; Processo Seletivo &#8211; Biologia Oral &#8211; Resultado &#8211; 1.2025<\/a><\/h3>\n<h3>Processo Seletivo 1\u00ba Semestre de 2025: <a href=\"https:\/\/sites.usp.br\/biologiaoralforp\/wp-content\/uploads\/sites\/188\/dlm_uploads\/2024\/12\/Edital-Processo-seletivo-Biologia-Oral-1o-semestre-2025.pdf\">Edital &#8211; Processo seletivo &#8211; Biologia Oral- 1\u00ba semestre 2025<\/a><\/h3>\n<h3>Resultado do Processo Seletivo 1\u00ba Semestre 2024: <a href=\"https:\/\/sites.usp.br\/biologiaoralforp\/wp-content\/uploads\/sites\/188\/2024\/03\/Resultado-Processo-Seletivo-Biologia-Oral-ME-DO-e-Orientadores-fevereiro-novo-2024.pdf\">Resultado Processo Seletivo Biologia Oral ME &#8211; DO e Orientadores fevereiro novo 2024<\/a><\/h3>\n<h3>Processo Seletivo 1\u00ba Semestre 2024: <a href=\"https:\/\/sites.usp.br\/biologiaoralforp\/wp-content\/uploads\/sites\/188\/2024\/01\/Edital-Processo-Seletivo-Biologia-Oral-1-semestre-2024.pdf\">Edital Processo Seletivo Biologia Oral 1 semestre 2024<\/a> <a href=\"https:\/\/sites.usp.br\/biologiaoralforp\/wp-content\/uploads\/sites\/188\/2024\/01\/Edital-ME-e-DO-1-2024-Biologia-Oral.pdf\">Edital ME e DO 1 2024 Biologia Oral<\/a> <a href=\"https:\/\/sites.usp.br\/biologiaoralforp\/wp-content\/uploads\/sites\/188\/2024\/01\/Edital-Processo-Seletivo-pag-26.pdf\">Edital Processo Seletivo pag 26<\/a> <a href=\"https:\/\/sites.usp.br\/biologiaoralforp\/wp-content\/uploads\/sites\/188\/2024\/01\/Edital-Processo-Seletivo-pag-27.pdf\">Edital Processo Seletivo pag 27<\/a><\/h3>\n<h3>Resultado do Processo Seletivo 2\u00ba Semestre 2023:\u00a0 <a href=\"https:\/\/sites.usp.br\/biologiaoralforp\/wp-content\/uploads\/sites\/188\/2023\/07\/Resultado-Processo-Seletivo-Biologia-Oral-ME-DO-e-Orientadores-junho-2023.pdf\">Resultado Processo Seletivo Biologia Oral ME &#8211; DO e Orientadores junho 2023<\/a><\/h3>\n<h3>Processo Seletivo 2\u00ba Semestre de 2023:\u00a0<a href=\"https:\/\/sites.usp.br\/biologiaoralforp\/wp-content\/uploads\/sites\/188\/2023\/05\/Edital-ME-e-DO-2-2023-Biologia-Oral.pdf\">Edital ME e DO 2 2023 Biologia Oral<\/a> e <a href=\"https:\/\/sites.usp.br\/biologiaoralforp\/wp-content\/uploads\/sites\/188\/2023\/05\/Edital-ME-e-DO-2-2023-Biologia-Oral-WORD.pdf\">Edital ME e DO 2 2023 Biologia Oral WORD<\/a><\/h3>\n<h3><a href=\"https:\/\/sites.usp.br\/biologiaoralforp\/wp-content\/uploads\/sites\/188\/dlm_uploads\/2023\/02\/Resultado-Processo-Seletivo-Biologia-Oral-ME-DO-e-Orientadores-2023-2.pdf\">Resultado Processo Seletivo Biologia Oral ME &#8211; DO e Orientadores 2023<\/a><\/h3>\n<h3>Resultado do Processo Seletivo 2022: <a href=\"https:\/\/sites.usp.br\/biologiaoralforp\/wp-content\/uploads\/sites\/188\/2022\/03\/Resultado-Processo-Seletivo-Biologia-Oral-ME-DO-e-Orientadores.pdf\">Resultado Processo Seletivo Biologia Oral ME &#8211; DO e Orientadores<\/a><\/h3>\n<h3>5\u00ba Curso de Inverno em Biologia Oral \u2013 2022<\/h3>\n<p>O Programa de P\u00f3s-Gradua\u00e7\u00e3o em Biologia Oral convida os graduandos e graduados, com no m\u00e1ximo 5 anos de formado, nas seguintes \u00e1reas: Odontologia, Medicina, Enfermagem, Biologia, Educa\u00e7\u00e3o F\u00edsica, Fisioterapia, Terapia Ocupacional, Fonoaudiologia e Nutri\u00e7\u00e3o, para o \u201c5\u00ba Curso de Inverno em Biologia Oral\u201d, a ser realizado no per\u00edodo de 11\/07\/2022 a 15\/07\/2022, nas depend\u00eancias da FORP-USP.<\/p>\n<p>Per\u00edodo de inscri\u00e7\u00e3o: 07\/03\/2022 a 07\/04\/2022.<\/p>\n<p>Os interessados devem ler o regulamento do curso que se encontra em anexo, preencher o formul\u00e1rio de inscri\u00e7\u00e3o atrav\u00e9s do link no qual dever\u00e1 anexar a sumular curricular preenchida (modelo em anexo):<\/p>\n<p>Regulamento:\u00a0<a href=\"https:\/\/www.forp.usp.br\/wp-content\/uploads\/2022\/02\/Regulamento-Curso-Inverno-em-portuge%CC%82s-2022.pdf\">Clique aqui<\/a><\/p>\n<p>Formul\u00e1rio:\u00a0<a href=\"https:\/\/forms.gle\/6DodQzEfYpFmdT6k6\">Clique aqui<\/a><\/p>\n<p>Modelo de s\u00famula:\u00a0<a href=\"https:\/\/www.forp.usp.br\/wp-content\/uploads\/2022\/02\/NOME-Su%CC%81mula-Curricular-Curso-de-Inverno-BO.docx\">Clique aqui<\/a><\/p>\n<p>Informa\u00e7\u00f5es pelos e-mails:\u00a0<a href=\"mailto:ppg.bioralforp@usp.br\">ppg.bioralforp@usp.br<\/a>\u00a0ou\u00a0<a href=\"mailto:cursodeinverno.dbbo@forp.usp.br\">cursodeinverno.dbbo@forp.usp.br<\/a><\/p>\n<p><strong>Resultado 5\u00ba Curso de Inverno:<\/strong><\/p>\n<div>Candidatos aprovados (ordem alfab\u00e9tica) para o Curso de Inverno em Biologia Oral 2022, que acontecer\u00e1 entre os dias 11 e 15 de Julho de 2022 presencialmente.<\/div>\n<div><\/div>\n<div>\n<table dir=\"ltr\" border=\"1\" cellspacing=\"0\" cellpadding=\"0\">\n<colgroup>\n<col width=\"223\" \/><\/colgroup>\n<tbody>\n<tr>\n<td>Agnes Andrade Martins<\/td>\n<\/tr>\n<tr>\n<td>Annelise Lopes Cunha e Silva<\/td>\n<\/tr>\n<tr>\n<td>Celena de Sousa Dias<\/td>\n<\/tr>\n<tr>\n<td>C\u00e9lio Leone Ferreira Soares<\/td>\n<\/tr>\n<tr>\n<td>Cibelly de F\u00e1tima Vieira Ferreira<\/td>\n<\/tr>\n<tr>\n<td>Douglas Evangelista de Freitas<\/td>\n<\/tr>\n<tr>\n<td>Douglas Matheus Lima Farias<\/td>\n<\/tr>\n<tr>\n<td>Evaldo Henrique Pessoa da Costa<\/td>\n<\/tr>\n<tr>\n<td>Jefferson Douglas Lima Fernandes<\/td>\n<\/tr>\n<tr>\n<td>Jos\u00e9 Igor da Silva<\/td>\n<\/tr>\n<tr>\n<td>Kimberly Damazio Tiburcio<\/td>\n<\/tr>\n<tr>\n<td>Lucas Francisco Arruda Mendon\u00e7a<\/td>\n<\/tr>\n<tr>\n<td>M\u00f4nica Ribeiro de Oliveira Santana<\/td>\n<\/tr>\n<tr>\n<td>N\u00edvia Delamoniky Lima Fernandes<\/td>\n<\/tr>\n<tr>\n<td>Raysa Theresa Pinheiro Santos<\/td>\n<\/tr>\n<tr>\n<td>Sandy Targino Albuquerque da Silva<\/td>\n<\/tr>\n<\/tbody>\n<\/table>\n<\/div>\n<div>Os alunos aprovados que ir\u00e3o participar devem responder este formul\u00e1rio \u00a0<a href=\"https:\/\/forms.gle\/VB5wtzPLRxseJzxA8\" target=\"_blank\" rel=\"noopener\" data-saferedirecturl=\"https:\/\/www.google.com\/url?q=https:\/\/forms.gle\/VB5wtzPLRxseJzxA8&amp;source=gmail&amp;ust=1650969451751000&amp;usg=AOvVaw2O_pQZ6i0BqJkocCH0QI3a\">https:\/\/forms.gle\/<wbr \/>VB5wtzPLRxseJzxA8<\/a>\u00a0\u00a0AT\u00c9 DIA 29 DE ABRIL AS 10:00\u00a0anexando os seguintes\u00a0documentos:<\/div>\n<div>&#8211; Documento de Identidade RG (n\u00e3o aceitamos outro documento, somente RG)<\/div>\n<div>&#8211; Comprovante de seguro de vida e\/ou acidentes pessoais (o prazo do seguro deve abranger o per\u00edodo do curso)<\/div>\n<div>&#8211; Termo de Autoriza\u00e7\u00e3o de Uso de Imagem preenchido e assinado (modelo em anexo)<\/div>\n<div><\/div>\n<div><span style=\"color: #000000;\">Os alunos que n\u00e3o enviarem a documenta\u00e7\u00e3o at\u00e9 a data limite ser\u00e3o automaticamente desclassificados.\u00a0<\/span><\/div>\n<div><\/div>\n<div><\/div>\n<p><b>Premia\u00e7\u00e3o na 38\u00ba SBPqO<\/b><\/p>\n<p>A doutoranda Gabriela Guaraldo Campos T\u00f3toli, do Programa de P\u00f3s-Gradua\u00e7\u00e3o em Biologia Oral, do Departamento de Biologia B\u00e1sica e Oral (DBBO), da Faculdade de Odontologia de Ribeir\u00e3o Preto, Universidade de S\u00e3o Paulo \u2013 FORP \u2013 USP, sob orienta\u00e7\u00e3o do Prof. Dr. Adalberto Luiz Rosa, recebeu o pr\u00eamio de Primeiro Lugar na categoria de Apresenta\u00e7\u00e3o Oral \u2013 \u00c1rea 1 durante a 38\u00b0 Reuni\u00e3o Anual da Sociedade Brasileira de Pesquisa Odontol\u00f3gica \u2013 SBPqO, com o trabalho intitulado <em>Efeito da Terapia Celular com C\u00e9lulas-Tronco Mesenquimais da Medula \u00d3ssea e Tecido Adiposo na Regenera\u00e7\u00e3o do Tecido \u00d3sseo.<\/em><\/p>\n<p><strong>Curso de Inverno em Cirurgia Buco-Maxilo-Facial, Periodontia e Biologia Oral On line<br \/>\n<\/strong><\/p>\n<p>Os Programas de P\u00f3s-Gradua\u00e7\u00e3o em Odontologia (Periodontia e Cirurgia Buco-Maxilo-Facial) e Biologia Oral convidam os graduandos e graduados, com no m\u00e1ximo 5 anos de formado, nas seguintes \u00e1reas: Odontologia, Medicina, Enfermagem, Biologia, Educa\u00e7\u00e3o F\u00edsica, Fisioterapia, Terapia Ocupacional, Fonoaudiologia e Nutri\u00e7\u00e3o, para o \u201cCurso de Inverno em Cirurgia Buco-Maxilo-Facial, Periodontia e Biologia Oral On Line\u201d, a ser realizado no per\u00edodo de 19\/07\/2021 a 24\/07\/2021, nas depend\u00eancias da FORP\/USP.<\/p>\n<p>Per\u00edodo de inscri\u00e7\u00e3o: 17\/05\/2021 a 16\/06\/2021.<\/p>\n<p>Os interessados devem ler o regulamento do curso que se encontra em anexo e preencher o formul\u00e1rio de inscri\u00e7\u00e3o atrav\u00e9s do link:<\/p>\n<p><a href=\"https:\/\/forms.gle\/cXaLzLczxCKn4PyU9\">https:\/\/forms.gle\/cXaLzLczxCKn4PyU9<\/a><\/p>\n<p>Informa\u00e7\u00f5es pelo e-mail: cursodeinverno.dbbo@forp.usp.br ou ppg.bioralforp@usp.br.<\/p>\n<p>Resultado do curso:\u00a0 <a href=\"https:\/\/sites.usp.br\/biologiaoralforp\/wp-content\/uploads\/sites\/188\/2021\/07\/Lista-dos-Candidatos-Aprovados-Curso-de-Inverno-Online-2021.pdf\">Lista dos Candidatos Aprovados &#8211; Curso de Inverno Online 2021<\/a> <a href=\"https:\/\/sites.usp.br\/biologiaoralforp\/wp-content\/uploads\/sites\/188\/2021\/07\/resultado-curso-de-inverno.pdf\">resultado curso de inverno<\/a><\/p>\n<p><strong>CANCELADO &#8211; 4\u00ba Curso de Inverno em Cirurgia Buco-Maxilo-Facial, Periodontia e Biologia Oral<\/strong><\/p>\n<p>Os Programas de P\u00f3s-Gradua\u00e7\u00e3o em Odontologia (Periodontia e Cirurgia Buco-Maxilo-Facial) e Biologia Oral convidam os graduandos e graduados, com no m\u00e1ximo 5 anos de formado, nas seguintes \u00e1reas: Odontologia, Medicina, Enfermagem, Biologia, Educa\u00e7\u00e3o F\u00edsica, Fisioterapia, Terapia Ocupacional, Fonoaudiologia e Nutri\u00e7\u00e3o, para o \u201c4\u00ba Curso de Inverno em Cirurgia Buco-Maxilo-Facial, Periodontia e Biologia Oral\u201d, a ser realizado no per\u00edodo de 13\/07\/2020 a 18\/07\/2020, nas depend\u00eancias da FORP\/USP.<\/p>\n<p>Per\u00edodo de inscri\u00e7\u00e3o: 16\/03\/2020 a 16\/04\/2020.<\/p>\n<p>Os interessados devem ler o regulamento do curso que se encontra em anexo e preencher o formul\u00e1rio de inscri\u00e7\u00e3o atrav\u00e9s do link:<\/p>\n<p><u>https:\/\/forms.gle\/VWR6qAGCBEPcMYKW7<\/u><\/p>\n<p>Informa\u00e7\u00f5es pelo e-mail: ppg.bioralforp@usp.br ou telefone: (16) 3315-4125.<\/p>\n<p>Processo Seletivo &#8211; Aberto &#8211; Edital:\u00a0<a href=\"https:\/\/sites.usp.br\/biologiaoralforp\/wp-content\/uploads\/sites\/188\/2019\/07\/Edital-ME-e-DO-1-2020-Biologia-Oral.pdf\">Edital-ME e DO 1-2020-Biologia Oral<\/a><\/p>\n<div id=\"page-entry\">\n<p>Resultado do Processo Seletivo: <a href=\"https:\/\/sites.usp.br\/biologiaoralforp\/wp-content\/uploads\/sites\/188\/2020\/04\/Resultado-Processo-Seletivo-Biologia-Oral-ME-DO-2-2020.pdf\">Resultado Processo Seletivo Biologia Oral ME-DO 2-2020<\/a><\/p>\n<p>Trabalho de IC do Bone Research Lab \u00e9 1\u00ba Lugar no Pr\u00eamio Myaki Issao (\u00c1rea 10) na 35a Reuni\u00e3o Anual da SBPqO:\u00a0O trabalho intitulado \u201cPapel da prote\u00edna \u00f3ssea morfogen\u00e9tica 9 na intera\u00e7\u00e3o entre osteoblastos e superf\u00edcie de tit\u00e2nio com nanotopografia\u201d, desenvolvido pela acad\u00eamica Barbara Luana da Silva Bezerra sob orienta\u00e7\u00e3o do Prof. Dr. M\u00e1rcio Mateus Beloti, recebeu o\u00a01\u00ba Lugar no Pr\u00eamio\u00a0Myaki Issao (\u00c1rea 10)\u00a0na 35<sup>a\u00a0<\/sup>Reuni\u00e3o Anual da SBPqO. S\u00e3o autores do trabalho: Barbara\u00a0Bezerra L. S. Bezerra, Alann T. P. Souza, Gileade P. Freitas, Fab\u00edola S. Oliveira, Paulo T. Oliveira, Adalberto L. Rosa e M\u00e1rcio M. Beloti.<\/p>\n<\/div>\n<p><\/p>","protected":false},"excerpt":{"rendered":"<p>9\u00ba Curso de Inverno em Biologia Oral \u2013 2026 O Programa de P\u00f3s-Gradua\u00e7\u00e3o em Biologia Oral convida os graduandos e graduados, com no m\u00e1ximo 5 anos de formado, nas seguintes \u00e1reas: Odontologia, Medicina, Enfermagem, Biologia, Educa\u00e7\u00e3o F\u00edsica, Fisioterapia, Terapia Ocupacional, Fonoaudiologia e Nutri\u00e7\u00e3o, para o \u201c9\u00ba Curso de Inverno em Biologia Oral\u201d, a ser realizado [&hellip;]<\/p>\n","protected":false},"author":347,"featured_media":0,"parent":0,"menu_order":0,"comment_status":"closed","ping_status":"closed","template":"","meta":{"footnotes":"","_links_to":"","_links_to_target":""},"class_list":["post-211","page","type-page","status-publish","hentry"],"_links":{"self":[{"href":"https:\/\/sites.usp.br\/biologiaoralforp\/wp-json\/wp\/v2\/pages\/211","targetHints":{"allow":["GET"]}}],"collection":[{"href":"https:\/\/sites.usp.br\/biologiaoralforp\/wp-json\/wp\/v2\/pages"}],"about":[{"href":"https:\/\/sites.usp.br\/biologiaoralforp\/wp-json\/wp\/v2\/types\/page"}],"author":[{"embeddable":true,"href":"https:\/\/sites.usp.br\/biologiaoralforp\/wp-json\/wp\/v2\/users\/347"}],"replies":[{"embeddable":true,"href":"https:\/\/sites.usp.br\/biologiaoralforp\/wp-json\/wp\/v2\/comments?post=211"}],"version-history":[{"count":4,"href":"https:\/\/sites.usp.br\/biologiaoralforp\/wp-json\/wp\/v2\/pages\/211\/revisions"}],"predecessor-version":[{"id":580,"href":"https:\/\/sites.usp.br\/biologiaoralforp\/wp-json\/wp\/v2\/pages\/211\/revisions\/580"}],"wp:attachment":[{"href":"https:\/\/sites.usp.br\/biologiaoralforp\/wp-json\/wp\/v2\/media?parent=211"}],"curies":[{"name":"wp","href":"https:\/\/api.w.org\/{rel}","templated":true}]}}