{"id":1265,"date":"2022-04-05T11:35:15","date_gmt":"2022-04-05T13:35:15","guid":{"rendered":"https:\/\/sites.usp.br\/bioquimica\/?page_id=1265"},"modified":"2022-04-13T18:15:57","modified_gmt":"2022-04-13T20:15:57","slug":"de-carboidratos","status":"publish","type":"page","link":"https:\/\/sites.usp.br\/bioquimica\/de-carboidratos\/","title":{"rendered":"De carboidratos"},"content":{"rendered":"\t\t<div data-elementor-type=\"wp-page\" data-elementor-id=\"1265\" class=\"elementor elementor-1265\" data-elementor-post-type=\"page\">\n\t\t\t\t\t\t<section class=\"elementor-section elementor-top-section elementor-element elementor-element-84751d2 elementor-section-boxed elementor-section-height-default elementor-section-height-default\" data-id=\"84751d2\" data-element_type=\"section\">\n\t\t\t\t\t\t<div class=\"elementor-container elementor-column-gap-default\">\n\t\t\t\t\t<div class=\"elementor-column elementor-col-100 elementor-top-column elementor-element elementor-element-3ee70ef\" data-id=\"3ee70ef\" data-element_type=\"column\">\n\t\t\t<div class=\"elementor-widget-wrap elementor-element-populated\">\n\t\t\t\t\t\t<div class=\"elementor-element elementor-element-86f0847 elementor-widget elementor-widget-wp-widget-mh_custom_posts\" data-id=\"86f0847\" data-element_type=\"widget\" data-widget_type=\"wp-widget-mh_custom_posts.default\">\n\t\t\t\t<div class=\"elementor-widget-container\">\n\t\t\t<h5><a href=\"https:\/\/sites.usp.br\/bioquimica\/category\/metabolismo\/de-carboidratos\/\" class=\"widget-title-link\">Exerc\u00edcios sobre o metabolismo de carboidratos<\/a><\/h5>        <div class=\"cp-widget clearfix\"> \t\t\t\t<div class=\"cp-widget-item cp-large cp-count-15\">\r\n\t\t\t\t\t<div class=\"cp-large-thumb\"><a href=\"https:\/\/sites.usp.br\/bioquimica\/fermentacao-alcoolica-metabolismo-de-carboidratos\/\" title=\"Fermenta\u00e7\u00e3o alco\u00f3lica &#8211; Metabolismo de carboidratos\"><img fetchpriority=\"high\" decoding=\"async\" width=\"310\" height=\"174\" src=\"https:\/\/sites.usp.br\/bioquimica\/wp-content\/uploads\/sites\/1093\/2022\/04\/Lipideos-12-1-310x174.png\" class=\"attachment-featured size-featured wp-post-image\" alt=\"\" srcset=\"https:\/\/sites.usp.br\/bioquimica\/wp-content\/uploads\/sites\/1093\/2022\/04\/Lipideos-12-1-310x174.png 310w, https:\/\/sites.usp.br\/bioquimica\/wp-content\/uploads\/sites\/1093\/2022\/04\/Lipideos-12-1-800x450.png 800w\" sizes=\"(max-width: 310px) 100vw, 310px\" \/><\/a><\/div>\r\n\t\t\t\t\t<div class=\"meta clearfix\">\r\n\t\t\t\t\t\t\t\t\t\t\t<span class=\"meta-date\">24\/04\/2022<\/span>\r\n\t\t\t\t\t\t\t\t\t\t\t<span class=\"meta-comments\"><i class=\"fa fa-comment-o\"><\/i>0<\/span>\r\n\t\t\t\t\t<\/div>\r\n\t\t\t\t\t<h3 class=\"cp-large-title\"><a href=\"https:\/\/sites.usp.br\/bioquimica\/fermentacao-alcoolica-metabolismo-de-carboidratos\/\" title=\"Fermenta\u00e7\u00e3o alco\u00f3lica &#8211; Metabolismo de carboidratos\">Fermenta\u00e7\u00e3o alco\u00f3lica &#8211; Metabolismo de carboidratos<\/a><\/h3>\r\n\t\t\t\t\t<div class=\"mh-excerpt\">Ca\u00e7a palavras sobre a fermenta\u00e7\u00e3o alco\u00f3lica Ver <a href=\"https:\/\/sites.usp.br\/bioquimica\/fermentacao-alcoolica-metabolismo-de-carboidratos\/\" title=\"Fermenta\u00e7\u00e3o alco\u00f3lica &#8211; Metabolismo de carboidratos\">[...]<\/a><\/div>\n\t\t\t\t<\/div>\r\n\t\t\t\t<ul class=\"cp-list\">\t\t\t\t\t<li class=\"cp-widget-item cp-list-item clearfix\">\r\n\t\t\t\t\t\t<div class=\"cp-small-thumb\"><a href=\"https:\/\/sites.usp.br\/bioquimica\/fermentacao-latica\/\" title=\"Fermenta\u00e7\u00e3o l\u00e1tica\"><img decoding=\"async\" width=\"80\" height=\"60\" src=\"https:\/\/sites.usp.br\/bioquimica\/wp-content\/uploads\/sites\/1093\/2022\/04\/Lipideos-11-2-80x60.png\" class=\"attachment-cp_small size-cp_small wp-post-image\" alt=\"\" srcset=\"https:\/\/sites.usp.br\/bioquimica\/wp-content\/uploads\/sites\/1093\/2022\/04\/Lipideos-11-2-80x60.png 80w, https:\/\/sites.usp.br\/bioquimica\/wp-content\/uploads\/sites\/1093\/2022\/04\/Lipideos-11-2-300x225.png 300w, https:\/\/sites.usp.br\/bioquimica\/wp-content\/uploads\/sites\/1093\/2022\/04\/Lipideos-11-2-768x576.png 768w, https:\/\/sites.usp.br\/bioquimica\/wp-content\/uploads\/sites\/1093\/2022\/04\/Lipideos-11-2-400x300.png 400w, https:\/\/sites.usp.br\/bioquimica\/wp-content\/uploads\/sites\/1093\/2022\/04\/Lipideos-11-2.png 1024w\" sizes=\"(max-width: 80px) 100vw, 80px\" \/><\/a><\/div>\r\n\t\t\t\t\t\t\t\t\t\t\t\t\t<div class=\"meta\">24\/04\/2022<\/div>\r\n\t\t\t\t\t\t\t\t\t\t\t\t<p class=\"cp-small-title\"><a href=\"https:\/\/sites.usp.br\/bioquimica\/fermentacao-latica\/\" title=\"Fermenta\u00e7\u00e3o l\u00e1tica\">Fermenta\u00e7\u00e3o l\u00e1tica<\/a><\/p>\r\n                        <div class=\"mh-excerpt\">Relacione corretamente as informa\u00e7\u00f5es presentes em cada uma das colunas a seguir Ver <a href=\"https:\/\/sites.usp.br\/bioquimica\/fermentacao-latica\/\" title=\"Fermenta\u00e7\u00e3o l\u00e1tica\">[...]<\/a><\/div>\n\t\t\t\t\t<\/li> \t\t\t\t\t<li class=\"cp-widget-item cp-list-item clearfix\">\r\n\t\t\t\t\t\t<div class=\"cp-small-thumb\"><a href=\"https:\/\/sites.usp.br\/bioquimica\/gliconeogenese-metabolismo-de-carboidratos\/\" title=\"Gliconeog\u00eanese &#8211; Metabolismo de carboidratos\"><img decoding=\"async\" width=\"80\" height=\"60\" src=\"https:\/\/sites.usp.br\/bioquimica\/wp-content\/uploads\/sites\/1093\/2022\/04\/Lipideos-10-1-80x60.png\" class=\"attachment-cp_small size-cp_small wp-post-image\" alt=\"\" srcset=\"https:\/\/sites.usp.br\/bioquimica\/wp-content\/uploads\/sites\/1093\/2022\/04\/Lipideos-10-1-80x60.png 80w, https:\/\/sites.usp.br\/bioquimica\/wp-content\/uploads\/sites\/1093\/2022\/04\/Lipideos-10-1-300x225.png 300w, https:\/\/sites.usp.br\/bioquimica\/wp-content\/uploads\/sites\/1093\/2022\/04\/Lipideos-10-1-768x576.png 768w, https:\/\/sites.usp.br\/bioquimica\/wp-content\/uploads\/sites\/1093\/2022\/04\/Lipideos-10-1-400x300.png 400w, https:\/\/sites.usp.br\/bioquimica\/wp-content\/uploads\/sites\/1093\/2022\/04\/Lipideos-10-1.png 1024w\" sizes=\"(max-width: 80px) 100vw, 80px\" \/><\/a><\/div>\r\n\t\t\t\t\t\t\t\t\t\t\t\t\t<div class=\"meta\">24\/04\/2022<\/div>\r\n\t\t\t\t\t\t\t\t\t\t\t\t<p class=\"cp-small-title\"><a href=\"https:\/\/sites.usp.br\/bioquimica\/gliconeogenese-metabolismo-de-carboidratos\/\" title=\"Gliconeog\u00eanese &#8211; Metabolismo de carboidratos\">Gliconeog\u00eanese &#8211; Metabolismo de carboidratos<\/a><\/p>\r\n                        <div class=\"mh-excerpt\">Complete o seguinte texto com as informa\u00e7\u00f5es adequadas quanto ao processo de gliconeog\u00eanese Ver <a href=\"https:\/\/sites.usp.br\/bioquimica\/gliconeogenese-metabolismo-de-carboidratos\/\" title=\"Gliconeog\u00eanese &#8211; Metabolismo de carboidratos\">[...]<\/a><\/div>\n\t\t\t\t\t<\/li> \t\t\t\t\t<li class=\"cp-widget-item cp-list-item clearfix\">\r\n\t\t\t\t\t\t<div class=\"cp-small-thumb\"><a href=\"https:\/\/sites.usp.br\/bioquimica\/glicogenolise-metabolismo-de-carboidratos\/\" title=\"Glicogen\u00f3lise &#8211; Metabolismo de carboidratos\"><img loading=\"lazy\" decoding=\"async\" width=\"80\" height=\"60\" src=\"https:\/\/sites.usp.br\/bioquimica\/wp-content\/uploads\/sites\/1093\/2022\/04\/Lipideos-9-1-80x60.png\" class=\"attachment-cp_small size-cp_small wp-post-image\" alt=\"\" srcset=\"https:\/\/sites.usp.br\/bioquimica\/wp-content\/uploads\/sites\/1093\/2022\/04\/Lipideos-9-1-80x60.png 80w, https:\/\/sites.usp.br\/bioquimica\/wp-content\/uploads\/sites\/1093\/2022\/04\/Lipideos-9-1-300x225.png 300w, https:\/\/sites.usp.br\/bioquimica\/wp-content\/uploads\/sites\/1093\/2022\/04\/Lipideos-9-1-768x576.png 768w, https:\/\/sites.usp.br\/bioquimica\/wp-content\/uploads\/sites\/1093\/2022\/04\/Lipideos-9-1-400x300.png 400w, https:\/\/sites.usp.br\/bioquimica\/wp-content\/uploads\/sites\/1093\/2022\/04\/Lipideos-9-1.png 1024w\" sizes=\"(max-width: 80px) 100vw, 80px\" \/><\/a><\/div>\r\n\t\t\t\t\t\t\t\t\t\t\t\t\t<div class=\"meta\">24\/04\/2022<\/div>\r\n\t\t\t\t\t\t\t\t\t\t\t\t<p class=\"cp-small-title\"><a href=\"https:\/\/sites.usp.br\/bioquimica\/glicogenolise-metabolismo-de-carboidratos\/\" title=\"Glicogen\u00f3lise &#8211; Metabolismo de carboidratos\">Glicogen\u00f3lise &#8211; Metabolismo de carboidratos<\/a><\/p>\r\n                        <div class=\"mh-excerpt\">Ca\u00e7a palavras sobre o processo de glicogen\u00f3lise Ver <a href=\"https:\/\/sites.usp.br\/bioquimica\/glicogenolise-metabolismo-de-carboidratos\/\" title=\"Glicogen\u00f3lise &#8211; Metabolismo de carboidratos\">[...]<\/a><\/div>\n\t\t\t\t\t<\/li> \t\t\t\t\t<li class=\"cp-widget-item cp-list-item clearfix\">\r\n\t\t\t\t\t\t<div class=\"cp-small-thumb\"><a href=\"https:\/\/sites.usp.br\/bioquimica\/glicogenese-metabolismo-de-carboidratos\/\" title=\"Glicog\u00eanese &#8211; Metabolismo de Carboidratos\"><img loading=\"lazy\" decoding=\"async\" width=\"80\" height=\"60\" src=\"https:\/\/sites.usp.br\/bioquimica\/wp-content\/uploads\/sites\/1093\/2022\/04\/Lipideos-8-2-80x60.png\" class=\"attachment-cp_small size-cp_small wp-post-image\" alt=\"\" srcset=\"https:\/\/sites.usp.br\/bioquimica\/wp-content\/uploads\/sites\/1093\/2022\/04\/Lipideos-8-2-80x60.png 80w, https:\/\/sites.usp.br\/bioquimica\/wp-content\/uploads\/sites\/1093\/2022\/04\/Lipideos-8-2-300x225.png 300w, https:\/\/sites.usp.br\/bioquimica\/wp-content\/uploads\/sites\/1093\/2022\/04\/Lipideos-8-2-768x576.png 768w, https:\/\/sites.usp.br\/bioquimica\/wp-content\/uploads\/sites\/1093\/2022\/04\/Lipideos-8-2-400x300.png 400w, https:\/\/sites.usp.br\/bioquimica\/wp-content\/uploads\/sites\/1093\/2022\/04\/Lipideos-8-2.png 1024w\" sizes=\"(max-width: 80px) 100vw, 80px\" \/><\/a><\/div>\r\n\t\t\t\t\t\t\t\t\t\t\t\t\t<div class=\"meta\">16\/04\/2022<\/div>\r\n\t\t\t\t\t\t\t\t\t\t\t\t<p class=\"cp-small-title\"><a href=\"https:\/\/sites.usp.br\/bioquimica\/glicogenese-metabolismo-de-carboidratos\/\" title=\"Glicog\u00eanese &#8211; Metabolismo de Carboidratos\">Glicog\u00eanese &#8211; Metabolismo de Carboidratos<\/a><\/p>\r\n                        <div class=\"mh-excerpt\">Complete o texto com as informa\u00e7\u00f5es adequadas quanto ao processo de glicog\u00eanese Ver <a href=\"https:\/\/sites.usp.br\/bioquimica\/glicogenese-metabolismo-de-carboidratos\/\" title=\"Glicog\u00eanese &#8211; Metabolismo de Carboidratos\">[...]<\/a><\/div>\n\t\t\t\t\t<\/li> \t\t\t\t\t<li class=\"cp-widget-item cp-list-item clearfix\">\r\n\t\t\t\t\t\t<div class=\"cp-small-thumb\"><a href=\"https:\/\/sites.usp.br\/bioquimica\/via-das-pentoses-metabolismo-de-carboidratos\/\" title=\"Via das pentoses &#8211; Metabolismo de carboidratos\"><img loading=\"lazy\" decoding=\"async\" width=\"80\" height=\"60\" src=\"https:\/\/sites.usp.br\/bioquimica\/wp-content\/uploads\/sites\/1093\/2022\/04\/Lipideos-7-2-80x60.png\" class=\"attachment-cp_small size-cp_small wp-post-image\" alt=\"\" srcset=\"https:\/\/sites.usp.br\/bioquimica\/wp-content\/uploads\/sites\/1093\/2022\/04\/Lipideos-7-2-80x60.png 80w, https:\/\/sites.usp.br\/bioquimica\/wp-content\/uploads\/sites\/1093\/2022\/04\/Lipideos-7-2-300x225.png 300w, https:\/\/sites.usp.br\/bioquimica\/wp-content\/uploads\/sites\/1093\/2022\/04\/Lipideos-7-2-768x576.png 768w, https:\/\/sites.usp.br\/bioquimica\/wp-content\/uploads\/sites\/1093\/2022\/04\/Lipideos-7-2-400x300.png 400w, https:\/\/sites.usp.br\/bioquimica\/wp-content\/uploads\/sites\/1093\/2022\/04\/Lipideos-7-2.png 1024w\" sizes=\"(max-width: 80px) 100vw, 80px\" \/><\/a><\/div>\r\n\t\t\t\t\t\t\t\t\t\t\t\t\t<div class=\"meta\">16\/04\/2022<\/div>\r\n\t\t\t\t\t\t\t\t\t\t\t\t<p class=\"cp-small-title\"><a href=\"https:\/\/sites.usp.br\/bioquimica\/via-das-pentoses-metabolismo-de-carboidratos\/\" title=\"Via das pentoses &#8211; Metabolismo de carboidratos\">Via das pentoses &#8211; Metabolismo de carboidratos<\/a><\/p>\r\n                        <div class=\"mh-excerpt\">Complete o texto com as informa\u00e7\u00f5es relativas \u00e0 via das pentoses Ver <a href=\"https:\/\/sites.usp.br\/bioquimica\/via-das-pentoses-metabolismo-de-carboidratos\/\" title=\"Via das pentoses &#8211; Metabolismo de carboidratos\">[...]<\/a><\/div>\n\t\t\t\t\t<\/li> \t\t\t\t\t<li class=\"cp-widget-item cp-list-item clearfix\">\r\n\t\t\t\t\t\t<div class=\"cp-small-thumb\"><a href=\"https:\/\/sites.usp.br\/bioquimica\/fosforilacao-oxidativa-metabolismo-de-carboidratos\/\" title=\"Fosforila\u00e7\u00e3o oxidativa &#8211; Metabolismo de carboidratos\"><img loading=\"lazy\" decoding=\"async\" width=\"80\" height=\"60\" src=\"https:\/\/sites.usp.br\/bioquimica\/wp-content\/uploads\/sites\/1093\/2022\/04\/Lipideos-6-2-80x60.png\" class=\"attachment-cp_small size-cp_small wp-post-image\" alt=\"\" srcset=\"https:\/\/sites.usp.br\/bioquimica\/wp-content\/uploads\/sites\/1093\/2022\/04\/Lipideos-6-2-80x60.png 80w, https:\/\/sites.usp.br\/bioquimica\/wp-content\/uploads\/sites\/1093\/2022\/04\/Lipideos-6-2-300x225.png 300w, https:\/\/sites.usp.br\/bioquimica\/wp-content\/uploads\/sites\/1093\/2022\/04\/Lipideos-6-2-768x576.png 768w, https:\/\/sites.usp.br\/bioquimica\/wp-content\/uploads\/sites\/1093\/2022\/04\/Lipideos-6-2-400x300.png 400w, https:\/\/sites.usp.br\/bioquimica\/wp-content\/uploads\/sites\/1093\/2022\/04\/Lipideos-6-2.png 1024w\" sizes=\"(max-width: 80px) 100vw, 80px\" \/><\/a><\/div>\r\n\t\t\t\t\t\t\t\t\t\t\t\t\t<div class=\"meta\">13\/04\/2022<\/div>\r\n\t\t\t\t\t\t\t\t\t\t\t\t<p class=\"cp-small-title\"><a href=\"https:\/\/sites.usp.br\/bioquimica\/fosforilacao-oxidativa-metabolismo-de-carboidratos\/\" title=\"Fosforila\u00e7\u00e3o oxidativa &#8211; Metabolismo de carboidratos\">Fosforila\u00e7\u00e3o oxidativa &#8211; Metabolismo de carboidratos<\/a><\/p>\r\n                        <div class=\"mh-excerpt\">Associe as colunas que det\u00eam informa\u00e7\u00f5es relevantes sobre o processo de fosforila\u00e7\u00e3o oxidativa Ver <a href=\"https:\/\/sites.usp.br\/bioquimica\/fosforilacao-oxidativa-metabolismo-de-carboidratos\/\" title=\"Fosforila\u00e7\u00e3o oxidativa &#8211; Metabolismo de carboidratos\">[...]<\/a><\/div>\n\t\t\t\t\t<\/li> \t\t\t\t\t<li class=\"cp-widget-item cp-list-item clearfix\">\r\n\t\t\t\t\t\t<div class=\"cp-small-thumb\"><a href=\"https:\/\/sites.usp.br\/bioquimica\/cadeia-transportadora-de-eletrons-metabolismo-de-carboidratos\/\" title=\"Cadeia transportadora de el\u00e9trons &#8211; Metabolismo de carboidratos\"><img loading=\"lazy\" decoding=\"async\" width=\"80\" height=\"60\" src=\"https:\/\/sites.usp.br\/bioquimica\/wp-content\/uploads\/sites\/1093\/2022\/04\/Lipideos-5-3-80x60.png\" class=\"attachment-cp_small size-cp_small wp-post-image\" alt=\"\" srcset=\"https:\/\/sites.usp.br\/bioquimica\/wp-content\/uploads\/sites\/1093\/2022\/04\/Lipideos-5-3-80x60.png 80w, https:\/\/sites.usp.br\/bioquimica\/wp-content\/uploads\/sites\/1093\/2022\/04\/Lipideos-5-3-300x225.png 300w, https:\/\/sites.usp.br\/bioquimica\/wp-content\/uploads\/sites\/1093\/2022\/04\/Lipideos-5-3-768x576.png 768w, https:\/\/sites.usp.br\/bioquimica\/wp-content\/uploads\/sites\/1093\/2022\/04\/Lipideos-5-3-400x300.png 400w, https:\/\/sites.usp.br\/bioquimica\/wp-content\/uploads\/sites\/1093\/2022\/04\/Lipideos-5-3.png 1024w\" sizes=\"(max-width: 80px) 100vw, 80px\" \/><\/a><\/div>\r\n\t\t\t\t\t\t\t\t\t\t\t\t\t<div class=\"meta\">13\/04\/2022<\/div>\r\n\t\t\t\t\t\t\t\t\t\t\t\t<p class=\"cp-small-title\"><a href=\"https:\/\/sites.usp.br\/bioquimica\/cadeia-transportadora-de-eletrons-metabolismo-de-carboidratos\/\" title=\"Cadeia transportadora de el\u00e9trons &#8211; Metabolismo de carboidratos\">Cadeia transportadora de el\u00e9trons &#8211; Metabolismo de carboidratos<\/a><\/p>\r\n                        <div class=\"mh-excerpt\">Correla\u00e7\u00e3o de cores sobre a cadeia transportadora de el\u00e9trons. Ver <a href=\"https:\/\/sites.usp.br\/bioquimica\/cadeia-transportadora-de-eletrons-metabolismo-de-carboidratos\/\" title=\"Cadeia transportadora de el\u00e9trons &#8211; Metabolismo de carboidratos\">[...]<\/a><\/div>\n\t\t\t\t\t<\/li> \t\t\t\t\t<li class=\"cp-widget-item cp-list-item clearfix\">\r\n\t\t\t\t\t\t<div class=\"cp-small-thumb\"><a href=\"https:\/\/sites.usp.br\/bioquimica\/ciclo-de-krebs-metabolismo-de-carboidratos\/\" title=\"Ciclo de Krebs &#8211; Metabolismo de carboidratos\"><img loading=\"lazy\" decoding=\"async\" width=\"80\" height=\"60\" src=\"https:\/\/sites.usp.br\/bioquimica\/wp-content\/uploads\/sites\/1093\/2022\/04\/Lipideos-4-2-80x60.png\" class=\"attachment-cp_small size-cp_small wp-post-image\" alt=\"\" srcset=\"https:\/\/sites.usp.br\/bioquimica\/wp-content\/uploads\/sites\/1093\/2022\/04\/Lipideos-4-2-80x60.png 80w, https:\/\/sites.usp.br\/bioquimica\/wp-content\/uploads\/sites\/1093\/2022\/04\/Lipideos-4-2-300x225.png 300w, https:\/\/sites.usp.br\/bioquimica\/wp-content\/uploads\/sites\/1093\/2022\/04\/Lipideos-4-2-768x576.png 768w, https:\/\/sites.usp.br\/bioquimica\/wp-content\/uploads\/sites\/1093\/2022\/04\/Lipideos-4-2-400x300.png 400w, https:\/\/sites.usp.br\/bioquimica\/wp-content\/uploads\/sites\/1093\/2022\/04\/Lipideos-4-2.png 1024w\" sizes=\"(max-width: 80px) 100vw, 80px\" \/><\/a><\/div>\r\n\t\t\t\t\t\t\t\t\t\t\t\t\t<div class=\"meta\">13\/04\/2022<\/div>\r\n\t\t\t\t\t\t\t\t\t\t\t\t<p class=\"cp-small-title\"><a href=\"https:\/\/sites.usp.br\/bioquimica\/ciclo-de-krebs-metabolismo-de-carboidratos\/\" title=\"Ciclo de Krebs &#8211; Metabolismo de carboidratos\">Ciclo de Krebs &#8211; Metabolismo de carboidratos<\/a><\/p>\r\n                        <div class=\"mh-excerpt\">Complete o texto com as principais informa\u00e7\u00f5es relativas ao ciclo de Krebs Ver <a href=\"https:\/\/sites.usp.br\/bioquimica\/ciclo-de-krebs-metabolismo-de-carboidratos\/\" title=\"Ciclo de Krebs &#8211; Metabolismo de carboidratos\">[...]<\/a><\/div>\n\t\t\t\t\t<\/li> \t\t\t\t\t<li class=\"cp-widget-item cp-list-item clearfix\">\r\n\t\t\t\t\t\t<div class=\"cp-small-thumb\"><a href=\"https:\/\/sites.usp.br\/bioquimica\/enzimas-envolvidas-na-glicolise-metabolismo-de-carboidratos\/\" title=\"Enzimas envolvidas na glic\u00f3lise &#8211; Metabolismo de carboidratos\"><img loading=\"lazy\" decoding=\"async\" width=\"80\" height=\"60\" src=\"https:\/\/sites.usp.br\/bioquimica\/wp-content\/uploads\/sites\/1093\/2022\/04\/Lipideos-3-3-80x60.png\" class=\"attachment-cp_small size-cp_small wp-post-image\" alt=\"\" srcset=\"https:\/\/sites.usp.br\/bioquimica\/wp-content\/uploads\/sites\/1093\/2022\/04\/Lipideos-3-3-80x60.png 80w, https:\/\/sites.usp.br\/bioquimica\/wp-content\/uploads\/sites\/1093\/2022\/04\/Lipideos-3-3-300x225.png 300w, https:\/\/sites.usp.br\/bioquimica\/wp-content\/uploads\/sites\/1093\/2022\/04\/Lipideos-3-3-768x576.png 768w, https:\/\/sites.usp.br\/bioquimica\/wp-content\/uploads\/sites\/1093\/2022\/04\/Lipideos-3-3-400x300.png 400w, https:\/\/sites.usp.br\/bioquimica\/wp-content\/uploads\/sites\/1093\/2022\/04\/Lipideos-3-3.png 1024w\" sizes=\"(max-width: 80px) 100vw, 80px\" \/><\/a><\/div>\r\n\t\t\t\t\t\t\t\t\t\t\t\t\t<div class=\"meta\">13\/04\/2022<\/div>\r\n\t\t\t\t\t\t\t\t\t\t\t\t<p class=\"cp-small-title\"><a href=\"https:\/\/sites.usp.br\/bioquimica\/enzimas-envolvidas-na-glicolise-metabolismo-de-carboidratos\/\" title=\"Enzimas envolvidas na glic\u00f3lise &#8211; Metabolismo de carboidratos\">Enzimas envolvidas na glic\u00f3lise &#8211; Metabolismo de carboidratos<\/a><\/p>\r\n                        <div class=\"mh-excerpt\">Ca\u00e7a palavras sobre as enzimas envolvidas no processo de glic\u00f3lise Ver <a href=\"https:\/\/sites.usp.br\/bioquimica\/enzimas-envolvidas-na-glicolise-metabolismo-de-carboidratos\/\" title=\"Enzimas envolvidas na glic\u00f3lise &#8211; Metabolismo de carboidratos\">[...]<\/a><\/div>\n\t\t\t\t\t<\/li> \t\t\t\t\t<li class=\"cp-widget-item cp-list-item clearfix\">\r\n\t\t\t\t\t\t<div class=\"cp-small-thumb\"><a href=\"https:\/\/sites.usp.br\/bioquimica\/reagentes-e-produtos-da-glicolise-metabolismo-de-carboidratos\/\" title=\"Reagentes e produtos da glic\u00f3lise &#8211; Metabolismo de carboidratos\"><img loading=\"lazy\" decoding=\"async\" width=\"80\" height=\"60\" src=\"https:\/\/sites.usp.br\/bioquimica\/wp-content\/uploads\/sites\/1093\/2022\/04\/Lipideos-2-3-80x60.png\" class=\"attachment-cp_small size-cp_small wp-post-image\" alt=\"\" srcset=\"https:\/\/sites.usp.br\/bioquimica\/wp-content\/uploads\/sites\/1093\/2022\/04\/Lipideos-2-3-80x60.png 80w, https:\/\/sites.usp.br\/bioquimica\/wp-content\/uploads\/sites\/1093\/2022\/04\/Lipideos-2-3-300x225.png 300w, https:\/\/sites.usp.br\/bioquimica\/wp-content\/uploads\/sites\/1093\/2022\/04\/Lipideos-2-3-768x576.png 768w, https:\/\/sites.usp.br\/bioquimica\/wp-content\/uploads\/sites\/1093\/2022\/04\/Lipideos-2-3-400x300.png 400w, https:\/\/sites.usp.br\/bioquimica\/wp-content\/uploads\/sites\/1093\/2022\/04\/Lipideos-2-3.png 1024w\" sizes=\"(max-width: 80px) 100vw, 80px\" \/><\/a><\/div>\r\n\t\t\t\t\t\t\t\t\t\t\t\t\t<div class=\"meta\">13\/04\/2022<\/div>\r\n\t\t\t\t\t\t\t\t\t\t\t\t<p class=\"cp-small-title\"><a href=\"https:\/\/sites.usp.br\/bioquimica\/reagentes-e-produtos-da-glicolise-metabolismo-de-carboidratos\/\" title=\"Reagentes e produtos da glic\u00f3lise &#8211; Metabolismo de carboidratos\">Reagentes e produtos da glic\u00f3lise &#8211; Metabolismo de carboidratos<\/a><\/p>\r\n                        <div class=\"mh-excerpt\">Ligue as colunas que cont\u00eam os reagentes e os produtos da rea\u00e7\u00e3o de glic\u00f3lise Ver <a href=\"https:\/\/sites.usp.br\/bioquimica\/reagentes-e-produtos-da-glicolise-metabolismo-de-carboidratos\/\" title=\"Reagentes e produtos da glic\u00f3lise &#8211; Metabolismo de carboidratos\">[...]<\/a><\/div>\n\t\t\t\t\t<\/li> \t\t\t\t\t<li class=\"cp-widget-item cp-list-item clearfix\">\r\n\t\t\t\t\t\t<div class=\"cp-small-thumb\"><a href=\"https:\/\/sites.usp.br\/bioquimica\/caracteristicas-gerais-da-glicolise-metabolismo-de-carboidratos\/\" title=\"Caracter\u00edsticas gerais da glic\u00f3lise &#8211; Metabolismo de Carboidratos\"><img loading=\"lazy\" decoding=\"async\" width=\"80\" height=\"60\" src=\"https:\/\/sites.usp.br\/bioquimica\/wp-content\/uploads\/sites\/1093\/2022\/04\/Lipideos-16-80x60.png\" class=\"attachment-cp_small size-cp_small wp-post-image\" alt=\"\" srcset=\"https:\/\/sites.usp.br\/bioquimica\/wp-content\/uploads\/sites\/1093\/2022\/04\/Lipideos-16-80x60.png 80w, https:\/\/sites.usp.br\/bioquimica\/wp-content\/uploads\/sites\/1093\/2022\/04\/Lipideos-16-300x225.png 300w, https:\/\/sites.usp.br\/bioquimica\/wp-content\/uploads\/sites\/1093\/2022\/04\/Lipideos-16-768x576.png 768w, https:\/\/sites.usp.br\/bioquimica\/wp-content\/uploads\/sites\/1093\/2022\/04\/Lipideos-16-400x300.png 400w, https:\/\/sites.usp.br\/bioquimica\/wp-content\/uploads\/sites\/1093\/2022\/04\/Lipideos-16.png 1024w\" sizes=\"(max-width: 80px) 100vw, 80px\" \/><\/a><\/div>\r\n\t\t\t\t\t\t\t\t\t\t\t\t\t<div class=\"meta\">13\/04\/2022<\/div>\r\n\t\t\t\t\t\t\t\t\t\t\t\t<p class=\"cp-small-title\"><a href=\"https:\/\/sites.usp.br\/bioquimica\/caracteristicas-gerais-da-glicolise-metabolismo-de-carboidratos\/\" title=\"Caracter\u00edsticas gerais da glic\u00f3lise &#8211; Metabolismo de Carboidratos\">Caracter\u00edsticas gerais da glic\u00f3lise &#8211; Metabolismo de Carboidratos<\/a><\/p>\r\n                        <div class=\"mh-excerpt\">Cruzadinha sobre os aspectos gerais da rea\u00e7\u00e3o de glic\u00f3lise Ver <a href=\"https:\/\/sites.usp.br\/bioquimica\/caracteristicas-gerais-da-glicolise-metabolismo-de-carboidratos\/\" title=\"Caracter\u00edsticas gerais da glic\u00f3lise &#8211; Metabolismo de Carboidratos\">[...]<\/a><\/div>\n\t\t\t\t\t<\/li>         \t<\/ul>\r\n        <\/div>\t\t<\/div>\n\t\t\t\t<\/div>\n\t\t\t\t\t<\/div>\n\t\t<\/div>\n\t\t\t\t\t<\/div>\n\t\t<\/section>\n\t\t\t\t<\/div>\n\t\t","protected":false},"excerpt":{"rendered":"","protected":false},"author":22837,"featured_media":0,"parent":0,"menu_order":0,"comment_status":"closed","ping_status":"closed","template":"","meta":{"_monsterinsights_skip_tracking":false,"_monsterinsights_sitenote_active":false,"_monsterinsights_sitenote_note":"","_monsterinsights_sitenote_category":0,"footnotes":"","_links_to":"","_links_to_target":""},"class_list":["post-1265","page","type-page","status-publish","hentry","entry","has-media"],"_links":{"self":[{"href":"https:\/\/sites.usp.br\/bioquimica\/wp-json\/wp\/v2\/pages\/1265","targetHints":{"allow":["GET"]}}],"collection":[{"href":"https:\/\/sites.usp.br\/bioquimica\/wp-json\/wp\/v2\/pages"}],"about":[{"href":"https:\/\/sites.usp.br\/bioquimica\/wp-json\/wp\/v2\/types\/page"}],"author":[{"embeddable":true,"href":"https:\/\/sites.usp.br\/bioquimica\/wp-json\/wp\/v2\/users\/22837"}],"replies":[{"embeddable":true,"href":"https:\/\/sites.usp.br\/bioquimica\/wp-json\/wp\/v2\/comments?post=1265"}],"version-history":[{"count":4,"href":"https:\/\/sites.usp.br\/bioquimica\/wp-json\/wp\/v2\/pages\/1265\/revisions"}],"predecessor-version":[{"id":1616,"href":"https:\/\/sites.usp.br\/bioquimica\/wp-json\/wp\/v2\/pages\/1265\/revisions\/1616"}],"wp:attachment":[{"href":"https:\/\/sites.usp.br\/bioquimica\/wp-json\/wp\/v2\/media?parent=1265"}],"curies":[{"name":"wp","href":"https:\/\/api.w.org\/{rel}","templated":true}]}}