{"id":857,"date":"2023-12-23T08:36:54","date_gmt":"2023-12-23T11:36:54","guid":{"rendered":"https:\/\/sites.usp.br\/biosistemas\/?page_id=857"},"modified":"2025-12-18T17:20:21","modified_gmt":"2025-12-18T20:20:21","slug":"3-proficiencia-em-ingles","status":"publish","type":"page","link":"https:\/\/sites.usp.br\/biosistemas\/3-proficiencia-em-ingles\/","title":{"rendered":"[3] Profici\u00eancia em Ingl\u00eas"},"content":{"rendered":"\t\t<div data-elementor-type=\"wp-page\" data-elementor-id=\"857\" class=\"elementor elementor-857\" data-elementor-post-type=\"page\">\n\t\t\t\t\t\t<section class=\"elementor-section elementor-top-section elementor-element elementor-element-3937e7a elementor-section-boxed elementor-section-height-default elementor-section-height-default\" data-id=\"3937e7a\" data-element_type=\"section\">\n\t\t\t\t\t\t<div class=\"elementor-container elementor-column-gap-default\">\n\t\t\t\t\t<div class=\"elementor-column elementor-col-100 elementor-top-column elementor-element elementor-element-976f25b\" data-id=\"976f25b\" data-element_type=\"column\">\n\t\t\t<div class=\"elementor-widget-wrap elementor-element-populated\">\n\t\t\t\t\t\t<div class=\"elementor-element elementor-element-56db2ad elementor-widget elementor-widget-heading\" data-id=\"56db2ad\" data-element_type=\"widget\" data-widget_type=\"heading.default\">\n\t\t\t\t<div class=\"elementor-widget-container\">\n\t\t\t<h2 class=\"elementor-heading-title elementor-size-default\">PROFICI\u00caNCIA EM INGL\u00caS<\/h2>\t\t<\/div>\n\t\t\t\t<\/div>\n\t\t\t\t\t<\/div>\n\t\t<\/div>\n\t\t\t\t\t<\/div>\n\t\t<\/section>\n\t\t\t\t<section class=\"elementor-section elementor-top-section elementor-element elementor-element-2a88198 elementor-section-boxed elementor-section-height-default elementor-section-height-default\" data-id=\"2a88198\" data-element_type=\"section\">\n\t\t\t\t\t\t<div class=\"elementor-container elementor-column-gap-default\">\n\t\t\t\t\t<div class=\"elementor-column elementor-col-100 elementor-top-column elementor-element elementor-element-be7469c\" data-id=\"be7469c\" data-element_type=\"column\">\n\t\t\t<div class=\"elementor-widget-wrap elementor-element-populated\">\n\t\t\t\t\t\t<div class=\"elementor-element elementor-element-cfd3e1e elementor-widget elementor-widget-spacer\" data-id=\"cfd3e1e\" data-element_type=\"widget\" data-widget_type=\"spacer.default\">\n\t\t\t\t<div class=\"elementor-widget-container\">\n\t\t\t\t\t<div class=\"elementor-spacer\">\n\t\t\t<div class=\"elementor-spacer-inner\"><\/div>\n\t\t<\/div>\n\t\t\t\t<\/div>\n\t\t\t\t<\/div>\n\t\t\t\t\t<\/div>\n\t\t<\/div>\n\t\t\t\t\t<\/div>\n\t\t<\/section>\n\t\t\t\t<section class=\"elementor-section elementor-top-section elementor-element elementor-element-8d1fd31 elementor-section-boxed elementor-section-height-default elementor-section-height-default\" data-id=\"8d1fd31\" data-element_type=\"section\">\n\t\t\t\t\t\t<div class=\"elementor-container elementor-column-gap-default\">\n\t\t\t\t\t<div class=\"elementor-column elementor-col-100 elementor-top-column elementor-element elementor-element-2b88533\" data-id=\"2b88533\" data-element_type=\"column\">\n\t\t\t<div class=\"elementor-widget-wrap elementor-element-populated\">\n\t\t\t\t\t\t<div class=\"elementor-element elementor-element-89bb2a8 elementor-widget__width-initial elementor-widget elementor-widget-text-editor\" data-id=\"89bb2a8\" data-element_type=\"widget\" data-widget_type=\"text-editor.default\">\n\t\t\t\t<div class=\"elementor-widget-container\">\n\t\t\t\t\t\t\t<p><b>1 &#8211; PROFICI\u00caNCIA EM INGL\u00caS<\/b><\/p><p><strong>1.1<\/strong> A comprova\u00e7\u00e3o de profici\u00eancia em l\u00edngua inglesa ser\u00e1 exigida para inscri\u00e7\u00e3o em processo seletivo de mestrado, doutorado e doutorado direto, de acordo com as regras estabelecidas no item II deste regulamento e nos editais de processo seletivo.<\/p><p><strong>1.2<\/strong> Para inscri\u00e7\u00e3o no processo seletivo tanto de Mestrado quanto de Doutorado e Doutorado Direto, ser\u00e1 aceito o grau Suficiente emitido pelo\u00a0<i><span style=\"color: #3366ff;\"><a style=\"color: #3366ff;\" href=\"https:\/\/clinguas.fflch.usp.br\/proficiencia-ingles\" target=\"_blank\" rel=\"noopener\">Centro de L\u00ednguas da FFLCH\/USP<\/a><\/span>\u00a0<\/i>na prova aplicada aos candidatos \u00e0 p\u00f3s-gradua\u00e7\u00e3o dos programas do ICB\/USP. Candidatos ao mestrado dever\u00e3o obter grau Suficiente para o n\u00edvel de mestrado e candidatos para o Doutorado ou Doutorado Direto dever\u00e3o obter grau Suficiente para o n\u00edvel de Doutorado.\u00a0<\/p><p><strong>1.3<\/strong> Os Exames de Profici\u00eancia TOEFL, IELTS, TEAP, Cambridge e Michigan, realizados at\u00e9 5 (cinco) anos antes da data de inscri\u00e7\u00e3o do candidato no processo seletivo tamb\u00e9m poder\u00e3o ser aceitos em substitui\u00e7\u00e3o ao exame aplicado pelo Centro de L\u00ednguas da FFLCH\/USP, conforme exig\u00eancias abaixo:<br \/>&#8211; TOEFL IBT (Test of English as a Foreign Language \u2013 Internet-based Test) = 79 e 70 pontos (Doutorado \/<br \/>Doutorado Direto e Mestrado, respectivamente);<br \/>&#8211; TOEFL ITP (Test of English as a Foreign Language \u2013 Institucional Test Program) = 550 e 520 pontos (Doutorado \/ Doutorado Direto e Mestrado, respectivamente);<br \/>&#8211; IELTS (International English Language Testing System) = 6,0 e 5,0 pontos (Doutorado \/ Doutorado Direto e<br \/>Mestrado, respectivamente);<br \/>&#8211; TEAP (Test of English for Academic Purposes) = 80 e 70 pontos (Doutorado \/ Doutorado Direto e Mestrado,<br \/>respectivamente);<br \/>&#8211; Exames da Universidade de Cambridge= exig\u00eancia m\u00ednima para Mestrado (PET &#8211; Preliminary English Test &#8211;<br \/>Aprova\u00e7\u00e3o n\u00edvel A) e para Doutorado \/ Doutorado Direto (FCE-First Certificate in English &#8211; aprova\u00e7\u00e3o n\u00edvel C);<br \/>Certificate of Advanced English (CAE) n\u00edvel B2 para Doutorado e Doutorado Direto.<\/p><p><strong>1.4<\/strong> Est\u00e3o dispensados da comprova\u00e7\u00e3o de profici\u00eancia os candidatos nativos de pa\u00eds de l\u00edngua inglesa, assim como candidatos que comprovem forma\u00e7\u00e3o em curso equivalente ao ensino fundamental, m\u00e9dio ou superior em pa\u00eds que tenha o ingl\u00eas como primeira l\u00edngua.<\/p>\t\t\t\t\t\t<\/div>\n\t\t\t\t<\/div>\n\t\t\t\t\t<\/div>\n\t\t<\/div>\n\t\t\t\t\t<\/div>\n\t\t<\/section>\n\t\t\t\t<section class=\"elementor-section elementor-top-section elementor-element elementor-element-0fbed9c elementor-section-boxed elementor-section-height-default elementor-section-height-default\" data-id=\"0fbed9c\" data-element_type=\"section\">\n\t\t\t\t\t\t<div class=\"elementor-container elementor-column-gap-default\">\n\t\t\t\t\t<div class=\"elementor-column elementor-col-100 elementor-top-column elementor-element elementor-element-24cb2ee\" data-id=\"24cb2ee\" data-element_type=\"column\">\n\t\t\t<div class=\"elementor-widget-wrap elementor-element-populated\">\n\t\t\t\t\t\t<div class=\"elementor-element elementor-element-9d5106d elementor-widget-divider--view-line elementor-widget elementor-widget-divider\" data-id=\"9d5106d\" data-element_type=\"widget\" data-widget_type=\"divider.default\">\n\t\t\t\t<div class=\"elementor-widget-container\">\n\t\t\t\t\t<div class=\"elementor-divider\">\n\t\t\t<span class=\"elementor-divider-separator\">\n\t\t\t\t\t\t<\/span>\n\t\t<\/div>\n\t\t\t\t<\/div>\n\t\t\t\t<\/div>\n\t\t\t\t\t<\/div>\n\t\t<\/div>\n\t\t\t\t\t<\/div>\n\t\t<\/section>\n\t\t\t\t<section class=\"elementor-section elementor-top-section elementor-element elementor-element-0fdadc2 elementor-section-boxed elementor-section-height-default elementor-section-height-default\" data-id=\"0fdadc2\" data-element_type=\"section\">\n\t\t\t\t\t\t<div class=\"elementor-container elementor-column-gap-default\">\n\t\t\t\t\t<div class=\"elementor-column elementor-col-100 elementor-top-column elementor-element elementor-element-628795d\" data-id=\"628795d\" data-element_type=\"column\">\n\t\t\t<div class=\"elementor-widget-wrap elementor-element-populated\">\n\t\t\t\t\t\t<div class=\"elementor-element elementor-element-2d5ee1f elementor-widget elementor-widget-text-editor\" data-id=\"2d5ee1f\" data-element_type=\"widget\" data-widget_type=\"text-editor.default\">\n\t\t\t\t<div class=\"elementor-widget-container\">\n\t\t\t\t\t\t\t<h3>PROVAS<strong> DE PROFICI\u00caNCIA EM INGL\u00caS DA FFLCH PARA O ICB\/USP\u00a0<\/strong><\/h3><h3><strong>2026: <br \/><\/strong><\/h3><h3><strong>Editais disponibilizados no site: <\/strong><span style=\"font-family: tahoma, sans-serif;\"><span style=\"font-size: 12.8px;\"><a href=\"https:\/\/clinguas.fflch.usp.br\/proficiencia-ingles\" target=\"_blank\" rel=\"noopener\"><span style=\"color: #1155cc;\"><em><strong>https:\/\/clinguas.fflch.<wbr \/>usp.br\/proficiencia-ingles<\/strong><\/em><\/span><\/a><\/span><\/span><\/h3>\t\t\t\t\t\t<\/div>\n\t\t\t\t<\/div>\n\t\t\t\t\t<\/div>\n\t\t<\/div>\n\t\t\t\t\t<\/div>\n\t\t<\/section>\n\t\t\t\t<section class=\"elementor-section elementor-top-section elementor-element elementor-element-d3c30f1 elementor-section-boxed elementor-section-height-default elementor-section-height-default\" data-id=\"d3c30f1\" data-element_type=\"section\">\n\t\t\t\t\t\t<div class=\"elementor-container elementor-column-gap-default\">\n\t\t\t\t\t<div class=\"elementor-column elementor-col-100 elementor-top-column elementor-element elementor-element-455b2da\" data-id=\"455b2da\" data-element_type=\"column\">\n\t\t\t<div class=\"elementor-widget-wrap elementor-element-populated\">\n\t\t\t\t\t\t<section class=\"elementor-section elementor-inner-section elementor-element elementor-element-2d93bd3 elementor-section-boxed elementor-section-height-default elementor-section-height-default\" data-id=\"2d93bd3\" data-element_type=\"section\">\n\t\t\t\t\t\t<div class=\"elementor-container elementor-column-gap-default\">\n\t\t\t\t\t<div class=\"elementor-column elementor-col-50 elementor-inner-column elementor-element elementor-element-e65f9a7\" data-id=\"e65f9a7\" data-element_type=\"column\">\n\t\t\t<div class=\"elementor-widget-wrap elementor-element-populated\">\n\t\t\t\t\t\t<div class=\"elementor-element elementor-element-d209268 elementor-widget elementor-widget-text-editor\" data-id=\"d209268\" data-element_type=\"widget\" data-widget_type=\"text-editor.default\">\n\t\t\t\t<div class=\"elementor-widget-container\">\n\t\t\t\t\t\t\t<p><span style=\"text-decoration: underline;\"><strong><span style=\"color: #0000ff;\"><a class=\"file file--mime-application-pdf file--application-pdf\" style=\"color: #0000ff; text-decoration: underline;\" href=\"https:\/\/clinguas.fflch.usp.br\/sites\/clinguas.fflch.usp.br\/files\/inline-files\/2602%20ICB%20-%20Edital.docx.pdf\" data-entity-type=\"file\" data-entity-uuid=\"1bafdc74-dde4-4c61-9241-03dced19f47c\">2602 ICB<\/a><\/span><\/strong><\/span><\/p><p><em>Prova de Profici\u00eancia FFLCH: <strong>26\/02<\/strong><\/em><\/p><p><em>Resultado: <strong>at\u00e9 12\/03<\/strong><\/em><\/p>\t\t\t\t\t\t<\/div>\n\t\t\t\t<\/div>\n\t\t\t\t\t<\/div>\n\t\t<\/div>\n\t\t\t\t<div class=\"elementor-column elementor-col-50 elementor-inner-column elementor-element elementor-element-2a935c3\" data-id=\"2a935c3\" data-element_type=\"column\">\n\t\t\t<div class=\"elementor-widget-wrap elementor-element-populated\">\n\t\t\t\t\t\t<div class=\"elementor-element elementor-element-aed1862 elementor-widget elementor-widget-text-editor\" data-id=\"aed1862\" data-element_type=\"widget\" data-widget_type=\"text-editor.default\">\n\t\t\t\t<div class=\"elementor-widget-container\">\n\t\t\t\t\t\t\t<p><strong>2605 ICB<\/strong><\/p><p><em>Prova de Profici\u00eancia FFLCH: <strong>26\/05<\/strong><\/em><\/p><p><em>Resultado: <strong>at\u00e9 12\/06<\/strong><\/em><\/p>\t\t\t\t\t\t<\/div>\n\t\t\t\t<\/div>\n\t\t\t\t\t<\/div>\n\t\t<\/div>\n\t\t\t\t\t<\/div>\n\t\t<\/section>\n\t\t\t\t\t<\/div>\n\t\t<\/div>\n\t\t\t\t\t<\/div>\n\t\t<\/section>\n\t\t\t\t<section class=\"elementor-section elementor-top-section elementor-element elementor-element-9fe3c0a elementor-section-boxed elementor-section-height-default elementor-section-height-default\" data-id=\"9fe3c0a\" data-element_type=\"section\">\n\t\t\t\t\t\t<div class=\"elementor-container elementor-column-gap-default\">\n\t\t\t\t\t<div class=\"elementor-column elementor-col-100 elementor-top-column elementor-element elementor-element-8cfcc85\" data-id=\"8cfcc85\" data-element_type=\"column\">\n\t\t\t<div class=\"elementor-widget-wrap elementor-element-populated\">\n\t\t\t\t\t\t<section class=\"elementor-section elementor-inner-section elementor-element elementor-element-2677520 elementor-section-boxed elementor-section-height-default elementor-section-height-default\" data-id=\"2677520\" data-element_type=\"section\">\n\t\t\t\t\t\t<div class=\"elementor-container elementor-column-gap-default\">\n\t\t\t\t\t<div class=\"elementor-column elementor-col-50 elementor-inner-column elementor-element elementor-element-0a2cb10\" data-id=\"0a2cb10\" data-element_type=\"column\">\n\t\t\t<div class=\"elementor-widget-wrap\">\n\t\t\t\t\t\t\t<\/div>\n\t\t<\/div>\n\t\t\t\t<div class=\"elementor-column elementor-col-50 elementor-inner-column elementor-element elementor-element-1472a7e\" data-id=\"1472a7e\" data-element_type=\"column\">\n\t\t\t<div class=\"elementor-widget-wrap\">\n\t\t\t\t\t\t\t<\/div>\n\t\t<\/div>\n\t\t\t\t\t<\/div>\n\t\t<\/section>\n\t\t\t\t\t<\/div>\n\t\t<\/div>\n\t\t\t\t\t<\/div>\n\t\t<\/section>\n\t\t\t\t<section class=\"elementor-section elementor-top-section elementor-element elementor-element-b30aef0 elementor-section-boxed elementor-section-height-default elementor-section-height-default\" data-id=\"b30aef0\" data-element_type=\"section\">\n\t\t\t\t\t\t<div class=\"elementor-container elementor-column-gap-default\">\n\t\t\t\t\t<div class=\"elementor-column elementor-col-100 elementor-top-column elementor-element elementor-element-f5bcf3f\" data-id=\"f5bcf3f\" data-element_type=\"column\">\n\t\t\t<div class=\"elementor-widget-wrap elementor-element-populated\">\n\t\t\t\t\t\t<div class=\"elementor-element elementor-element-8c1010e elementor-widget-divider--view-line elementor-widget elementor-widget-divider\" data-id=\"8c1010e\" data-element_type=\"widget\" data-widget_type=\"divider.default\">\n\t\t\t\t<div class=\"elementor-widget-container\">\n\t\t\t\t\t<div class=\"elementor-divider\">\n\t\t\t<span class=\"elementor-divider-separator\">\n\t\t\t\t\t\t<\/span>\n\t\t<\/div>\n\t\t\t\t<\/div>\n\t\t\t\t<\/div>\n\t\t\t\t\t<\/div>\n\t\t<\/div>\n\t\t\t\t\t<\/div>\n\t\t<\/section>\n\t\t\t\t<section class=\"elementor-section elementor-top-section elementor-element elementor-element-c5851c8 elementor-section-boxed elementor-section-height-default elementor-section-height-default\" data-id=\"c5851c8\" data-element_type=\"section\">\n\t\t\t\t\t\t<div class=\"elementor-container elementor-column-gap-default\">\n\t\t\t\t\t<div class=\"elementor-column elementor-col-100 elementor-top-column elementor-element elementor-element-418d239\" data-id=\"418d239\" data-element_type=\"column\">\n\t\t\t<div class=\"elementor-widget-wrap elementor-element-populated\">\n\t\t\t\t\t\t\t<\/div>\n\t\t<\/div>\n\t\t\t\t\t<\/div>\n\t\t<\/section>\n\t\t\t\t<section class=\"elementor-section elementor-top-section elementor-element elementor-element-4c1b08e elementor-section-boxed elementor-section-height-default elementor-section-height-default\" data-id=\"4c1b08e\" data-element_type=\"section\">\n\t\t\t\t\t\t<div class=\"elementor-container elementor-column-gap-default\">\n\t\t\t\t\t<div class=\"elementor-column elementor-col-100 elementor-top-column elementor-element elementor-element-14bdd68\" data-id=\"14bdd68\" data-element_type=\"column\">\n\t\t\t<div class=\"elementor-widget-wrap elementor-element-populated\">\n\t\t\t\t\t\t<div class=\"elementor-element elementor-element-4587950 elementor-widget elementor-widget-spacer\" data-id=\"4587950\" data-element_type=\"widget\" data-widget_type=\"spacer.default\">\n\t\t\t\t<div class=\"elementor-widget-container\">\n\t\t\t\t\t<div class=\"elementor-spacer\">\n\t\t\t<div class=\"elementor-spacer-inner\"><\/div>\n\t\t<\/div>\n\t\t\t\t<\/div>\n\t\t\t\t<\/div>\n\t\t\t\t\t<\/div>\n\t\t<\/div>\n\t\t\t\t\t<\/div>\n\t\t<\/section>\n\t\t\t\t<\/div>\n\t\t","protected":false},"excerpt":{"rendered":"<p>PROFICI\u00caNCIA EM INGL\u00caS 1 &#8211; PROFICI\u00caNCIA EM INGL\u00caS 1.1 A comprova\u00e7\u00e3o de profici\u00eancia em l\u00edngua inglesa ser\u00e1 exigida para inscri\u00e7\u00e3o em processo seletivo de mestrado, doutorado e doutorado direto, de acordo com as regras estabelecidas no item II deste regulamento e nos editais de processo seletivo. 1.2 Para inscri\u00e7\u00e3o no processo seletivo tanto de Mestrado [&hellip;]<\/p>\n","protected":false},"author":1200,"featured_media":0,"parent":0,"menu_order":0,"comment_status":"closed","ping_status":"closed","template":"elementor_header_footer","meta":{"footnotes":"","_links_to":"","_links_to_target":""},"class_list":["post-857","page","type-page","status-publish","hentry","entry"],"_links":{"self":[{"href":"https:\/\/sites.usp.br\/biosistemas\/wp-json\/wp\/v2\/pages\/857","targetHints":{"allow":["GET"]}}],"collection":[{"href":"https:\/\/sites.usp.br\/biosistemas\/wp-json\/wp\/v2\/pages"}],"about":[{"href":"https:\/\/sites.usp.br\/biosistemas\/wp-json\/wp\/v2\/types\/page"}],"author":[{"embeddable":true,"href":"https:\/\/sites.usp.br\/biosistemas\/wp-json\/wp\/v2\/users\/1200"}],"replies":[{"embeddable":true,"href":"https:\/\/sites.usp.br\/biosistemas\/wp-json\/wp\/v2\/comments?post=857"}],"version-history":[{"count":4,"href":"https:\/\/sites.usp.br\/biosistemas\/wp-json\/wp\/v2\/pages\/857\/revisions"}],"predecessor-version":[{"id":6943,"href":"https:\/\/sites.usp.br\/biosistemas\/wp-json\/wp\/v2\/pages\/857\/revisions\/6943"}],"wp:attachment":[{"href":"https:\/\/sites.usp.br\/biosistemas\/wp-json\/wp\/v2\/media?parent=857"}],"curies":[{"name":"wp","href":"https:\/\/api.w.org\/{rel}","templated":true}]}}