{"id":859,"date":"2023-12-23T08:37:47","date_gmt":"2023-12-23T11:37:47","guid":{"rendered":"https:\/\/sites.usp.br\/biosistemas\/?page_id=859"},"modified":"2024-03-28T12:54:06","modified_gmt":"2024-03-28T15:54:06","slug":"3-ingresso-via-gre","status":"publish","type":"page","link":"https:\/\/sites.usp.br\/biosistemas\/3-ingresso-via-gre\/","title":{"rendered":"[3] Ingresso VIA GRE"},"content":{"rendered":"\t\t<div data-elementor-type=\"wp-page\" data-elementor-id=\"859\" class=\"elementor elementor-859\" data-elementor-post-type=\"page\">\n\t\t\t\t\t\t<section class=\"elementor-section elementor-top-section elementor-element elementor-element-37e4324 elementor-section-boxed elementor-section-height-default elementor-section-height-default\" data-id=\"37e4324\" data-element_type=\"section\">\n\t\t\t\t\t\t<div class=\"elementor-container elementor-column-gap-default\">\n\t\t\t\t\t<div class=\"elementor-column elementor-col-100 elementor-top-column elementor-element elementor-element-50b7a78\" data-id=\"50b7a78\" data-element_type=\"column\">\n\t\t\t<div class=\"elementor-widget-wrap elementor-element-populated\">\n\t\t\t\t\t\t<div class=\"elementor-element elementor-element-2910af5 elementor-widget elementor-widget-heading\" data-id=\"2910af5\" data-element_type=\"widget\" data-widget_type=\"heading.default\">\n\t\t\t\t<div class=\"elementor-widget-container\">\n\t\t\t<h2 class=\"elementor-heading-title elementor-size-default\">ENTRADA VIA GRE<\/h2>\t\t<\/div>\n\t\t\t\t<\/div>\n\t\t\t\t\t<\/div>\n\t\t<\/div>\n\t\t\t\t\t<\/div>\n\t\t<\/section>\n\t\t\t\t<section class=\"elementor-section elementor-top-section elementor-element elementor-element-c66343f elementor-section-boxed elementor-section-height-default elementor-section-height-default\" data-id=\"c66343f\" data-element_type=\"section\">\n\t\t\t\t\t\t<div class=\"elementor-container elementor-column-gap-default\">\n\t\t\t\t\t<div class=\"elementor-column elementor-col-100 elementor-top-column elementor-element elementor-element-76e319b\" data-id=\"76e319b\" data-element_type=\"column\">\n\t\t\t<div class=\"elementor-widget-wrap elementor-element-populated\">\n\t\t\t\t\t\t<div class=\"elementor-element elementor-element-1ae8cec elementor-widget elementor-widget-spacer\" data-id=\"1ae8cec\" data-element_type=\"widget\" data-widget_type=\"spacer.default\">\n\t\t\t\t<div class=\"elementor-widget-container\">\n\t\t\t\t\t<div class=\"elementor-spacer\">\n\t\t\t<div class=\"elementor-spacer-inner\"><\/div>\n\t\t<\/div>\n\t\t\t\t<\/div>\n\t\t\t\t<\/div>\n\t\t\t\t\t<\/div>\n\t\t<\/div>\n\t\t\t\t\t<\/div>\n\t\t<\/section>\n\t\t\t\t<section class=\"elementor-section elementor-top-section elementor-element elementor-element-4069350 elementor-section-boxed elementor-section-height-default elementor-section-height-default\" data-id=\"4069350\" data-element_type=\"section\">\n\t\t\t\t\t\t<div class=\"elementor-container elementor-column-gap-default\">\n\t\t\t\t\t<div class=\"elementor-column elementor-col-100 elementor-top-column elementor-element elementor-element-20b6758\" data-id=\"20b6758\" data-element_type=\"column\">\n\t\t\t<div class=\"elementor-widget-wrap elementor-element-populated\">\n\t\t\t\t\t\t<div class=\"elementor-element elementor-element-b4fd027 elementor-widget elementor-widget-text-editor\" data-id=\"b4fd027\" data-element_type=\"widget\" data-widget_type=\"text-editor.default\">\n\t\t\t\t<div class=\"elementor-widget-container\">\n\t\t\t\t\t\t\t<p><strong>1.<\/strong> Se o candidato estiver no exterior, esse teste pode ser aplicado por uma institui\u00e7\u00e3o internacional indicada pelo Programa;<\/p><p><strong>2.<\/strong> Alternativamente, os candidatos poder\u00e3o optar pelo exame de conhecimentos gerais em Biologia (GRE Subject test) promovido pelo Educacional Testing Service ETS e ser\u00e3o considerados aprovados quando estiverem classificados acima do percentil 70 (o resultado do exame ter\u00e1 validade igual ao prazo estabelecido pelo ETS). As \u00e1reas espec\u00edficas para esse exame ser\u00e3o divulgadas em edital. Para maiores informa\u00e7\u00f5es, consulte ppg.biosistemas@usp.br<\/p><p><span style=\"font-size: 20px;\">A Universidade de S\u00e3o Paulo apresenta tamb\u00e9m um programa especial de sele\u00e7\u00e3o via GRE, e as informa\u00e7\u00f5es atualizadas s\u00e3o divulgadas na p\u00e1gina da Pr\u00f3- Reitoria de P\u00f3s- Gradua\u00e7\u00e3o, <\/span><span style=\"font-size: 20px; color: #3366ff;\"><a style=\"color: #3366ff;\" href=\"https:\/\/www.prpg.usp.br\/index.php\/pt-br\/\">clique aqui<\/a>.<\/span><\/p>\t\t\t\t\t\t<\/div>\n\t\t\t\t<\/div>\n\t\t\t\t\t<\/div>\n\t\t<\/div>\n\t\t\t\t\t<\/div>\n\t\t<\/section>\n\t\t\t\t<section class=\"elementor-section elementor-top-section elementor-element elementor-element-3b0660c elementor-section-boxed elementor-section-height-default elementor-section-height-default\" data-id=\"3b0660c\" data-element_type=\"section\">\n\t\t\t\t\t\t<div class=\"elementor-container elementor-column-gap-default\">\n\t\t\t\t\t<div class=\"elementor-column elementor-col-100 elementor-top-column elementor-element elementor-element-c6d62ca\" data-id=\"c6d62ca\" data-element_type=\"column\">\n\t\t\t<div class=\"elementor-widget-wrap elementor-element-populated\">\n\t\t\t\t\t\t<div class=\"elementor-element elementor-element-832425b elementor-widget elementor-widget-spacer\" data-id=\"832425b\" data-element_type=\"widget\" data-widget_type=\"spacer.default\">\n\t\t\t\t<div class=\"elementor-widget-container\">\n\t\t\t\t\t<div class=\"elementor-spacer\">\n\t\t\t<div class=\"elementor-spacer-inner\"><\/div>\n\t\t<\/div>\n\t\t\t\t<\/div>\n\t\t\t\t<\/div>\n\t\t\t\t\t<\/div>\n\t\t<\/div>\n\t\t\t\t\t<\/div>\n\t\t<\/section>\n\t\t\t\t<\/div>\n\t\t","protected":false},"excerpt":{"rendered":"<p>ENTRADA VIA GRE 1. Se o candidato estiver no exterior, esse teste pode ser aplicado por uma institui\u00e7\u00e3o internacional indicada pelo Programa; 2. Alternativamente, os candidatos poder\u00e3o optar pelo exame de conhecimentos gerais em Biologia (GRE Subject test) promovido pelo Educacional Testing Service ETS e ser\u00e3o considerados aprovados quando estiverem classificados acima do percentil 70 [&hellip;]<\/p>\n","protected":false},"author":1200,"featured_media":0,"parent":0,"menu_order":0,"comment_status":"closed","ping_status":"closed","template":"elementor_header_footer","meta":{"footnotes":"","_links_to":"","_links_to_target":""},"class_list":["post-859","page","type-page","status-publish","hentry","entry"],"_links":{"self":[{"href":"https:\/\/sites.usp.br\/biosistemas\/wp-json\/wp\/v2\/pages\/859","targetHints":{"allow":["GET"]}}],"collection":[{"href":"https:\/\/sites.usp.br\/biosistemas\/wp-json\/wp\/v2\/pages"}],"about":[{"href":"https:\/\/sites.usp.br\/biosistemas\/wp-json\/wp\/v2\/types\/page"}],"author":[{"embeddable":true,"href":"https:\/\/sites.usp.br\/biosistemas\/wp-json\/wp\/v2\/users\/1200"}],"replies":[{"embeddable":true,"href":"https:\/\/sites.usp.br\/biosistemas\/wp-json\/wp\/v2\/comments?post=859"}],"version-history":[{"count":4,"href":"https:\/\/sites.usp.br\/biosistemas\/wp-json\/wp\/v2\/pages\/859\/revisions"}],"predecessor-version":[{"id":5009,"href":"https:\/\/sites.usp.br\/biosistemas\/wp-json\/wp\/v2\/pages\/859\/revisions\/5009"}],"wp:attachment":[{"href":"https:\/\/sites.usp.br\/biosistemas\/wp-json\/wp\/v2\/media?parent=859"}],"curies":[{"name":"wp","href":"https:\/\/api.w.org\/{rel}","templated":true}]}}