{"id":873,"date":"2023-12-23T08:42:05","date_gmt":"2023-12-23T11:42:05","guid":{"rendered":"https:\/\/sites.usp.br\/biosistemas\/?page_id=873"},"modified":"2024-03-28T12:59:21","modified_gmt":"2024-03-28T15:59:21","slug":"3-prazos-e-creditos","status":"publish","type":"page","link":"https:\/\/sites.usp.br\/biosistemas\/3-prazos-e-creditos\/","title":{"rendered":"[3] Prazos e Cr\u00e9ditos"},"content":{"rendered":"\t\t<div data-elementor-type=\"wp-page\" data-elementor-id=\"873\" class=\"elementor elementor-873\" data-elementor-post-type=\"page\">\n\t\t\t\t\t\t<section class=\"elementor-section elementor-top-section elementor-element elementor-element-e77a135 elementor-section-boxed elementor-section-height-default elementor-section-height-default\" data-id=\"e77a135\" data-element_type=\"section\">\n\t\t\t\t\t\t<div class=\"elementor-container elementor-column-gap-default\">\n\t\t\t\t\t<div class=\"elementor-column elementor-col-100 elementor-top-column elementor-element elementor-element-89fb83d\" data-id=\"89fb83d\" data-element_type=\"column\">\n\t\t\t<div class=\"elementor-widget-wrap elementor-element-populated\">\n\t\t\t\t\t\t<div class=\"elementor-element elementor-element-f170f90 elementor-widget elementor-widget-heading\" data-id=\"f170f90\" data-element_type=\"widget\" data-widget_type=\"heading.default\">\n\t\t\t\t<div class=\"elementor-widget-container\">\n\t\t\t<h2 class=\"elementor-heading-title elementor-size-default\">PRAZOS E CR\u00c9DITOS<\/h2>\t\t<\/div>\n\t\t\t\t<\/div>\n\t\t\t\t<div class=\"elementor-element elementor-element-f262caa elementor-widget elementor-widget-spacer\" data-id=\"f262caa\" data-element_type=\"widget\" data-widget_type=\"spacer.default\">\n\t\t\t\t<div class=\"elementor-widget-container\">\n\t\t\t\t\t<div class=\"elementor-spacer\">\n\t\t\t<div class=\"elementor-spacer-inner\"><\/div>\n\t\t<\/div>\n\t\t\t\t<\/div>\n\t\t\t\t<\/div>\n\t\t\t\t\t<\/div>\n\t\t<\/div>\n\t\t\t\t\t<\/div>\n\t\t<\/section>\n\t\t\t\t<section class=\"elementor-section elementor-top-section elementor-element elementor-element-f908bb6 elementor-section-boxed elementor-section-height-default elementor-section-height-default\" data-id=\"f908bb6\" data-element_type=\"section\">\n\t\t\t\t\t\t<div class=\"elementor-container elementor-column-gap-default\">\n\t\t\t\t\t<div class=\"elementor-column elementor-col-100 elementor-top-column elementor-element elementor-element-b04a1f1\" data-id=\"b04a1f1\" data-element_type=\"column\">\n\t\t\t<div class=\"elementor-widget-wrap elementor-element-populated\">\n\t\t\t\t\t\t<div class=\"elementor-element elementor-element-cddee6d elementor-widget elementor-widget-text-editor\" data-id=\"cddee6d\" data-element_type=\"widget\" data-widget_type=\"text-editor.default\">\n\t\t\t\t<div class=\"elementor-widget-container\">\n\t\t\t\t\t\t\t<p style=\"text-align: center;\"><strong>PRAZOS<\/strong><\/p><p><strong>1<\/strong>\u00a0No curso de Mestrado, o prazo para dep\u00f3sito da disserta\u00e7\u00e3o \u00e9 de 30 meses.<\/p><p><strong>2<\/strong>\u00a0No curso de Doutorado, para o portador do t\u00edtulo de Mestre, o prazo para dep\u00f3sito da tese \u00e9 de 54 meses.<\/p><p><strong>3<\/strong>\u00a0No curso de Doutorado, sem obten\u00e7\u00e3o pr\u00e9via do t\u00edtulo de Mestre (Doutorado Direto), o prazo para dep\u00f3sito da tese \u00e9 de 66 meses.<\/p>\t\t\t\t\t\t<\/div>\n\t\t\t\t<\/div>\n\t\t\t\t<div class=\"elementor-element elementor-element-d0843ff elementor-widget-divider--view-line elementor-widget elementor-widget-divider\" data-id=\"d0843ff\" data-element_type=\"widget\" data-widget_type=\"divider.default\">\n\t\t\t\t<div class=\"elementor-widget-container\">\n\t\t\t\t\t<div class=\"elementor-divider\">\n\t\t\t<span class=\"elementor-divider-separator\">\n\t\t\t\t\t\t<\/span>\n\t\t<\/div>\n\t\t\t\t<\/div>\n\t\t\t\t<\/div>\n\t\t\t\t\t<\/div>\n\t\t<\/div>\n\t\t\t\t\t<\/div>\n\t\t<\/section>\n\t\t\t\t<section class=\"elementor-section elementor-top-section elementor-element elementor-element-908a48a elementor-section-boxed elementor-section-height-default elementor-section-height-default\" data-id=\"908a48a\" data-element_type=\"section\">\n\t\t\t\t\t\t<div class=\"elementor-container elementor-column-gap-default\">\n\t\t\t\t\t<div class=\"elementor-column elementor-col-100 elementor-top-column elementor-element elementor-element-05fb4ea\" data-id=\"05fb4ea\" data-element_type=\"column\">\n\t\t\t<div class=\"elementor-widget-wrap elementor-element-populated\">\n\t\t\t\t\t\t<div class=\"elementor-element elementor-element-e7ebaa1 elementor-widget elementor-widget-text-editor\" data-id=\"e7ebaa1\" data-element_type=\"widget\" data-widget_type=\"text-editor.default\">\n\t\t\t\t<div class=\"elementor-widget-container\">\n\t\t\t\t\t\t\t<p style=\"text-align: center;\"><strong>CR\u00c9DITOS M\u00cdNIMOS<\/strong><\/p><p><strong>1<\/strong>\u00a0O estudante de Mestrado dever\u00e1 integralizar um m\u00ednimo de unidades de cr\u00e9dito, da seguinte forma:<\/p><p>\u2013 96 unidades de cr\u00e9dito, sendo 32 em disciplinas e 64 na disserta\u00e7\u00e3o.<\/p><p><strong>2<\/strong>\u00a0O estudante de Doutorado, portador do t\u00edtulo de Mestre pela USP ou por ela reconhecido, dever\u00e1 integralizar um m\u00ednimo de unidades de cr\u00e9dito, da seguinte forma:<\/p><p>\u2013 160 unidades de cr\u00e9dito, sendo 24 em disciplinas e 136 na tese.<\/p><p><strong>3<\/strong>\u00a0O estudante de Doutorado, sem a obten\u00e7\u00e3o pr\u00e9via do t\u00edtulo de Mestre (Doutorado Direto), dever\u00e1 integralizar um m\u00ednimo de unidades de cr\u00e9dito, da seguinte forma:<\/p><p>\u2013 192 unidades de cr\u00e9dito, sendo 56 em disciplinas e 136 na tese.<\/p>\t\t\t\t\t\t<\/div>\n\t\t\t\t<\/div>\n\t\t\t\t<div class=\"elementor-element elementor-element-4b604f7 elementor-widget-divider--view-line elementor-widget elementor-widget-divider\" data-id=\"4b604f7\" data-element_type=\"widget\" data-widget_type=\"divider.default\">\n\t\t\t\t<div class=\"elementor-widget-container\">\n\t\t\t\t\t<div class=\"elementor-divider\">\n\t\t\t<span class=\"elementor-divider-separator\">\n\t\t\t\t\t\t<\/span>\n\t\t<\/div>\n\t\t\t\t<\/div>\n\t\t\t\t<\/div>\n\t\t\t\t\t<\/div>\n\t\t<\/div>\n\t\t\t\t\t<\/div>\n\t\t<\/section>\n\t\t\t\t<section class=\"elementor-section elementor-top-section elementor-element elementor-element-0665661 elementor-section-boxed elementor-section-height-default elementor-section-height-default\" data-id=\"0665661\" data-element_type=\"section\">\n\t\t\t\t\t\t<div class=\"elementor-container elementor-column-gap-default\">\n\t\t\t\t\t<div class=\"elementor-column elementor-col-100 elementor-top-column elementor-element elementor-element-93bc876\" data-id=\"93bc876\" data-element_type=\"column\">\n\t\t\t<div class=\"elementor-widget-wrap elementor-element-populated\">\n\t\t\t\t\t\t<div class=\"elementor-element elementor-element-f79b6ac elementor-widget elementor-widget-text-editor\" data-id=\"f79b6ac\" data-element_type=\"widget\" data-widget_type=\"text-editor.default\">\n\t\t\t\t<div class=\"elementor-widget-container\">\n\t\t\t\t\t\t\t<p style=\"text-align: center;\"><strong>DOS CR\u00c9DITOS EM DISCIPLINAS\u00a0<\/strong><\/p><p>O(a) estudante de Mestrado ou de Doutorado dever\u00e1 obrigatoriamente integralizar o m\u00ednimo de 14 cr\u00e9ditos em disciplinas oferecidas pelo Programa.<\/p>\t\t\t\t\t\t<\/div>\n\t\t\t\t<\/div>\n\t\t\t\t<div class=\"elementor-element elementor-element-8c46721 elementor-widget-divider--view-line elementor-widget elementor-widget-divider\" data-id=\"8c46721\" data-element_type=\"widget\" data-widget_type=\"divider.default\">\n\t\t\t\t<div class=\"elementor-widget-container\">\n\t\t\t\t\t<div class=\"elementor-divider\">\n\t\t\t<span class=\"elementor-divider-separator\">\n\t\t\t\t\t\t<\/span>\n\t\t<\/div>\n\t\t\t\t<\/div>\n\t\t\t\t<\/div>\n\t\t\t\t\t<\/div>\n\t\t<\/div>\n\t\t\t\t\t<\/div>\n\t\t<\/section>\n\t\t\t\t<section class=\"elementor-section elementor-top-section elementor-element elementor-element-4af2220 elementor-section-boxed elementor-section-height-default elementor-section-height-default\" data-id=\"4af2220\" data-element_type=\"section\">\n\t\t\t\t\t\t<div class=\"elementor-container elementor-column-gap-default\">\n\t\t\t\t\t<div class=\"elementor-column elementor-col-100 elementor-top-column elementor-element elementor-element-7da4746\" data-id=\"7da4746\" data-element_type=\"column\">\n\t\t\t<div class=\"elementor-widget-wrap elementor-element-populated\">\n\t\t\t\t\t\t<div class=\"elementor-element elementor-element-6cf0533 elementor-widget elementor-widget-text-editor\" data-id=\"6cf0533\" data-element_type=\"widget\" data-widget_type=\"text-editor.default\">\n\t\t\t\t<div class=\"elementor-widget-container\">\n\t\t\t\t\t\t\t<p style=\"text-align: center;\"><strong>CR\u00c9DITOS ESPECIAIS<\/strong><\/p><p>Poder\u00e3o ser concedidos, como cr\u00e9ditos especiais, no m\u00e1ximo 12, 12, e 24 cr\u00e9ditos para os Cursos de Mestrado, Doutorado ou Doutorado Direto, respectivamente. Tais cr\u00e9ditos est\u00e3o especificados nos itens abaixo, considerando-se os respectivos limites de solicita\u00e7\u00e3o:<\/p><p><strong>5<\/strong><strong>.1\u00a0<\/strong>No caso de trabalho completo publicado em revista de circula\u00e7\u00e3o nacional ou internacional que tenha corpo editorial reconhecido, ou cap\u00edtulo de livro de reconhecido m\u00e9rito na \u00e1rea do conhecimento, sendo o(a) estudante o(a) primeiro(a) autor(a) e que possua rela\u00e7\u00e3o com o projeto de sua disserta\u00e7\u00e3o ou tese, o n\u00famero de cr\u00e9ditos especiais \u00e9 igual a 6 (seis). Sendo o(a) estudante co-autor(a), o n\u00famero de cr\u00e9ditos \u00e9 igual a 2 (dois). No caso de cap\u00edtulo de livro de reconhecido m\u00e9rito na \u00e1rea do conhecimento, sendo o(a) estudante autor(a) o n\u00famero de cr\u00e9ditos \u00e9 igual a 2 (dois). Essas atribui\u00e7\u00f5es limitam-se a duas solicita\u00e7\u00f5es em cada categoria.<\/p><p><strong>5<\/strong><strong>.2<\/strong>\u00a0No caso de dep\u00f3sito de patentes o n\u00famero de cr\u00e9ditos especiais \u00e9 igual a 2 (dois). Essa atribui\u00e7\u00e3o limita-se a duas solicita\u00e7\u00f5es.<\/p><p><strong>5<\/strong><strong>.3\u00a0<\/strong>No caso de publica\u00e7\u00e3o de cap\u00edtulo em manual tecnol\u00f3gico reconhecido por \u00f3rg\u00e3os oficiais nacionais e internacionais o n\u00famero de cr\u00e9ditos especiais \u00e9 igual a 2 (dois). Essa atribui\u00e7\u00e3o limita-se a duas solicita\u00e7\u00f5es.<\/p><p><strong>5<\/strong><strong>.4\u00a0<\/strong>No caso de participa\u00e7\u00e3o em Congressos, Workshops, Simp\u00f3sios ou outro tipo de reuni\u00e3o cient\u00edfica com apresenta\u00e7\u00e3o de trabalho completo e que seja publicado (na forma impressa ou digital) em anais (ou similares) e que o(a) estudante seja o primeiro autor(a), o n\u00famero de cr\u00e9ditos concedidos \u00e9 igual a 1 (um) por evento por ano. Essa solicita\u00e7\u00e3o limita-se a quatro solicita\u00e7\u00f5es.<\/p><p><strong>5<\/strong><strong>.5\u00a0<\/strong>No caso de participa\u00e7\u00e3o no Programa de Aperfei\u00e7oamento de Ensino (PAE) o n\u00famero de cr\u00e9ditos especiais \u00e9 de 4 (quatro) para estudantes do Mestrado, 4 para estudantes do Doutorado, e 4 (para cada participa\u00e7\u00e3o) de estudantes do Doutorado Direto, considerando neste caso o limite de duas participa\u00e7\u00f5es.<\/p>\t\t\t\t\t\t<\/div>\n\t\t\t\t<\/div>\n\t\t\t\t<div class=\"elementor-element elementor-element-ad7b046 elementor-widget elementor-widget-spacer\" data-id=\"ad7b046\" data-element_type=\"widget\" data-widget_type=\"spacer.default\">\n\t\t\t\t<div class=\"elementor-widget-container\">\n\t\t\t\t\t<div class=\"elementor-spacer\">\n\t\t\t<div class=\"elementor-spacer-inner\"><\/div>\n\t\t<\/div>\n\t\t\t\t<\/div>\n\t\t\t\t<\/div>\n\t\t\t\t\t<\/div>\n\t\t<\/div>\n\t\t\t\t\t<\/div>\n\t\t<\/section>\n\t\t\t\t<\/div>\n\t\t","protected":false},"excerpt":{"rendered":"<p>PRAZOS E CR\u00c9DITOS PRAZOS 1\u00a0No curso de Mestrado, o prazo para dep\u00f3sito da disserta\u00e7\u00e3o \u00e9 de 30 meses. 2\u00a0No curso de Doutorado, para o portador do t\u00edtulo de Mestre, o prazo para dep\u00f3sito da tese \u00e9 de 54 meses. 3\u00a0No curso de Doutorado, sem obten\u00e7\u00e3o pr\u00e9via do t\u00edtulo de Mestre (Doutorado Direto), o prazo para [&hellip;]<\/p>\n","protected":false},"author":1200,"featured_media":0,"parent":0,"menu_order":0,"comment_status":"closed","ping_status":"closed","template":"elementor_header_footer","meta":{"footnotes":"","_links_to":"","_links_to_target":""},"class_list":["post-873","page","type-page","status-publish","hentry","entry"],"_links":{"self":[{"href":"https:\/\/sites.usp.br\/biosistemas\/wp-json\/wp\/v2\/pages\/873","targetHints":{"allow":["GET"]}}],"collection":[{"href":"https:\/\/sites.usp.br\/biosistemas\/wp-json\/wp\/v2\/pages"}],"about":[{"href":"https:\/\/sites.usp.br\/biosistemas\/wp-json\/wp\/v2\/types\/page"}],"author":[{"embeddable":true,"href":"https:\/\/sites.usp.br\/biosistemas\/wp-json\/wp\/v2\/users\/1200"}],"replies":[{"embeddable":true,"href":"https:\/\/sites.usp.br\/biosistemas\/wp-json\/wp\/v2\/comments?post=873"}],"version-history":[{"count":4,"href":"https:\/\/sites.usp.br\/biosistemas\/wp-json\/wp\/v2\/pages\/873\/revisions"}],"predecessor-version":[{"id":5018,"href":"https:\/\/sites.usp.br\/biosistemas\/wp-json\/wp\/v2\/pages\/873\/revisions\/5018"}],"wp:attachment":[{"href":"https:\/\/sites.usp.br\/biosistemas\/wp-json\/wp\/v2\/media?parent=873"}],"curies":[{"name":"wp","href":"https:\/\/api.w.org\/{rel}","templated":true}]}}