{"id":1324,"date":"2016-07-22T15:18:29","date_gmt":"2016-07-22T18:18:29","guid":{"rendered":"http:\/\/sites.usp.br\/constrambi\/?page_id=1324"},"modified":"2016-07-22T15:30:09","modified_gmt":"2016-07-22T18:30:09","slug":"homeconstrambi","status":"publish","type":"page","link":"https:\/\/sites.usp.br\/biosmat\/homeconstrambi\/","title":{"rendered":""},"content":{"rendered":"<p>\r\n\t<div class=\"slideshow_container slideshow_container_style-light\" style=\"height: 300px; \" data-slideshow-id=\"902\" data-style-name=\"style-light\" data-style-version=\"2.3.1\" >\r\n\r\n\t\t\t\t\t<div class=\"slideshow_loading_icon\"><\/div>\r\n\t\t\r\n\t\t<div class=\"slideshow_content\" style=\"display: none;\">\r\n\r\n\t\t\t<div class=\"slideshow_view\">\r\n\t\t\t\t<div class=\"slideshow_slide slideshow_slide_image\">\r\n\t\t\t\t\t<a href=\"http:\/\/sites.usp.br\/constrambi\/\" target=\"_self\" >\t\t\t\t\t\t<img src=\"https:\/\/sites.usp.br\/biosmat\/wp-content\/uploads\/sites\/98\/2016\/02\/20160310_0957351.jpg\" alt=\"Laborat\u00f3rio de Constru\u00e7\u00f5es e Ambi\u00eancia\" width=\"4160\" height=\"2336\" \/>\r\n\t\t\t\t\t<\/a>\t\t\t\t\t<div class=\"slideshow_description_box slideshow_transparent\">\r\n\t\t\t\t\t\t<div class=\"slideshow_title\"><a href=\"http:\/\/sites.usp.br\/constrambi\/\" target=\"_self\" >Laborat\u00f3rio de Constru\u00e7\u00f5es e Ambi\u00eancia<\/a><\/div>\t\t\t\t\t\t\t\t\t\t\t<\/div>\r\n\t\t\t\t<\/div>\r\n\r\n\t\t\t\t\t\t<div style=\"clear: both;\"><\/div><\/div><div class=\"slideshow_view\">\r\n\t\t\t\t<div class=\"slideshow_slide slideshow_slide_image\">\r\n\t\t\t\t\t<a href=\"http:\/\/sites.usp.br\/constrambi\/\" target=\"_self\" >\t\t\t\t\t\t<img src=\"https:\/\/sites.usp.br\/biosmat\/wp-content\/uploads\/sites\/98\/2016\/03\/1.lateral.jpg\" alt=\"Laborat\u00f3rio de Constru\u00e7\u00f5es e Ambi\u00eancia\" width=\"4160\" height=\"2336\" \/>\r\n\t\t\t\t\t<\/a>\t\t\t\t\t<div class=\"slideshow_description_box slideshow_transparent\">\r\n\t\t\t\t\t\t<div class=\"slideshow_title\"><a href=\"http:\/\/sites.usp.br\/constrambi\/\" target=\"_self\" >Laborat\u00f3rio de Constru\u00e7\u00f5es e Ambi\u00eancia<\/a><\/div>\t\t\t\t\t\t\t\t\t\t\t<\/div>\r\n\t\t\t\t<\/div>\r\n\r\n\t\t\t\t\t\t<div style=\"clear: both;\"><\/div><\/div>\r\n\t\t<\/div>\r\n\r\n\t\t<div class=\"slideshow_controlPanel slideshow_transparent\" style=\"display: none;\"><ul><li class=\"slideshow_togglePlay\" data-play-text=\"Acionar\" data-pause-text=\"Pausar\"><\/li><\/ul><\/div>\r\n\r\n\t\t<div class=\"slideshow_button slideshow_previous slideshow_transparent\" role=\"button\" data-previous-text=\"Anterior\" style=\"display: none;\"><\/div>\r\n\t\t<div class=\"slideshow_button slideshow_next slideshow_transparent\" role=\"button\" data-next-text=\"Pr\u00f3ximo\" style=\"display: none;\"><\/div>\r\n\r\n\t\t<div class=\"slideshow_pagination\" style=\"display: none;\" data-go-to-text=\"Ir para o slide\"><div class=\"slideshow_pagination_center\"><\/div><\/div>\r\n\r\n\t\t<!-- WordPress Slideshow Version 2.3.1 -->\r\n\r\n\t\t\t<\/div>\r\n\r\n<\/p>\n<p><span style=\"color: #ffffff\">.<\/span><\/p>\n<h3 style=\"text-align: center\">Bem-vindo \u00e0 p\u00e1gina do Laborat\u00f3rio de Constru\u00e7\u00f5es e Ambi\u00eancia<\/h3>\n<p style=\"text-align: justify\">O Grupo de Constru\u00e7\u00f5es e Ambi\u00eancia desenvolve produtos sustent\u00e1veis para constru\u00e7\u00e3o rural e urbana, com interesse especial em materiais n\u00e3o convencionais \u00e0 base de cimentos inorg\u00e2nicos e org\u00e2nicos e com refor\u00e7o de fibras naturais.\u00a0 O grupo atua no desenvolvimento de comp\u00f3sitos\u00a0 \u00e0 base de res\u00edduos agroindustriais.<\/p>\n<p style=\"text-align: justify\">O nosso grupo realiza trabalhos de caracteriza\u00e7\u00e3o de elementos construtivos, por meio de ensaios mec\u00e2nicos, f\u00edsicos e micro-estruturais e tamb\u00e9m\u00a0 de an\u00e1lise da durabilidade dos materiais e comp\u00f3sitos.<\/p>\n<p style=\"text-align: justify\">A equipe do Grupo de Constru\u00e7\u00f5es e Ambi\u00eancia \u00e9 composta por alunos de gradua\u00e7\u00e3o e p\u00f3s-gradua\u00e7\u00e3o, pesquisadores doutores de diversas \u00e1reas de forma\u00e7\u00e3o, sob a orienta\u00e7\u00e3o dos professores respons\u00e1veis e em colabora\u00e7\u00e3o com diversas institui\u00e7\u00f5es brasileiras e do exterior.<\/p>\n<p><span style=\"color: #ffffff\">.<\/span><\/p>\n<h3>Divulga\u00e7\u00e3o na Imprensa<\/h3>\n<p>\r\n\t<div class=\"slideshow_container slideshow_container_style-light\" style=\"height: 400px; \" data-slideshow-id=\"929\" data-style-name=\"style-light\" data-style-version=\"2.3.1\" >\r\n\r\n\t\t\t\t\t<div class=\"slideshow_loading_icon\"><\/div>\r\n\t\t\r\n\t\t<div class=\"slideshow_content\" style=\"display: none;\">\r\n\r\n\t\t\t<div class=\"slideshow_view\">\r\n\t<div class=\"slideshow_slide slideshow_slide_video\">\r\n\t\t<div class=\"slideshow_slide_video_id\" style=\"display: none;\" data-show-related-videos=\"0\">oTSesctryvo<\/div>\r\n\t<\/div>\r\n<div style=\"clear: both;\"><\/div><\/div><div class=\"slideshow_view\">\r\n\t<div class=\"slideshow_slide slideshow_slide_video\">\r\n\t\t<div class=\"slideshow_slide_video_id\" style=\"display: none;\" data-show-related-videos=\"0\">F6ONOSfO3VM<\/div>\r\n\t<\/div>\r\n<div style=\"clear: both;\"><\/div><\/div><div class=\"slideshow_view\">\r\n\t<div class=\"slideshow_slide slideshow_slide_video\">\r\n\t\t<div class=\"slideshow_slide_video_id\" style=\"display: none;\" data-show-related-videos=\"0\">7D0NZ9uR8Jo<\/div>\r\n\t<\/div>\r\n<div style=\"clear: both;\"><\/div><\/div><div class=\"slideshow_view\">\r\n\t<div class=\"slideshow_slide slideshow_slide_video\">\r\n\t\t<div class=\"slideshow_slide_video_id\" style=\"display: none;\" data-show-related-videos=\"0\">nLshdWzEk6U<\/div>\r\n\t<\/div>\r\n<div style=\"clear: both;\"><\/div><\/div><div class=\"slideshow_view\">\r\n\t<div class=\"slideshow_slide slideshow_slide_video\">\r\n\t\t<div class=\"slideshow_slide_video_id\" style=\"display: none;\" data-show-related-videos=\"0\">wAJwheyKgho<\/div>\r\n\t<\/div>\r\n<div style=\"clear: both;\"><\/div><\/div><div class=\"slideshow_view\">\r\n\t<div class=\"slideshow_slide slideshow_slide_video\">\r\n\t\t<div class=\"slideshow_slide_video_id\" style=\"display: none;\" data-show-related-videos=\"0\">u6k9Vw4tIxY<\/div>\r\n\t<\/div>\r\n<div style=\"clear: both;\"><\/div><\/div>\r\n\t\t<\/div>\r\n\r\n\t\t<div class=\"slideshow_controlPanel slideshow_transparent\" style=\"display: none;\"><ul><li class=\"slideshow_togglePlay\" data-play-text=\"Acionar\" data-pause-text=\"Pausar\"><\/li><\/ul><\/div>\r\n\r\n\t\t<div class=\"slideshow_button slideshow_previous slideshow_transparent\" role=\"button\" data-previous-text=\"Anterior\" style=\"display: none;\"><\/div>\r\n\t\t<div class=\"slideshow_button slideshow_next slideshow_transparent\" role=\"button\" data-next-text=\"Pr\u00f3ximo\" style=\"display: none;\"><\/div>\r\n\r\n\t\t<div class=\"slideshow_pagination\" style=\"display: none;\" data-go-to-text=\"Ir para o slide\"><div class=\"slideshow_pagination_center\"><\/div><\/div>\r\n\r\n\t\t<!-- WordPress Slideshow Version 2.3.1 -->\r\n\r\n\t\t\t<\/div>\r\n\r\n<\/p>","protected":false},"excerpt":{"rendered":"<p>Laborat\u00f3rio de Constru\u00e7\u00f5es e Ambi\u00eancia Laborat\u00f3rio de Constru\u00e7\u00f5es e Ambi\u00eancia . Bem-vindo \u00e0 p\u00e1gina do Laborat\u00f3rio de Constru\u00e7\u00f5es e Ambi\u00eancia O Grupo de Constru\u00e7\u00f5es e Ambi\u00eancia desenvolve produtos sustent\u00e1veis para constru\u00e7\u00e3o rural e urbana, com interesse especial em materiais n\u00e3o convencionais \u00e0 base de cimentos inorg\u00e2nicos e org\u00e2nicos e com refor\u00e7o de fibras naturais.\u00a0 O grupo atua no desenvolvimento de comp\u00f3sitos\u00a0 \u00e0 base de res\u00edduos agroindustriais. O nosso grupo realiza trabalhos de caracteriza\u00e7\u00e3o de elementos construtivos, por meio de ensaios mec\u00e2nicos, f\u00edsicos e micro-estruturais e tamb\u00e9m\u00a0 de an\u00e1lise da durabilidade dos materiais e comp\u00f3sitos. A equipe do Grupo de Constru\u00e7\u00f5es e Ambi\u00eancia \u00e9 composta por alunos de gradua\u00e7\u00e3o e p\u00f3s-gradua\u00e7\u00e3o, pesquisadores doutores de diversas \u00e1reas de forma\u00e7\u00e3o, sob a orienta\u00e7\u00e3o dos professores respons\u00e1veis e em colabora\u00e7\u00e3o com diversas institui\u00e7\u00f5es brasileiras e do exterior. . Divulga\u00e7\u00e3o na Imprensa oTSesctryvo F6ONOSfO3VM 7D0NZ9uR8Jo nLshdWzEk6U wAJwheyKgho u6k9Vw4tIxY<\/p>\n","protected":false},"author":173,"featured_media":0,"parent":0,"menu_order":0,"comment_status":"open","ping_status":"closed","template":"","meta":{"footnotes":"","_links_to":"","_links_to_target":""},"class_list":["post-1324","page","type-page","status-publish","hentry"],"_links":{"self":[{"href":"https:\/\/sites.usp.br\/biosmat\/wp-json\/wp\/v2\/pages\/1324","targetHints":{"allow":["GET"]}}],"collection":[{"href":"https:\/\/sites.usp.br\/biosmat\/wp-json\/wp\/v2\/pages"}],"about":[{"href":"https:\/\/sites.usp.br\/biosmat\/wp-json\/wp\/v2\/types\/page"}],"author":[{"embeddable":true,"href":"https:\/\/sites.usp.br\/biosmat\/wp-json\/wp\/v2\/users\/173"}],"replies":[{"embeddable":true,"href":"https:\/\/sites.usp.br\/biosmat\/wp-json\/wp\/v2\/comments?post=1324"}],"version-history":[{"count":4,"href":"https:\/\/sites.usp.br\/biosmat\/wp-json\/wp\/v2\/pages\/1324\/revisions"}],"predecessor-version":[{"id":1329,"href":"https:\/\/sites.usp.br\/biosmat\/wp-json\/wp\/v2\/pages\/1324\/revisions\/1329"}],"wp:attachment":[{"href":"https:\/\/sites.usp.br\/biosmat\/wp-json\/wp\/v2\/media?parent=1324"}],"curies":[{"name":"wp","href":"https:\/\/api.w.org\/{rel}","templated":true}]}}