{"id":489,"date":"2016-02-22T09:44:32","date_gmt":"2016-02-22T12:44:32","guid":{"rendered":"http:\/\/sites.usp.br\/constrambi\/?page_id=489"},"modified":"2016-12-22T14:17:50","modified_gmt":"2016-12-22T16:17:50","slug":"parcerias","status":"publish","type":"page","link":"https:\/\/sites.usp.br\/biosmat\/parcerias\/","title":{"rendered":"Servi\u00e7os"},"content":{"rendered":"<p><\/p>\n<p style=\"text-align: justify\">O Laborat\u00f3rio de Constru\u00e7\u00f5es e Ambi\u00eancia oferece diversos servi\u00e7os, desde o preparo de mat\u00e9rias primas e confec\u00e7\u00e3o de materiais comp\u00f3sitos at\u00e9 a realiza\u00e7\u00e3o de an\u00e1lises de caracteriza\u00e7\u00e3o f\u00edsico-mec\u00e2nica e de durabilidade de materiais. Abaixo est\u00e3o listados os principais servi\u00e7os:<\/p>\n<p style=\"text-align: justify\">(<em>OBS.: Interessados dever\u00e3o enviar <a href=\"http:\/\/sites.usp.br\/constrambi\/contato\/\" target=\"_blank\">consulta<\/a> para maiores informa\u00e7\u00f5es sobre a disponibilidade de agendamento e custos<\/em>)<\/p>\n<table style=\"height: 1001px\" width=\"584\">\n<tbody>\n<tr>\n<td><strong>Servi\u00e7o<\/strong><\/td>\n<\/tr>\n<tr>\n<td><em>\u2022 <strong>Determina\u00e7\u00e3o de condutividade t\u00e9rmica<\/strong><\/em><br \/>\nEquipamento: DTC300, TA Instruments<br \/>\nFaixa de medi\u00e7\u00e3o: 0,1 &#8211; 40 W\/m.K<br \/>\nNorma de refer\u00eancia: ASTM E1530<\/td>\n<\/tr>\n<tr>\n<td>\u00a0<em>\u2022 <strong>Difratometria de Raios X &#8211; DRX<\/strong><\/em><br \/>\nEquipamento: Miniflex 600 (Rigaku)<\/td>\n<\/tr>\n<tr>\n<td>\u00a0\u00a0<em>\u2022 <strong>An\u00e1lise de termogravimetria (TGA\/DSC)<\/strong><\/em><br \/>\nEquipamento: STA 449 F3 Jupiter (NETZSCH)<\/td>\n<\/tr>\n<tr>\n<td>\u00a0<em>\u2022 <strong>Determina\u00e7\u00e3o da distribui\u00e7\u00e3o do tamanho de part\u00edculas<\/strong><\/em><br \/>\nEquipamento: Partica LA-950-V2 (Horiba)<\/td>\n<\/tr>\n<tr>\n<td>\u00a0<em>\u2022 <strong>Determina\u00e7\u00e3o de \u00e2ngulo de contato e tens\u00e3o superficial s\u00f3lido\/l\u00edquido<\/strong><\/em><br \/>\nEquipamento: DCAT11EC (Dataphysics)<\/td>\n<\/tr>\n<tr>\n<td>\u00a0\u00a0\u00a0<em>\u2022 <strong>Ensaios mec\u00e2nicos (flex\u00e3o, tra\u00e7\u00e3o, compress\u00e3o, fadiga etc.)<\/strong><\/em><br \/>\nEquipamentos: M\u00e1quinas universais de ensaio DL3000 (EMIC) e Landmark 370.02 (MTS)<br \/>\nCapacidade m\u00e1xima: 15 kN (MTS) e 300 kN (EMIC)<\/td>\n<\/tr>\n<tr>\n<td>\u00a0\u00a0<em>\u2022 <strong>Microscopia \u00f3ptica<\/strong><\/em><br \/>\nEquipamento: Microsc\u00f3pio AxioImager.A2m (Zeiss)<\/td>\n<\/tr>\n<tr>\n<td><em>\u00a0\u00a0<em>\u2022 <strong>Determina\u00e7\u00e3o de densidade real de mat\u00e9rias primas<\/strong><\/em><br \/>\n<\/em>Equipamento: Multipcn\u00f4metro de g\u00e1s He, MVP-D160-E (Quantachrome Instruments)<\/td>\n<\/tr>\n<tr>\n<td><em>\u2022 <strong>Ensaios de envelhecimento e cura acelerada<\/strong><\/em><br \/>\nEquipamentos: C\u00e2maras clim\u00e1ticas SM-3.5S (Thermotron) e EPL-4H (ESPEC); C\u00e2mara de envelhecimento UV, EQUV (Equilam); Estufa de imers\u00e3o\/secagem MA035 (Marconi); simulador sol\/chuva<\/td>\n<\/tr>\n<tr>\n<td>\u00a0\u00a0\u00a0<em>\u2022 <strong>Produ\u00e7\u00e3o e Processamento de polpas celul\u00f3sicas<\/strong><\/em><br \/>\nEquipamentos: Reator 4552, Parr Instruments; Sistema refinador de polpa celul\u00f3sica; Grinder M KCA6-2 Supermasscolloider, Masuko Sangyo<\/td>\n<\/tr>\n<tr>\n<td>\u00a0<em>\u2022 <strong>Moldagem de comp\u00f3sitos ciment\u00edcios e de pain\u00e9is de part\u00edculas<\/strong><\/em><br \/>\nEquipamentos: C\u00e2mara de suc\u00e7\u00e3o\/prensagem; prensa hidr\u00e1ulica 100 t (Hidral-Mac); outros<\/td>\n<\/tr>\n<tr>\n<td>\u00a0<em>\u2022 <strong>Queima controlada em fornos mufla<\/strong><\/em><br \/>\nEquipamentos: Fornos 10010 e 10013, JUNG<br \/>\nTemperaturas de opera\u00e7\u00e3o: at\u00e9 1300 \u00baC<\/td>\n<\/tr>\n<tr>\n<td>\u00a0\u00a0\u00a0<em>\u2022 <strong>Ensaio de condutividade el\u00e9trica<\/strong><\/em><br \/>\nEquipamentos: Agitador magn\u00e9tico; Condutiv\u00edmetro; outros<\/td>\n<\/tr>\n<tr>\n<td>\u00a0\u00a0<em>\u2022<strong> Preparo de amostras e mat\u00e9rias primas<\/strong><\/em><br \/>\nEquipamentos: serras circulares; picadores; lixadeira\/politriz; sistemas de embutimento; outros.<\/td>\n<\/tr>\n<\/tbody>\n<\/table>\n<p><\/p>","protected":false},"excerpt":{"rendered":"<p>O Laborat\u00f3rio de Constru\u00e7\u00f5es e Ambi\u00eancia oferece diversos servi\u00e7os, desde o preparo de mat\u00e9rias primas e confec\u00e7\u00e3o de materiais comp\u00f3sitos at\u00e9 a realiza\u00e7\u00e3o de an\u00e1lises de caracteriza\u00e7\u00e3o f\u00edsico-mec\u00e2nica e de durabilidade de materiais. Abaixo est\u00e3o listados os principais servi\u00e7os: (OBS.: Interessados dever\u00e3o enviar consulta para maiores informa\u00e7\u00f5es sobre a disponibilidade de agendamento e custos) Servi\u00e7o \u2022 Determina\u00e7\u00e3o de condutividade t\u00e9rmica Equipamento: DTC300, TA Instruments Faixa de medi\u00e7\u00e3o: 0,1 &#8211; 40 W\/m.K Norma de refer\u00eancia: ASTM E1530 \u00a0\u2022 Difratometria de Raios X &#8211; DRX Equipamento: Miniflex 600 (Rigaku) \u00a0\u00a0\u2022 An\u00e1lise de termogravimetria (TGA\/DSC) Equipamento: STA 449 F3 Jupiter (NETZSCH) \u00a0\u2022 Determina\u00e7\u00e3o da distribui\u00e7\u00e3o do tamanho de part\u00edculas Equipamento: Partica LA-950-V2 (Horiba) \u00a0\u2022 Determina\u00e7\u00e3o de \u00e2ngulo de contato e tens\u00e3o superficial s\u00f3lido\/l\u00edquido Equipamento: DCAT11EC (Dataphysics) \u00a0\u00a0\u00a0\u2022 Ensaios mec\u00e2nicos (flex\u00e3o, tra\u00e7\u00e3o, compress\u00e3o, fadiga etc.) Equipamentos: M\u00e1quinas universais de ensaio DL3000 (EMIC) e Landmark 370.02 (MTS) Capacidade m\u00e1xima: 15 kN (MTS) e 300 kN (EMIC) \u00a0\u00a0\u2022 Microscopia \u00f3ptica Equipamento: Microsc\u00f3pio AxioImager.A2m (Zeiss) \u00a0\u00a0\u2022 Determina\u00e7\u00e3o de densidade real de mat\u00e9rias primas Equipamento: Multipcn\u00f4metro de g\u00e1s He, MVP-D160-E (Quantachrome Instruments) \u2022 Ensaios de envelhecimento e cura acelerada Equipamentos: C\u00e2maras clim\u00e1ticas SM-3.5S (Thermotron) e EPL-4H (ESPEC); C\u00e2mara de envelhecimento UV, EQUV (Equilam); Estufa de imers\u00e3o\/secagem MA035 (Marconi); [&#8230;]<\/p>\n","protected":false},"author":184,"featured_media":0,"parent":0,"menu_order":2,"comment_status":"closed","ping_status":"closed","template":"","meta":{"footnotes":"","_links_to":"","_links_to_target":""},"class_list":["post-489","page","type-page","status-publish","hentry"],"_links":{"self":[{"href":"https:\/\/sites.usp.br\/biosmat\/wp-json\/wp\/v2\/pages\/489","targetHints":{"allow":["GET"]}}],"collection":[{"href":"https:\/\/sites.usp.br\/biosmat\/wp-json\/wp\/v2\/pages"}],"about":[{"href":"https:\/\/sites.usp.br\/biosmat\/wp-json\/wp\/v2\/types\/page"}],"author":[{"embeddable":true,"href":"https:\/\/sites.usp.br\/biosmat\/wp-json\/wp\/v2\/users\/184"}],"replies":[{"embeddable":true,"href":"https:\/\/sites.usp.br\/biosmat\/wp-json\/wp\/v2\/comments?post=489"}],"version-history":[{"count":6,"href":"https:\/\/sites.usp.br\/biosmat\/wp-json\/wp\/v2\/pages\/489\/revisions"}],"predecessor-version":[{"id":1505,"href":"https:\/\/sites.usp.br\/biosmat\/wp-json\/wp\/v2\/pages\/489\/revisions\/1505"}],"wp:attachment":[{"href":"https:\/\/sites.usp.br\/biosmat\/wp-json\/wp\/v2\/media?parent=489"}],"curies":[{"name":"wp","href":"https:\/\/api.w.org\/{rel}","templated":true}]}}