{"id":1045,"date":"2018-02-27T07:20:49","date_gmt":"2018-02-27T10:20:49","guid":{"rendered":"http:\/\/sites.usp.br\/biotec-each\/?page_id=1045"},"modified":"2018-03-09T12:41:48","modified_gmt":"2018-03-09T15:41:48","slug":"oportunidades","status":"publish","type":"page","link":"https:\/\/sites.usp.br\/biotec-each\/oportunidades\/","title":{"rendered":"Oportunidades"},"content":{"rendered":"<p>S\u00e3o apresentadas informa\u00e7\u00f5es de interesse da comunidade discente, docentes e outros interessados.<\/p>\n<p>1. Estagio de Inicia\u00e7\u00e3o Cient\u00edfica<\/p>\n<p>O laborat\u00f3rio de Bioqu\u00edmica de Prote\u00ednas da EACH\/USP, est\u00e1 disponibilizando 02 vagas para estagio de Inicia\u00e7\u00e3o Cient\u00edfica voluntaria. Interessados entrar em contato com Renata por meio do e-mail: renatafacini@gmail.com ; ASSUNTO: Estagio IC; encaminhando copia digitalizada dos documentos RG e Historico escolar, at\u00e9 a data de 16\/03\/2018.<\/p>","protected":false},"excerpt":{"rendered":"<p>S\u00e3o apresentadas informa\u00e7\u00f5es de interesse da comunidade discente, docentes e outros interessados. 1. Estagio de Inicia\u00e7\u00e3o Cient\u00edfica O laborat\u00f3rio de Bioqu\u00edmica de Prote\u00ednas da EACH\/USP, est\u00e1 disponibilizando 02 vagas para estagio de Inicia\u00e7\u00e3o Cient\u00edfica voluntaria. Interessados entrar em contato com Renata por meio do e-mail: renatafacini@gmail.com ; ASSUNTO: Estagio IC; encaminhando copia digitalizada dos documentos RG e Historico escolar, at\u00e9 a data de 16\/03\/2018.<\/p>\n","protected":false},"author":208,"featured_media":0,"parent":0,"menu_order":0,"comment_status":"closed","ping_status":"closed","template":"","meta":{"footnotes":"","_links_to":"","_links_to_target":""},"class_list":["post-1045","page","type-page","status-publish","hentry"],"_links":{"self":[{"href":"https:\/\/sites.usp.br\/biotec-each\/wp-json\/wp\/v2\/pages\/1045","targetHints":{"allow":["GET"]}}],"collection":[{"href":"https:\/\/sites.usp.br\/biotec-each\/wp-json\/wp\/v2\/pages"}],"about":[{"href":"https:\/\/sites.usp.br\/biotec-each\/wp-json\/wp\/v2\/types\/page"}],"author":[{"embeddable":true,"href":"https:\/\/sites.usp.br\/biotec-each\/wp-json\/wp\/v2\/users\/208"}],"replies":[{"embeddable":true,"href":"https:\/\/sites.usp.br\/biotec-each\/wp-json\/wp\/v2\/comments?post=1045"}],"version-history":[{"count":4,"href":"https:\/\/sites.usp.br\/biotec-each\/wp-json\/wp\/v2\/pages\/1045\/revisions"}],"predecessor-version":[{"id":1074,"href":"https:\/\/sites.usp.br\/biotec-each\/wp-json\/wp\/v2\/pages\/1045\/revisions\/1074"}],"wp:attachment":[{"href":"https:\/\/sites.usp.br\/biotec-each\/wp-json\/wp\/v2\/media?parent=1045"}],"curies":[{"name":"wp","href":"https:\/\/api.w.org\/{rel}","templated":true}]}}