{"id":805,"date":"2017-05-18T10:44:36","date_gmt":"2017-05-18T13:44:36","guid":{"rendered":"http:\/\/sites.usp.br\/biotec-each\/?page_id=805"},"modified":"2021-05-21T15:34:28","modified_gmt":"2021-05-21T18:34:28","slug":"docentes","status":"publish","type":"page","link":"https:\/\/sites.usp.br\/biotec-each\/docentes\/","title":{"rendered":"Docentes"},"content":{"rendered":"<p><strong>CORPO DOCENTE<\/strong><\/p>\n<p>O corpo docente do curso de Bacharelado em Biotecnologia da EACH tem em sua composi\u00e7\u00e3o os seguintes docentes:<\/p>\n<ol>\n<li><a href=\"http:\/\/lattes.cnpq.br\/2583862022834436\" target=\"_blank\" rel=\"noopener noreferrer\">Andrea Cavicchioli <\/a>(Qu\u00edmica)<\/li>\n<li><a href=\"http:\/\/lattes.cnpq.br\/5655459174238341\">Antonio Calixto de Souza Filho <\/a>(Matem\u00e1tica)<\/li>\n<li><a href=\"http:\/\/lattes.cnpq.br\/6318242014807642\">Carlos Molina Mendes<\/a> (F\u00edsica)<\/li>\n<li><a href=\"http:\/\/lattes.cnpq.br\/5818099353568936\">Delhi Teresa Paiva Salinas<\/a> (Estat\u00edstica)<\/li>\n<li><a href=\"http:\/\/lattes.cnpq.br\/4198814149144165\" target=\"_blank\" rel=\"noopener noreferrer\">Diego Antonio Falceta Gon\u00e7alves <\/a>(F\u00edsica)<\/li>\n<li><a href=\"http:\/\/lattes.cnpq.br\/2399590592977330\">Eutimio Gustavo Fern\u00e1ndez N\u00fa\u00f1ez<\/a> (Engenharia Bioqu\u00edmica)<\/li>\n<li><a href=\"http:\/\/lattes.cnpq.br\/4341858493092611\">Felipe Santiago Chambergo Alcalde<\/a><a href=\"http:\/\/lattes.cnpq.br\/4341858493092611\" target=\"_blank\" rel=\"noopener noreferrer\">,<\/a> <a href=\"https:\/\/sites.usp.br\/biotec-each\/wp-content\/uploads\/sites\/276\/2018\/02\/Felipe-sketch2018.pdf\">Resumo<\/a><a href=\"\/\/sites.usp.br\/biotec-each\/wp-content\/uploads\/sites\/276\/2017\/05\/Publicacao1-Felipe.pdf\">,<\/a> <a href=\"http:\/\/sites.usp.br\/lbbp\/\">Web site<\/a> (Bioci\u00eancias)<\/li>\n<li><a href=\"http:\/\/lattes.cnpq.br\/4281693196115804\">Fernando Jes\u00fas Carbayo Baz<\/a> (Bioci\u00eancias)<\/li>\n<li><a href=\"http:\/\/lattes.cnpq.br\/8704971530642044\" target=\"_blank\" rel=\"noopener\">Grzegorz Kowal<\/a> (Computa\u00e7\u00e3o)<\/li>\n<li><a href=\"http:\/\/lattes.cnpq.br\/4218239271222247\">Jos\u00e9 Ribamar dos Santos Ferreira<\/a> Jr. (Qu\u00edmica)<\/li>\n<li><a href=\"http:\/\/lattes.cnpq.br\/0438695263897215\" target=\"_blank\" rel=\"noopener noreferrer\">K\u00e1thia Maria Hon\u00f3rio<\/a> (Qu\u00edmica)<\/li>\n<li><a href=\"http:\/\/lattes.cnpq.br\/6719386724662872\">Leonardo Dias Meireles<\/a> (Bioci\u00eancias)<\/li>\n<li><a href=\"http:\/\/lattes.cnpq.br\/9667164483654630\" target=\"_blank\" rel=\"noopener noreferrer\">Luis Am\u00e9rico Conti<\/a> (Geoci\u00eancias)<\/li>\n<li><a href=\"http:\/\/lattes.cnpq.br\/6095210189679861\">Luiz Paulo Moura Andrioli<\/a> (Bioci\u00eancias)<\/li>\n<li><a href=\"http:\/\/lattes.cnpq.br\/0309204657127242\">Marcos Ryotaro Hara<\/a> (Bioci\u00eancias)<\/li>\n<li><a href=\"http:\/\/lattes.cnpq.br\/2898143640207628\">Miriam Sannomiya<\/a> (Qu\u00edmica)<\/li>\n<li><a href=\"http:\/\/lattes.cnpq.br\/9174573815394512\" target=\"_blank\" rel=\"noopener noreferrer\">Patr\u00edcia Rufino Oliveira <\/a>(Computa\u00e7\u00e3o)<\/li>\n<li><a href=\"http:\/\/lattes.cnpq.br\/0737604801349886\">Patr\u00edcia Targon Campana<\/a>, <a href=\"http:\/\/sciencenebula.tumblr.com\/\">Blog<\/a> (F\u00edsica),<\/li>\n<li><a href=\"http:\/\/lattes.cnpq.br\/1028921713215334\">Paulo Rog\u00e9rio Correia Miranda<\/a> (Qu\u00edmica)<\/li>\n<li><a href=\"http:\/\/lattes.cnpq.br\/4787749159321856\">Renata Colombo<\/a> (Qu\u00edmica)<\/li>\n<li><a href=\"http:\/\/lattes.cnpq.br\/1601050225496140\">Roberto Pereira Ortiz<\/a> (F\u00edsica)<\/li>\n<li><a href=\"http:\/\/lattes.cnpq.br\/9263833464663272\">Rodrigo Hirata Willemart,\u00a0<\/a> <a href=\"http:\/\/www.each.usp.br\/willemart\/\">Web site<\/a> (Bioci\u00eancias)<\/li>\n<li><a href=\"http:\/\/lattes.cnpq.br\/0939435214311971\">Rosana Retsos Signorelli Vargas<\/a> (Matem\u00e1tica)<\/li>\n<li><a href=\"http:\/\/lattes.cnpq.br\/5609320945313608\">Rosely Aparecida Liguori Imbernon<\/a> (Geoqu\u00edmica)<\/li>\n<li><a href=\"http:\/\/lattes.cnpq.br\/4379927391083342\">T\u00e2nia Ara\u00fajo Viel<\/a> (Farmacologia)<\/li>\n<li><a href=\"http:\/\/lattes.cnpq.br\/5136608144431040\">Thom\u00e1s Augusto Santoro Haddad<\/a> (F\u00edsica)<\/li>\n<li><a href=\"http:\/\/lattes.cnpq.br\/6338181254778197\" target=\"_blank\" rel=\"noopener noreferrer\">Tiago Maur\u00edcio Francoy<\/a>, <a href=\"http:\/\/each.uspnet.usp.br\/web\/prof\/francoy\/\">Web site<\/a>\u00a0(Bioci\u00eancias)<\/li>\n<li><a href=\"http:\/\/lattes.cnpq.br\/0922751304908945\">Victor Vel\u00e1zquez Fernandez<\/a> (Geoci\u00eancias)<\/li>\n<li><a href=\"http:\/\/lattes.cnpq.br\/0575462897293511\" target=\"_blank\" rel=\"noopener noreferrer\">Viviane Abreu Nunes C. Dantas<\/a> (Biom\u00e9dicas)<\/li>\n<li><a href=\"http:\/\/lattes.cnpq.br\/3139109295260235\">W\u00e2nia Duleba<\/a> (Geoci\u00eancias)<\/li>\n<\/ol>\n<p><\/p>","protected":false},"excerpt":{"rendered":"<p>CORPO DOCENTE O corpo docente do curso de Bacharelado em Biotecnologia da EACH tem em sua composi\u00e7\u00e3o os seguintes docentes: Andrea Cavicchioli (Qu\u00edmica) Antonio Calixto de Souza Filho (Matem\u00e1tica) Carlos Molina Mendes (F\u00edsica) Delhi Teresa Paiva Salinas (Estat\u00edstica) Diego Antonio Falceta Gon\u00e7alves (F\u00edsica) Eutimio Gustavo Fern\u00e1ndez N\u00fa\u00f1ez (Engenharia Bioqu\u00edmica) Felipe Santiago Chambergo Alcalde, Resumo, Web site (Bioci\u00eancias) Fernando Jes\u00fas Carbayo Baz (Bioci\u00eancias) Grzegorz Kowal (Computa\u00e7\u00e3o) Jos\u00e9 Ribamar dos Santos Ferreira Jr. (Qu\u00edmica) K\u00e1thia Maria Hon\u00f3rio (Qu\u00edmica) Leonardo Dias Meireles (Bioci\u00eancias) Luis Am\u00e9rico Conti (Geoci\u00eancias) Luiz Paulo Moura Andrioli (Bioci\u00eancias) Marcos Ryotaro Hara (Bioci\u00eancias) Miriam Sannomiya (Qu\u00edmica) Patr\u00edcia Rufino Oliveira (Computa\u00e7\u00e3o) Patr\u00edcia Targon Campana, Blog (F\u00edsica), Paulo Rog\u00e9rio Correia Miranda (Qu\u00edmica) Renata Colombo (Qu\u00edmica) Roberto Pereira Ortiz (F\u00edsica) Rodrigo Hirata Willemart,\u00a0 Web site (Bioci\u00eancias) Rosana Retsos Signorelli Vargas (Matem\u00e1tica) Rosely Aparecida Liguori Imbernon (Geoqu\u00edmica) T\u00e2nia Ara\u00fajo Viel (Farmacologia) Thom\u00e1s Augusto Santoro Haddad (F\u00edsica) Tiago Maur\u00edcio Francoy, Web site\u00a0(Bioci\u00eancias) Victor Vel\u00e1zquez Fernandez (Geoci\u00eancias) Viviane Abreu Nunes C. Dantas (Biom\u00e9dicas) W\u00e2nia Duleba (Geoci\u00eancias)<\/p>\n","protected":false},"author":208,"featured_media":0,"parent":0,"menu_order":0,"comment_status":"closed","ping_status":"closed","template":"","meta":{"footnotes":"","_links_to":"","_links_to_target":""},"class_list":["post-805","page","type-page","status-publish","hentry"],"_links":{"self":[{"href":"https:\/\/sites.usp.br\/biotec-each\/wp-json\/wp\/v2\/pages\/805","targetHints":{"allow":["GET"]}}],"collection":[{"href":"https:\/\/sites.usp.br\/biotec-each\/wp-json\/wp\/v2\/pages"}],"about":[{"href":"https:\/\/sites.usp.br\/biotec-each\/wp-json\/wp\/v2\/types\/page"}],"author":[{"embeddable":true,"href":"https:\/\/sites.usp.br\/biotec-each\/wp-json\/wp\/v2\/users\/208"}],"replies":[{"embeddable":true,"href":"https:\/\/sites.usp.br\/biotec-each\/wp-json\/wp\/v2\/comments?post=805"}],"version-history":[{"count":4,"href":"https:\/\/sites.usp.br\/biotec-each\/wp-json\/wp\/v2\/pages\/805\/revisions"}],"predecessor-version":[{"id":1328,"href":"https:\/\/sites.usp.br\/biotec-each\/wp-json\/wp\/v2\/pages\/805\/revisions\/1328"}],"wp:attachment":[{"href":"https:\/\/sites.usp.br\/biotec-each\/wp-json\/wp\/v2\/media?parent=805"}],"curies":[{"name":"wp","href":"https:\/\/api.w.org\/{rel}","templated":true}]}}