{"id":808,"date":"2017-05-18T10:50:00","date_gmt":"2017-05-18T13:50:00","guid":{"rendered":"http:\/\/sites.usp.br\/biotec-each\/?page_id=808"},"modified":"2024-10-01T09:36:37","modified_gmt":"2024-10-01T12:36:37","slug":"comissao-de-curso-coc","status":"publish","type":"page","link":"https:\/\/sites.usp.br\/biotec-each\/comissao-de-curso-coc\/","title":{"rendered":"Comiss\u00e3o de Curso (CoC)"},"content":{"rendered":"<p><\/p>\n<div id=\"pl-808\" class=\"panel-layout\">\n<div id=\"pg-808-0\" class=\"panel-grid panel-no-style\">\n<div id=\"pgc-808-0-0\" class=\"panel-grid-cell\" data-weight=\"1\">\n<div id=\"panel-808-0-0-0\" class=\"so-panel widget widget_sow-editor panel-first-child panel-last-child\" data-index=\"0\" data-style=\"{&quot;background_image_attachment&quot;:false,&quot;background_display&quot;:&quot;tile&quot;,&quot;background_image_size&quot;:&quot;full&quot;,&quot;background_image_opacity&quot;:&quot;100&quot;,&quot;border_thickness&quot;:&quot;1px&quot;}\">\n<div class=\"so-widget-sow-editor so-widget-sow-editor-base\">\n<div class=\"siteorigin-widget-tinymce textwidget\">\n<p>A Comiss\u00e3o de Curso (CoC) \u00e9 constitu\u00edda por docentes e representante discente, sendo respons\u00e1vel pela gest\u00e3o pedag\u00f3gica do curso.<\/p>\n<p>A CoC do curso de Biotecnologia \u00e9 Coordenada pela Profa. Dra. T\u00e2nia Araujo Viel<\/p>\n<p style=\"text-align: center;\"><a href=\"https:\/\/sites.usp.br\/biotec-each\/wp-content\/uploads\/sites\/276\/2024\/10\/Tania2.jpg\"><img loading=\"lazy\" decoding=\"async\" class=\"alignnone size-medium wp-image-1491\" src=\"https:\/\/sites.usp.br\/biotec-each\/wp-content\/uploads\/sites\/276\/2024\/10\/Tania2-274x300.jpg\" alt=\"\" width=\"274\" height=\"300\" data-id=\"1491\" srcset=\"https:\/\/sites.usp.br\/biotec-each\/wp-content\/uploads\/sites\/276\/2024\/10\/Tania2-274x300.jpg 274w, https:\/\/sites.usp.br\/biotec-each\/wp-content\/uploads\/sites\/276\/2024\/10\/Tania2-768x842.jpg 768w, https:\/\/sites.usp.br\/biotec-each\/wp-content\/uploads\/sites\/276\/2024\/10\/Tania2-400x439.jpg 400w, https:\/\/sites.usp.br\/biotec-each\/wp-content\/uploads\/sites\/276\/2024\/10\/Tania2.jpg 868w\" sizes=\"auto, (max-width: 274px) 100vw, 274px\" \/><\/a><\/p>\n<p style=\"text-align: center;\">Profa Dra. T\u00e2nia Araujo Viel<\/p>\n<p>Suplente: Prof. Dr. Tiago Mauricio Francoy<\/p>\n<p>A atual CoC, est\u00e1 constitu\u00edda pelos seguintes membros:<\/p>\n<p>TITULARES:<\/p>\n<p>Prof. Dr. Felipe Santiago Chambergo Alcalde<\/p>\n<p>Prof. Dr. Tiago Mauricio Francoy<\/p>\n<p>Profa. Dra. Nayara S Aquino<\/p>\n<p>Prof. Dr. Andrea Cavicchioli<\/p>\n<p>Profa. Dra. Viviane Abreu Nunes C. Dantas<\/p>\n<p>Representante Discente:<\/p>\n<p>SUPLENTES:<\/p>\n<\/div>\n<p>&nbsp;<\/p>\n<div class=\"siteorigin-widget-tinymce textwidget\">\n<p>Representante Discente:<\/p>\n<p>&nbsp;<\/p>\n<p>&nbsp;<\/p>\n<p>&nbsp;<\/p>\n<p>&nbsp;<\/p>\n<\/div>\n<\/div>\n<\/div>\n<\/div>\n<\/div>\n<\/div>\n<p><\/p>","protected":false},"excerpt":{"rendered":"<p>A Comiss\u00e3o de Curso (CoC) \u00e9 constitu\u00edda por docentes e representante discente, sendo respons\u00e1vel pela gest\u00e3o pedag\u00f3gica do curso. A CoC do curso de Biotecnologia \u00e9 Coordenada pela Profa. Dra. T\u00e2nia Araujo Viel Profa Dra. T\u00e2nia Araujo Viel Suplente: Prof. Dr. Tiago Mauricio Francoy A atual CoC, est\u00e1 constitu\u00edda pelos seguintes membros: TITULARES: Prof. Dr. Felipe Santiago Chambergo Alcalde Prof. Dr. Tiago Mauricio Francoy Profa. Dra. Nayara S Aquino Prof. Dr. Andrea Cavicchioli Profa. Dra. Viviane Abreu Nunes C. Dantas Representante Discente: SUPLENTES: &nbsp; Representante Discente: &nbsp; &nbsp; &nbsp; &nbsp;<\/p>\n","protected":false},"author":208,"featured_media":0,"parent":0,"menu_order":0,"comment_status":"closed","ping_status":"closed","template":"","meta":{"footnotes":"","_links_to":"","_links_to_target":""},"class_list":["post-808","page","type-page","status-publish","hentry"],"_links":{"self":[{"href":"https:\/\/sites.usp.br\/biotec-each\/wp-json\/wp\/v2\/pages\/808","targetHints":{"allow":["GET"]}}],"collection":[{"href":"https:\/\/sites.usp.br\/biotec-each\/wp-json\/wp\/v2\/pages"}],"about":[{"href":"https:\/\/sites.usp.br\/biotec-each\/wp-json\/wp\/v2\/types\/page"}],"author":[{"embeddable":true,"href":"https:\/\/sites.usp.br\/biotec-each\/wp-json\/wp\/v2\/users\/208"}],"replies":[{"embeddable":true,"href":"https:\/\/sites.usp.br\/biotec-each\/wp-json\/wp\/v2\/comments?post=808"}],"version-history":[{"count":4,"href":"https:\/\/sites.usp.br\/biotec-each\/wp-json\/wp\/v2\/pages\/808\/revisions"}],"predecessor-version":[{"id":1493,"href":"https:\/\/sites.usp.br\/biotec-each\/wp-json\/wp\/v2\/pages\/808\/revisions\/1493"}],"wp:attachment":[{"href":"https:\/\/sites.usp.br\/biotec-each\/wp-json\/wp\/v2\/media?parent=808"}],"curies":[{"name":"wp","href":"https:\/\/api.w.org\/{rel}","templated":true}]}}