{"id":3094,"date":"2025-04-04T17:29:57","date_gmt":"2025-04-04T20:29:57","guid":{"rendered":"https:\/\/sites.usp.br\/biotecomunidade\/?page_id=3094"},"modified":"2025-04-05T10:23:02","modified_gmt":"2025-04-05T13:23:02","slug":"ods-06","status":"publish","type":"page","link":"https:\/\/sites.usp.br\/biotecomunidade\/ods-06\/","title":{"rendered":"ODS 6"},"content":{"rendered":"\t\t<div data-elementor-type=\"wp-page\" data-elementor-id=\"3094\" class=\"elementor elementor-3094\" data-elementor-post-type=\"page\">\n\t\t\t\t\t\t<section class=\"elementor-section elementor-top-section elementor-element elementor-element-fc09bc9 elementor-section-boxed elementor-section-height-default elementor-section-height-default\" data-id=\"fc09bc9\" data-element_type=\"section\">\n\t\t\t\t\t\t<div class=\"elementor-container elementor-column-gap-default\">\n\t\t\t\t\t<div class=\"elementor-column elementor-col-100 elementor-top-column elementor-element elementor-element-60a4455\" data-id=\"60a4455\" data-element_type=\"column\">\n\t\t\t<div class=\"elementor-widget-wrap elementor-element-populated\">\n\t\t\t\t\t\t<div class=\"elementor-element elementor-element-94354c7 elementor-widget elementor-widget-image\" data-id=\"94354c7\" data-element_type=\"widget\" data-widget_type=\"image.default\">\n\t\t\t\t<div class=\"elementor-widget-container\">\n\t\t\t\t\t\t\t\t\t\t\t\t\t<img fetchpriority=\"high\" decoding=\"async\" width=\"1024\" height=\"520\" src=\"https:\/\/sites.usp.br\/biotecomunidade\/wp-content\/uploads\/sites\/1649\/2025\/04\/06-1024x520.png\" class=\"attachment-large size-large wp-image-3134\" alt=\"\" srcset=\"https:\/\/sites.usp.br\/biotecomunidade\/wp-content\/uploads\/sites\/1649\/2025\/04\/06-1024x520.png 1024w, https:\/\/sites.usp.br\/biotecomunidade\/wp-content\/uploads\/sites\/1649\/2025\/04\/06-300x152.png 300w, https:\/\/sites.usp.br\/biotecomunidade\/wp-content\/uploads\/sites\/1649\/2025\/04\/06-768x390.png 768w, https:\/\/sites.usp.br\/biotecomunidade\/wp-content\/uploads\/sites\/1649\/2025\/04\/06-400x203.png 400w, https:\/\/sites.usp.br\/biotecomunidade\/wp-content\/uploads\/sites\/1649\/2025\/04\/06.png 1145w\" sizes=\"(max-width: 1024px) 100vw, 1024px\" \/>\t\t\t\t\t\t\t\t\t\t\t\t\t<\/div>\n\t\t\t\t<\/div>\n\t\t\t\t\t<\/div>\n\t\t<\/div>\n\t\t\t\t\t<\/div>\n\t\t<\/section>\n\t\t\t\t<section class=\"elementor-section elementor-top-section elementor-element elementor-element-dc456b0 elementor-section-boxed elementor-section-height-default elementor-section-height-default\" data-id=\"dc456b0\" data-element_type=\"section\">\n\t\t\t\t\t\t<div class=\"elementor-container elementor-column-gap-default\">\n\t\t\t\t\t<div class=\"elementor-column elementor-col-100 elementor-top-column elementor-element elementor-element-9c09e7a\" data-id=\"9c09e7a\" data-element_type=\"column\">\n\t\t\t<div class=\"elementor-widget-wrap elementor-element-populated\">\n\t\t\t\t\t\t<div class=\"elementor-element elementor-element-2ee176d elementor-widget elementor-widget-heading\" data-id=\"2ee176d\" data-element_type=\"widget\" data-widget_type=\"heading.default\">\n\t\t\t\t<div class=\"elementor-widget-container\">\n\t\t\t<h2 class=\"elementor-heading-title elementor-size-default\">\u00c1gua pot\u00e1vel e saneamento<\/h2>\t\t<\/div>\n\t\t\t\t<\/div>\n\t\t\t\t\t<\/div>\n\t\t<\/div>\n\t\t\t\t\t<\/div>\n\t\t<\/section>\n\t\t\t\t<section class=\"elementor-section elementor-top-section elementor-element elementor-element-21bbcba elementor-section-boxed elementor-section-height-default elementor-section-height-default\" data-id=\"21bbcba\" data-element_type=\"section\">\n\t\t\t\t\t\t<div class=\"elementor-container elementor-column-gap-default\">\n\t\t\t\t\t<div class=\"elementor-column elementor-col-100 elementor-top-column elementor-element elementor-element-b1a5017\" data-id=\"b1a5017\" data-element_type=\"column\">\n\t\t\t<div class=\"elementor-widget-wrap elementor-element-populated\">\n\t\t\t\t\t\t<div class=\"elementor-element elementor-element-8a16ed0 elementor-widget elementor-widget-text-editor\" data-id=\"8a16ed0\" data-element_type=\"widget\" data-widget_type=\"text-editor.default\">\n\t\t\t\t<div class=\"elementor-widget-container\">\n\t\t\t\t\t\t\t<p class=\"\" data-start=\"79\" data-end=\"169\">6.1 At\u00e9 2030, alcan\u00e7ar o acesso universal e equitativo a \u00e1gua pot\u00e1vel e segura para todos.<\/p><p class=\"\" data-start=\"171\" data-end=\"408\">6.2 At\u00e9 2030, alcan\u00e7ar o acesso a saneamento e higiene adequados e equitativos para todos, e acabar com a defeca\u00e7\u00e3o a c\u00e9u aberto, com especial aten\u00e7\u00e3o para as necessidades das mulheres e meninas e daqueles em situa\u00e7\u00e3o de vulnerabilidade.<\/p><p class=\"\" data-start=\"410\" data-end=\"705\">6.3 At\u00e9 2030, melhorar a qualidade da \u00e1gua, reduzindo a polui\u00e7\u00e3o, eliminando despejo e minimizando a libera\u00e7\u00e3o de produtos qu\u00edmicos e materiais perigosos, reduzindo \u00e0 metade a propor\u00e7\u00e3o de \u00e1guas residuais n\u00e3o tratadas e aumentando substancialmente a reciclagem e reutiliza\u00e7\u00e3o segura globalmente.<\/p><p class=\"\" data-start=\"707\" data-end=\"977\">6.4 At\u00e9 2030, aumentar substancialmente a efici\u00eancia do uso da \u00e1gua em todos os setores e assegurar retiradas sustent\u00e1veis e o abastecimento de \u00e1gua doce para enfrentar a escassez de \u00e1gua, e reduzir substancialmente o n\u00famero de pessoas que sofrem com a escassez de \u00e1gua.<\/p><p class=\"\" data-start=\"979\" data-end=\"1129\">6.5 At\u00e9 2030, implementar a gest\u00e3o integrada dos recursos h\u00eddricos em todos os n\u00edveis, inclusive via coopera\u00e7\u00e3o transfronteiri\u00e7a, conforme apropriado.<\/p><p class=\"\" data-start=\"1131\" data-end=\"1274\">6.6 At\u00e9 2020, proteger e restaurar ecossistemas relacionados com a \u00e1gua, incluindo montanhas, florestas, zonas \u00famidas, rios, aqu\u00edferos e lagos.<\/p><p class=\"\" data-start=\"1276\" data-end=\"1584\">6.a At\u00e9 2030, ampliar a coopera\u00e7\u00e3o internacional e o apoio \u00e0 capacita\u00e7\u00e3o para os pa\u00edses em desenvolvimento em atividades e programas relacionados \u00e0 \u00e1gua e saneamento, incluindo a coleta de \u00e1gua, a dessaliniza\u00e7\u00e3o, a efici\u00eancia no uso da \u00e1gua, o tratamento de efluentes, a reciclagem e as tecnologias de reuso.<\/p><p>\u00a0<\/p><p class=\"\" data-start=\"1586\" data-end=\"1696\">6.b Apoiar e fortalecer a participa\u00e7\u00e3o das comunidades locais, para melhorar a gest\u00e3o da \u00e1gua e do saneamento.<\/p>\t\t\t\t\t\t<\/div>\n\t\t\t\t<\/div>\n\t\t\t\t\t<\/div>\n\t\t<\/div>\n\t\t\t\t\t<\/div>\n\t\t<\/section>\n\t\t\t\t<\/div>\n\t\t","protected":false},"excerpt":{"rendered":"<p>\u00c1gua pot\u00e1vel e saneamento 6.1 At\u00e9 2030, alcan\u00e7ar o acesso universal e equitativo a \u00e1gua pot\u00e1vel e segura para todos. 6.2 At\u00e9 2030, alcan\u00e7ar o acesso a saneamento e higiene adequados e equitativos para todos, e acabar com a defeca\u00e7\u00e3o a c\u00e9u aberto, com especial aten\u00e7\u00e3o para as necessidades das mulheres e meninas e daqueles [&hellip;]<\/p>\n","protected":false},"author":24613,"featured_media":0,"parent":0,"menu_order":0,"comment_status":"closed","ping_status":"closed","template":"","meta":{"_monsterinsights_skip_tracking":false,"_monsterinsights_sitenote_active":false,"_monsterinsights_sitenote_note":"","_monsterinsights_sitenote_category":0,"footnotes":"","_links_to":"","_links_to_target":""},"class_list":["post-3094","page","type-page","status-publish","hentry","entry"],"_links":{"self":[{"href":"https:\/\/sites.usp.br\/biotecomunidade\/wp-json\/wp\/v2\/pages\/3094","targetHints":{"allow":["GET"]}}],"collection":[{"href":"https:\/\/sites.usp.br\/biotecomunidade\/wp-json\/wp\/v2\/pages"}],"about":[{"href":"https:\/\/sites.usp.br\/biotecomunidade\/wp-json\/wp\/v2\/types\/page"}],"author":[{"embeddable":true,"href":"https:\/\/sites.usp.br\/biotecomunidade\/wp-json\/wp\/v2\/users\/24613"}],"replies":[{"embeddable":true,"href":"https:\/\/sites.usp.br\/biotecomunidade\/wp-json\/wp\/v2\/comments?post=3094"}],"version-history":[{"count":4,"href":"https:\/\/sites.usp.br\/biotecomunidade\/wp-json\/wp\/v2\/pages\/3094\/revisions"}],"predecessor-version":[{"id":3225,"href":"https:\/\/sites.usp.br\/biotecomunidade\/wp-json\/wp\/v2\/pages\/3094\/revisions\/3225"}],"wp:attachment":[{"href":"https:\/\/sites.usp.br\/biotecomunidade\/wp-json\/wp\/v2\/media?parent=3094"}],"curies":[{"name":"wp","href":"https:\/\/api.w.org\/{rel}","templated":true}]}}