{"id":3100,"date":"2025-04-04T17:30:34","date_gmt":"2025-04-04T20:30:34","guid":{"rendered":"https:\/\/sites.usp.br\/biotecomunidade\/?page_id=3100"},"modified":"2026-04-07T18:42:58","modified_gmt":"2026-04-07T21:42:58","slug":"ods-09","status":"publish","type":"page","link":"https:\/\/sites.usp.br\/biotecomunidade\/ods-09\/","title":{"rendered":"ODS 9"},"content":{"rendered":"\t\t<div data-elementor-type=\"wp-page\" data-elementor-id=\"3100\" class=\"elementor elementor-3100\" data-elementor-post-type=\"page\">\n\t\t\t\t\t\t<section class=\"elementor-section elementor-top-section elementor-element elementor-element-a789195 elementor-section-boxed elementor-section-height-default elementor-section-height-default\" data-id=\"a789195\" data-element_type=\"section\">\n\t\t\t\t\t\t<div class=\"elementor-container elementor-column-gap-default\">\n\t\t\t\t\t<div class=\"elementor-column elementor-col-100 elementor-top-column elementor-element elementor-element-2588b35\" data-id=\"2588b35\" data-element_type=\"column\">\n\t\t\t<div class=\"elementor-widget-wrap elementor-element-populated\">\n\t\t\t\t\t\t<div class=\"elementor-element elementor-element-1812092 elementor-widget elementor-widget-image\" data-id=\"1812092\" data-element_type=\"widget\" data-widget_type=\"image.default\">\n\t\t\t\t<div class=\"elementor-widget-container\">\n\t\t\t\t\t\t\t\t\t\t\t\t\t<img fetchpriority=\"high\" decoding=\"async\" width=\"1024\" height=\"542\" src=\"https:\/\/sites.usp.br\/biotecomunidade\/wp-content\/uploads\/sites\/1649\/2025\/04\/09-1024x542.png\" class=\"attachment-large size-large wp-image-3146\" alt=\"\" srcset=\"https:\/\/sites.usp.br\/biotecomunidade\/wp-content\/uploads\/sites\/1649\/2025\/04\/09-1024x542.png 1024w, https:\/\/sites.usp.br\/biotecomunidade\/wp-content\/uploads\/sites\/1649\/2025\/04\/09-300x159.png 300w, https:\/\/sites.usp.br\/biotecomunidade\/wp-content\/uploads\/sites\/1649\/2025\/04\/09-768x406.png 768w, https:\/\/sites.usp.br\/biotecomunidade\/wp-content\/uploads\/sites\/1649\/2025\/04\/09-400x212.png 400w, https:\/\/sites.usp.br\/biotecomunidade\/wp-content\/uploads\/sites\/1649\/2025\/04\/09.png 1138w\" sizes=\"(max-width: 1024px) 100vw, 1024px\" \/>\t\t\t\t\t\t\t\t\t\t\t\t\t<\/div>\n\t\t\t\t<\/div>\n\t\t\t\t\t<\/div>\n\t\t<\/div>\n\t\t\t\t\t<\/div>\n\t\t<\/section>\n\t\t\t\t<section class=\"elementor-section elementor-top-section elementor-element elementor-element-5b7de9d elementor-section-boxed elementor-section-height-default elementor-section-height-default\" data-id=\"5b7de9d\" data-element_type=\"section\">\n\t\t\t\t\t\t<div class=\"elementor-container elementor-column-gap-default\">\n\t\t\t\t\t<div class=\"elementor-column elementor-col-100 elementor-top-column elementor-element elementor-element-de88af3\" data-id=\"de88af3\" data-element_type=\"column\">\n\t\t\t<div class=\"elementor-widget-wrap elementor-element-populated\">\n\t\t\t\t\t\t<div class=\"elementor-element elementor-element-bc43ecc elementor-widget elementor-widget-heading\" data-id=\"bc43ecc\" data-element_type=\"widget\" data-widget_type=\"heading.default\">\n\t\t\t\t<div class=\"elementor-widget-container\">\n\t\t\t<h2 class=\"elementor-heading-title elementor-size-default\">Ind\u00fastria, inova\u00e7\u00e3o e infraestrutura<\/h2>\t\t<\/div>\n\t\t\t\t<\/div>\n\t\t\t\t\t<\/div>\n\t\t<\/div>\n\t\t\t\t\t<\/div>\n\t\t<\/section>\n\t\t\t\t<section class=\"elementor-section elementor-top-section elementor-element elementor-element-09b9156 elementor-section-boxed elementor-section-height-default elementor-section-height-default\" data-id=\"09b9156\" data-element_type=\"section\">\n\t\t\t\t\t\t<div class=\"elementor-container elementor-column-gap-default\">\n\t\t\t\t\t<div class=\"elementor-column elementor-col-100 elementor-top-column elementor-element elementor-element-edb19eb\" data-id=\"edb19eb\" data-element_type=\"column\">\n\t\t\t<div class=\"elementor-widget-wrap elementor-element-populated\">\n\t\t\t\t\t\t<div class=\"elementor-element elementor-element-9e6be74 elementor-widget elementor-widget-text-editor\" data-id=\"9e6be74\" data-element_type=\"widget\" data-widget_type=\"text-editor.default\">\n\t\t\t\t<div class=\"elementor-widget-container\">\n\t\t\t\t\t\t\t<p class=\"\" data-start=\"113\" data-end=\"378\"><strong data-start=\"113\" data-end=\"120\">9.1<\/strong> Desenvolver infraestrutura de qualidade, confi\u00e1vel, sustent\u00e1vel e resiliente, incluindo infraestrutura regional e transfronteiri\u00e7a, para apoiar o desenvolvimento econ\u00f4mico e o bem-estar humano, com foco no acesso equitativo e a pre\u00e7os acess\u00edveis para todos.<\/p><p class=\"\" data-start=\"380\" data-end=\"639\"><strong data-start=\"380\" data-end=\"387\">9.2<\/strong> Promover a industrializa\u00e7\u00e3o inclusiva e sustent\u00e1vel e, at\u00e9 2030, aumentar significativamente a participa\u00e7\u00e3o da ind\u00fastria no setor de emprego e no PIB, de acordo com as circunst\u00e2ncias nacionais, e dobrar sua participa\u00e7\u00e3o nos pa\u00edses menos desenvolvidos.<\/p><p class=\"\" data-start=\"641\" data-end=\"858\"><strong data-start=\"641\" data-end=\"648\">9.3<\/strong> Aumentar o acesso das pequenas ind\u00fastrias e outras empresas, particularmente em pa\u00edses em desenvolvimento, aos servi\u00e7os financeiros, incluindo cr\u00e9dito acess\u00edvel e sua integra\u00e7\u00e3o em cadeias de valor e mercados.<\/p><p class=\"\" data-start=\"860\" data-end=\"1165\"><strong data-start=\"860\" data-end=\"867\">9.4<\/strong> At\u00e9 2030, modernizar a infraestrutura e reabilitar as ind\u00fastrias para torn\u00e1-las sustent\u00e1veis, com efici\u00eancia aumentada no uso de recursos e maior ado\u00e7\u00e3o de tecnologias e processos industriais limpos e ambientalmente corretos; com todos os pa\u00edses atuando de acordo com suas respectivas capacidades.<\/p><p class=\"\" data-start=\"1167\" data-end=\"1548\"><strong data-start=\"1167\" data-end=\"1174\">9.5<\/strong> Fortalecer a pesquisa cient\u00edfica, melhorar as capacidades tecnol\u00f3gicas de setores industriais em todos os pa\u00edses, particularmente os pa\u00edses em desenvolvimento, inclusive, at\u00e9 2030, incentivando a inova\u00e7\u00e3o e aumentando substancialmente o n\u00famero de trabalhadores de pesquisa e desenvolvimento por milh\u00e3o de pessoas e os gastos p\u00fablico e privado em pesquisa e desenvolvimento.<\/p><p class=\"\" data-start=\"1550\" data-end=\"1865\"><strong data-start=\"1550\" data-end=\"1557\">9.a<\/strong> Facilitar o desenvolvimento de infraestrutura sustent\u00e1vel e resiliente em pa\u00edses em desenvolvimento, por meio de maior apoio financeiro, tecnol\u00f3gico e t\u00e9cnico aos pa\u00edses africanos, aos pa\u00edses menos desenvolvidos, aos pa\u00edses em desenvolvimento sem litoral e aos pequenos Estados insulares em desenvolvimento.<\/p><p class=\"\" data-start=\"1867\" data-end=\"2122\"><strong data-start=\"1867\" data-end=\"1874\">9.b<\/strong> Apoiar o desenvolvimento tecnol\u00f3gico, a pesquisa e a inova\u00e7\u00e3o nacionais nos pa\u00edses em desenvolvimento, inclusive garantindo um ambiente pol\u00edtico prop\u00edcio para, entre outras coisas, a diversifica\u00e7\u00e3o industrial e a agrega\u00e7\u00e3o de valor \u00e0s commodities.<\/p><p class=\"\" data-start=\"2124\" data-end=\"2331\"><strong data-start=\"2124\" data-end=\"2131\">9.c<\/strong> Aumentar significativamente o acesso \u00e0s tecnologias de informa\u00e7\u00e3o e comunica\u00e7\u00e3o e se empenhar para oferecer acesso universal e a pre\u00e7os acess\u00edveis \u00e0 internet nos pa\u00edses menos desenvolvidos, at\u00e9 2020.<\/p>\t\t\t\t\t\t<\/div>\n\t\t\t\t<\/div>\n\t\t\t\t\t<\/div>\n\t\t<\/div>\n\t\t\t\t\t<\/div>\n\t\t<\/section>\n\t\t\t\t<section class=\"elementor-section elementor-top-section elementor-element elementor-element-f5deccd elementor-section-boxed elementor-section-height-default elementor-section-height-default\" data-id=\"f5deccd\" data-element_type=\"section\">\n\t\t\t\t\t\t<div class=\"elementor-container elementor-column-gap-default\">\n\t\t\t\t\t<div class=\"elementor-column elementor-col-100 elementor-top-column elementor-element elementor-element-307e137\" data-id=\"307e137\" data-element_type=\"column\">\n\t\t\t<div class=\"elementor-widget-wrap elementor-element-populated\">\n\t\t\t\t\t\t<div class=\"elementor-element elementor-element-4337457 elementor-widget elementor-widget-heading\" data-id=\"4337457\" data-element_type=\"widget\" data-widget_type=\"heading.default\">\n\t\t\t\t<div class=\"elementor-widget-container\">\n\t\t\t<h2 class=\"elementor-heading-title elementor-size-default\">Contribui\u00e7\u00e3o da Biotecnologia<\/h2>\t\t<\/div>\n\t\t\t\t<\/div>\n\t\t\t\t\t<\/div>\n\t\t<\/div>\n\t\t\t\t\t<\/div>\n\t\t<\/section>\n\t\t\t\t<section class=\"elementor-section elementor-top-section elementor-element elementor-element-7417707 elementor-section-boxed elementor-section-height-default elementor-section-height-default\" data-id=\"7417707\" data-element_type=\"section\">\n\t\t\t\t\t\t<div class=\"elementor-container elementor-column-gap-default\">\n\t\t\t\t\t<div class=\"elementor-column elementor-col-100 elementor-top-column elementor-element elementor-element-2d4acbf\" data-id=\"2d4acbf\" data-element_type=\"column\">\n\t\t\t<div class=\"elementor-widget-wrap elementor-element-populated\">\n\t\t\t\t\t\t<div class=\"elementor-element elementor-element-34b6c90 elementor-cta--skin-cover elementor-animated-content elementor-bg-transform elementor-bg-transform-zoom-in elementor-widget elementor-widget-call-to-action\" data-id=\"34b6c90\" data-element_type=\"widget\" data-widget_type=\"call-to-action.default\">\n\t\t\t\t<div class=\"elementor-widget-container\">\n\t\t\t\t\t<div class=\"elementor-cta\">\n\t\t\t\t\t<div class=\"elementor-cta__bg-wrapper\">\n\t\t\t\t<div class=\"elementor-cta__bg elementor-bg\" style=\"background-image: url(https:\/\/sites.usp.br\/biotecomunidade\/wp-content\/uploads\/sites\/1649\/2026\/04\/3d-medical-background-with-virus-cells-dna-strand-1024x768.jpg);\" role=\"img\" aria-label=\"3d render of a medical background with close up of virus cells and DNA strand\"><\/div>\n\t\t\t\t<div class=\"elementor-cta__bg-overlay\"><\/div>\n\t\t\t<\/div>\n\t\t\t\t\t\t\t<div class=\"elementor-cta__content\">\n\t\t\t\t\n\t\t\t\t\t\t\t\t\t<h2 class=\"elementor-cta__title elementor-cta__content-item elementor-content-item elementor-animated-item--grow\">\n\t\t\t\t\t\tProdu\u00e7\u00e3o de enzima recombinante\t\t\t\t\t<\/h2>\n\t\t\t\t\n\t\t\t\t\t\t\t\t\t<div class=\"elementor-cta__description elementor-cta__content-item elementor-content-item elementor-animated-item--grow\">\n\t\t\t\t\t\tInova\u00e7\u00e3o biotecnol\u00f3gica e avan\u00e7o industrial no ODS 9\t\t\t\t\t<\/div>\n\t\t\t\t\n\t\t\t\t\t\t\t\t\t<div class=\"elementor-cta__button-wrapper elementor-cta__content-item elementor-content-item elementor-animated-item--grow\">\n\t\t\t\t\t<a class=\"elementor-cta__button elementor-button elementor-size-\" href=\"https:\/\/sites.usp.br\/biotecomunidade\/hmishima-4-ods9-1-2026\/\">\n\t\t\t\t\t\tClique aqui\t\t\t\t\t<\/a>\n\t\t\t\t\t<\/div>\n\t\t\t\t\t\t\t<\/div>\n\t\t\t\t\t\t\t<div class=\"elementor-ribbon elementor-ribbon-left\">\n\t\t\t\t<div class=\"elementor-ribbon-inner\">1<\/div>\n\t\t\t<\/div>\n\t\t\t\t<\/div>\n\t\t\t\t<\/div>\n\t\t\t\t<\/div>\n\t\t\t\t\t<\/div>\n\t\t<\/div>\n\t\t\t\t\t<\/div>\n\t\t<\/section>\n\t\t\t\t<\/div>\n\t\t","protected":false},"excerpt":{"rendered":"<p>Ind\u00fastria, inova\u00e7\u00e3o e infraestrutura 9.1 Desenvolver infraestrutura de qualidade, confi\u00e1vel, sustent\u00e1vel e resiliente, incluindo infraestrutura regional e transfronteiri\u00e7a, para apoiar o desenvolvimento econ\u00f4mico e o bem-estar humano, com foco no acesso equitativo e a pre\u00e7os acess\u00edveis para todos. 9.2 Promover a industrializa\u00e7\u00e3o inclusiva e sustent\u00e1vel e, at\u00e9 2030, aumentar significativamente a participa\u00e7\u00e3o da ind\u00fastria no [&hellip;]<\/p>\n","protected":false},"author":24613,"featured_media":0,"parent":0,"menu_order":0,"comment_status":"closed","ping_status":"closed","template":"","meta":{"_monsterinsights_skip_tracking":false,"_monsterinsights_sitenote_active":false,"_monsterinsights_sitenote_note":"","_monsterinsights_sitenote_category":0,"footnotes":"","_links_to":"","_links_to_target":""},"class_list":["post-3100","page","type-page","status-publish","hentry","entry"],"_links":{"self":[{"href":"https:\/\/sites.usp.br\/biotecomunidade\/wp-json\/wp\/v2\/pages\/3100","targetHints":{"allow":["GET"]}}],"collection":[{"href":"https:\/\/sites.usp.br\/biotecomunidade\/wp-json\/wp\/v2\/pages"}],"about":[{"href":"https:\/\/sites.usp.br\/biotecomunidade\/wp-json\/wp\/v2\/types\/page"}],"author":[{"embeddable":true,"href":"https:\/\/sites.usp.br\/biotecomunidade\/wp-json\/wp\/v2\/users\/24613"}],"replies":[{"embeddable":true,"href":"https:\/\/sites.usp.br\/biotecomunidade\/wp-json\/wp\/v2\/comments?post=3100"}],"version-history":[{"count":4,"href":"https:\/\/sites.usp.br\/biotecomunidade\/wp-json\/wp\/v2\/pages\/3100\/revisions"}],"predecessor-version":[{"id":4054,"href":"https:\/\/sites.usp.br\/biotecomunidade\/wp-json\/wp\/v2\/pages\/3100\/revisions\/4054"}],"wp:attachment":[{"href":"https:\/\/sites.usp.br\/biotecomunidade\/wp-json\/wp\/v2\/media?parent=3100"}],"curies":[{"name":"wp","href":"https:\/\/api.w.org\/{rel}","templated":true}]}}