{"id":3112,"date":"2025-04-04T17:31:56","date_gmt":"2025-04-04T20:31:56","guid":{"rendered":"https:\/\/sites.usp.br\/biotecomunidade\/?page_id=3112"},"modified":"2026-04-05T14:41:13","modified_gmt":"2026-04-05T17:41:13","slug":"ods-15","status":"publish","type":"page","link":"https:\/\/sites.usp.br\/biotecomunidade\/ods-15\/","title":{"rendered":"ODS 15"},"content":{"rendered":"\t\t<div data-elementor-type=\"wp-page\" data-elementor-id=\"3112\" class=\"elementor elementor-3112\" data-elementor-post-type=\"page\">\n\t\t\t\t\t\t<section class=\"elementor-section elementor-top-section elementor-element elementor-element-71edea4 elementor-section-boxed elementor-section-height-default elementor-section-height-default\" data-id=\"71edea4\" data-element_type=\"section\">\n\t\t\t\t\t\t<div class=\"elementor-container elementor-column-gap-default\">\n\t\t\t\t\t<div class=\"elementor-column elementor-col-100 elementor-top-column elementor-element elementor-element-0496de1\" data-id=\"0496de1\" data-element_type=\"column\">\n\t\t\t<div class=\"elementor-widget-wrap elementor-element-populated\">\n\t\t\t\t\t\t<div class=\"elementor-element elementor-element-123dd01 elementor-widget elementor-widget-image\" data-id=\"123dd01\" data-element_type=\"widget\" data-widget_type=\"image.default\">\n\t\t\t\t<div class=\"elementor-widget-container\">\n\t\t\t\t\t\t\t\t\t\t\t\t\t<img fetchpriority=\"high\" decoding=\"async\" width=\"1024\" height=\"555\" src=\"https:\/\/sites.usp.br\/biotecomunidade\/wp-content\/uploads\/sites\/1649\/2025\/04\/15-1024x555.png\" class=\"attachment-large size-large wp-image-3191\" alt=\"\" srcset=\"https:\/\/sites.usp.br\/biotecomunidade\/wp-content\/uploads\/sites\/1649\/2025\/04\/15-1024x555.png 1024w, https:\/\/sites.usp.br\/biotecomunidade\/wp-content\/uploads\/sites\/1649\/2025\/04\/15-300x163.png 300w, https:\/\/sites.usp.br\/biotecomunidade\/wp-content\/uploads\/sites\/1649\/2025\/04\/15-768x417.png 768w, https:\/\/sites.usp.br\/biotecomunidade\/wp-content\/uploads\/sites\/1649\/2025\/04\/15-400x217.png 400w, https:\/\/sites.usp.br\/biotecomunidade\/wp-content\/uploads\/sites\/1649\/2025\/04\/15.png 1145w\" sizes=\"(max-width: 1024px) 100vw, 1024px\" \/>\t\t\t\t\t\t\t\t\t\t\t\t\t<\/div>\n\t\t\t\t<\/div>\n\t\t\t\t\t<\/div>\n\t\t<\/div>\n\t\t\t\t\t<\/div>\n\t\t<\/section>\n\t\t\t\t<section class=\"elementor-section elementor-top-section elementor-element elementor-element-c2ae659 elementor-section-boxed elementor-section-height-default elementor-section-height-default\" data-id=\"c2ae659\" data-element_type=\"section\">\n\t\t\t\t\t\t<div class=\"elementor-container elementor-column-gap-default\">\n\t\t\t\t\t<div class=\"elementor-column elementor-col-100 elementor-top-column elementor-element elementor-element-bb039cd\" data-id=\"bb039cd\" data-element_type=\"column\">\n\t\t\t<div class=\"elementor-widget-wrap elementor-element-populated\">\n\t\t\t\t\t\t<div class=\"elementor-element elementor-element-ee4e449 elementor-widget elementor-widget-heading\" data-id=\"ee4e449\" data-element_type=\"widget\" data-widget_type=\"heading.default\">\n\t\t\t\t<div class=\"elementor-widget-container\">\n\t\t\t<h2 class=\"elementor-heading-title elementor-size-default\">Vida terrestre<\/h2>\t\t<\/div>\n\t\t\t\t<\/div>\n\t\t\t\t\t<\/div>\n\t\t<\/div>\n\t\t\t\t\t<\/div>\n\t\t<\/section>\n\t\t\t\t<section class=\"elementor-section elementor-top-section elementor-element elementor-element-5a342b5 elementor-section-boxed elementor-section-height-default elementor-section-height-default\" data-id=\"5a342b5\" data-element_type=\"section\">\n\t\t\t\t\t\t<div class=\"elementor-container elementor-column-gap-default\">\n\t\t\t\t\t<div class=\"elementor-column elementor-col-100 elementor-top-column elementor-element elementor-element-4043d7e\" data-id=\"4043d7e\" data-element_type=\"column\">\n\t\t\t<div class=\"elementor-widget-wrap elementor-element-populated\">\n\t\t\t\t\t\t<div class=\"elementor-element elementor-element-ba3dc86 elementor-widget elementor-widget-text-editor\" data-id=\"ba3dc86\" data-element_type=\"widget\" data-widget_type=\"text-editor.default\">\n\t\t\t\t<div class=\"elementor-widget-container\">\n\t\t\t\t\t\t\t<p class=\"\" data-start=\"119\" data-end=\"400\"><strong data-start=\"119\" data-end=\"127\">15.1<\/strong> At\u00e9 2020, assegurar a conserva\u00e7\u00e3o, recupera\u00e7\u00e3o e uso sustent\u00e1vel de ecossistemas terrestres e de \u00e1gua doce interiores e seus servi\u00e7os, em especial florestas, zonas \u00famidas, montanhas e terras \u00e1ridas, em conformidade com as obriga\u00e7\u00f5es decorrentes dos acordos internacionais.<\/p><p class=\"\" data-start=\"402\" data-end=\"629\"><strong data-start=\"402\" data-end=\"410\">15.2<\/strong> At\u00e9 2020, promover a implementa\u00e7\u00e3o da gest\u00e3o sustent\u00e1vel de todos os tipos de florestas, deter o desmatamento, restaurar florestas degradadas e aumentar substancialmente o florestamento e o reflorestamento globalmente.<\/p><p class=\"\" data-start=\"631\" data-end=\"854\"><strong data-start=\"631\" data-end=\"639\">15.3<\/strong> At\u00e9 2030, combater a desertifica\u00e7\u00e3o, restaurar a terra e o solo degradado, incluindo terrenos afetados pela desertifica\u00e7\u00e3o, secas e inunda\u00e7\u00f5es, e lutar para alcan\u00e7ar um mundo neutro em termos de degrada\u00e7\u00e3o do solo.<\/p><p class=\"\" data-start=\"856\" data-end=\"1073\"><strong data-start=\"856\" data-end=\"864\">15.4<\/strong> At\u00e9 2030, assegurar a conserva\u00e7\u00e3o dos ecossistemas de montanha, incluindo a sua biodiversidade, para melhorar a sua capacidade de proporcionar benef\u00edcios que s\u00e3o essenciais para o desenvolvimento sustent\u00e1vel.<\/p><p class=\"\" data-start=\"1075\" data-end=\"1267\"><strong data-start=\"1075\" data-end=\"1083\">15.5<\/strong> Tomar medidas urgentes e significativas para reduzir a degrada\u00e7\u00e3o de habitat naturais, deter a perda de biodiversidade e, at\u00e9 2020, proteger e evitar a extin\u00e7\u00e3o de esp\u00e9cies amea\u00e7adas.<\/p><p class=\"\" data-start=\"1269\" data-end=\"1435\"><strong data-start=\"1269\" data-end=\"1277\">15.6<\/strong> Garantir uma reparti\u00e7\u00e3o justa e equitativa dos benef\u00edcios derivados da utiliza\u00e7\u00e3o dos recursos gen\u00e9ticos e promover o acesso adequado aos recursos gen\u00e9ticos.<\/p><p class=\"\" data-start=\"1437\" data-end=\"1630\"><strong data-start=\"1437\" data-end=\"1445\">15.7<\/strong> Tomar medidas urgentes para acabar com a ca\u00e7a ilegal e o tr\u00e1fico de esp\u00e9cies da flora e fauna protegidas e abordar tanto a demanda quanto a oferta de produtos ilegais da vida selvagem.<\/p><p class=\"\" data-start=\"1632\" data-end=\"1856\"><strong data-start=\"1632\" data-end=\"1640\">15.8<\/strong> At\u00e9 2020, implementar medidas para evitar a introdu\u00e7\u00e3o e reduzir significativamente o impacto de esp\u00e9cies ex\u00f3ticas invasoras em ecossistemas terrestres e aqu\u00e1ticos, e controlar ou erradicar as esp\u00e9cies priorit\u00e1rias.<\/p><p class=\"\" data-start=\"1858\" data-end=\"2065\"><strong data-start=\"1858\" data-end=\"1866\">15.9<\/strong> At\u00e9 2020, integrar os valores dos ecossistemas e da biodiversidade ao planejamento nacional e local, nos processos de desenvolvimento, nas estrat\u00e9gias de redu\u00e7\u00e3o da pobreza e nos sistemas de contas.<\/p><p class=\"\" data-start=\"2067\" data-end=\"2246\"><strong data-start=\"2067\" data-end=\"2075\">15.a<\/strong> Mobilizar e aumentar significativamente, a partir de todas as fontes, os recursos financeiros para a conserva\u00e7\u00e3o e o uso sustent\u00e1vel da biodiversidade e dos ecossistemas.<\/p><p class=\"\" data-start=\"2248\" data-end=\"2538\"><strong data-start=\"2248\" data-end=\"2256\">15.b<\/strong> Mobilizar recursos significativos de todas as fontes e em todos os n\u00edveis para financiar o manejo florestal sustent\u00e1vel e proporcionar incentivos adequados aos pa\u00edses em desenvolvimento para promover o manejo florestal sustent\u00e1vel, inclusive para a conserva\u00e7\u00e3o e o reflorestamento.<\/p><p class=\"\" data-start=\"2540\" data-end=\"2773\"><strong data-start=\"2540\" data-end=\"2548\">15.c<\/strong> Refor\u00e7ar o apoio global para os esfor\u00e7os de combate \u00e0 ca\u00e7a ilegal e ao tr\u00e1fico de esp\u00e9cies protegidas, inclusive por meio do aumento da capacidade das comunidades locais para buscar oportunidades de subsist\u00eancia sustent\u00e1vel.<\/p>\t\t\t\t\t\t<\/div>\n\t\t\t\t<\/div>\n\t\t\t\t\t<\/div>\n\t\t<\/div>\n\t\t\t\t\t<\/div>\n\t\t<\/section>\n\t\t\t\t<section class=\"elementor-section elementor-top-section elementor-element elementor-element-b7f52bd elementor-section-boxed elementor-section-height-default elementor-section-height-default\" data-id=\"b7f52bd\" data-element_type=\"section\">\n\t\t\t\t\t\t<div class=\"elementor-container elementor-column-gap-default\">\n\t\t\t\t\t<div class=\"elementor-column elementor-col-100 elementor-top-column elementor-element elementor-element-8929975\" data-id=\"8929975\" data-element_type=\"column\">\n\t\t\t<div class=\"elementor-widget-wrap elementor-element-populated\">\n\t\t\t\t\t\t<div class=\"elementor-element elementor-element-c51a41f elementor-widget elementor-widget-heading\" data-id=\"c51a41f\" data-element_type=\"widget\" data-widget_type=\"heading.default\">\n\t\t\t\t<div class=\"elementor-widget-container\">\n\t\t\t<h2 class=\"elementor-heading-title elementor-size-default\">Contribui\u00e7\u00e3o da Biotecnologia<\/h2>\t\t<\/div>\n\t\t\t\t<\/div>\n\t\t\t\t\t<\/div>\n\t\t<\/div>\n\t\t\t\t\t<\/div>\n\t\t<\/section>\n\t\t\t\t<section class=\"elementor-section elementor-top-section elementor-element elementor-element-98e5264 elementor-section-boxed elementor-section-height-default elementor-section-height-default\" data-id=\"98e5264\" data-element_type=\"section\">\n\t\t\t\t\t\t<div class=\"elementor-container elementor-column-gap-default\">\n\t\t\t\t\t<div class=\"elementor-column elementor-col-100 elementor-top-column elementor-element elementor-element-b6b7b7b\" data-id=\"b6b7b7b\" data-element_type=\"column\">\n\t\t\t<div class=\"elementor-widget-wrap elementor-element-populated\">\n\t\t\t\t\t\t<div class=\"elementor-element elementor-element-bc6d887 elementor-cta--skin-cover elementor-animated-content elementor-bg-transform elementor-bg-transform-zoom-in elementor-widget elementor-widget-call-to-action\" data-id=\"bc6d887\" data-element_type=\"widget\" data-widget_type=\"call-to-action.default\">\n\t\t\t\t<div class=\"elementor-widget-container\">\n\t\t\t\t\t<div class=\"elementor-cta\">\n\t\t\t\t\t<div class=\"elementor-cta__bg-wrapper\">\n\t\t\t\t<div class=\"elementor-cta__bg elementor-bg\" style=\"background-image: url(https:\/\/sites.usp.br\/biotecomunidade\/wp-content\/uploads\/sites\/1649\/2026\/04\/hyacinth-macaw-palm-tree-nature-habitat-1024x683.jpg);\" role=\"img\" aria-label=\"hyacinth-macaw-palm-tree-nature-habitat\"><\/div>\n\t\t\t\t<div class=\"elementor-cta__bg-overlay\"><\/div>\n\t\t\t<\/div>\n\t\t\t\t\t\t\t<div class=\"elementor-cta__content\">\n\t\t\t\t\n\t\t\t\t\t\t\t\t\t<h2 class=\"elementor-cta__title elementor-cta__content-item elementor-content-item elementor-animated-item--grow\">\n\t\t\t\t\t\tBiotecnologia para biodiversidade\t\t\t\t\t<\/h2>\n\t\t\t\t\n\t\t\t\t\t\t\t\t\t<div class=\"elementor-cta__description elementor-cta__content-item elementor-content-item elementor-animated-item--grow\">\n\t\t\t\t\t\tEstrat\u00e9gia para conserva\u00e7\u00e3o ambiental\t\t\t\t\t<\/div>\n\t\t\t\t\n\t\t\t\t\t\t\t\t\t<div class=\"elementor-cta__button-wrapper elementor-cta__content-item elementor-content-item elementor-animated-item--grow\">\n\t\t\t\t\t<a class=\"elementor-cta__button elementor-button elementor-size-\" href=\"https:\/\/sites.usp.br\/biotecomunidade\/lfarah-1-ods15-1-2026\/\">\n\t\t\t\t\t\tClique aqui\t\t\t\t\t<\/a>\n\t\t\t\t\t<\/div>\n\t\t\t\t\t\t\t<\/div>\n\t\t\t\t\t\t\t<div class=\"elementor-ribbon elementor-ribbon-left\">\n\t\t\t\t<div class=\"elementor-ribbon-inner\">1<\/div>\n\t\t\t<\/div>\n\t\t\t\t<\/div>\n\t\t\t\t<\/div>\n\t\t\t\t<\/div>\n\t\t\t\t\t<\/div>\n\t\t<\/div>\n\t\t\t\t\t<\/div>\n\t\t<\/section>\n\t\t\t\t<\/div>\n\t\t","protected":false},"excerpt":{"rendered":"<p>Vida terrestre 15.1 At\u00e9 2020, assegurar a conserva\u00e7\u00e3o, recupera\u00e7\u00e3o e uso sustent\u00e1vel de ecossistemas terrestres e de \u00e1gua doce interiores e seus servi\u00e7os, em especial florestas, zonas \u00famidas, montanhas e terras \u00e1ridas, em conformidade com as obriga\u00e7\u00f5es decorrentes dos acordos internacionais. 15.2 At\u00e9 2020, promover a implementa\u00e7\u00e3o da gest\u00e3o sustent\u00e1vel de todos os tipos de [&hellip;]<\/p>\n","protected":false},"author":24613,"featured_media":0,"parent":0,"menu_order":0,"comment_status":"closed","ping_status":"closed","template":"","meta":{"_monsterinsights_skip_tracking":false,"_monsterinsights_sitenote_active":false,"_monsterinsights_sitenote_note":"","_monsterinsights_sitenote_category":0,"footnotes":"","_links_to":"","_links_to_target":""},"class_list":["post-3112","page","type-page","status-publish","hentry","entry"],"_links":{"self":[{"href":"https:\/\/sites.usp.br\/biotecomunidade\/wp-json\/wp\/v2\/pages\/3112","targetHints":{"allow":["GET"]}}],"collection":[{"href":"https:\/\/sites.usp.br\/biotecomunidade\/wp-json\/wp\/v2\/pages"}],"about":[{"href":"https:\/\/sites.usp.br\/biotecomunidade\/wp-json\/wp\/v2\/types\/page"}],"author":[{"embeddable":true,"href":"https:\/\/sites.usp.br\/biotecomunidade\/wp-json\/wp\/v2\/users\/24613"}],"replies":[{"embeddable":true,"href":"https:\/\/sites.usp.br\/biotecomunidade\/wp-json\/wp\/v2\/comments?post=3112"}],"version-history":[{"count":4,"href":"https:\/\/sites.usp.br\/biotecomunidade\/wp-json\/wp\/v2\/pages\/3112\/revisions"}],"predecessor-version":[{"id":4010,"href":"https:\/\/sites.usp.br\/biotecomunidade\/wp-json\/wp\/v2\/pages\/3112\/revisions\/4010"}],"wp:attachment":[{"href":"https:\/\/sites.usp.br\/biotecomunidade\/wp-json\/wp\/v2\/media?parent=3112"}],"curies":[{"name":"wp","href":"https:\/\/api.w.org\/{rel}","templated":true}]}}