{"id":62,"date":"2014-02-12T11:28:30","date_gmt":"2014-02-12T13:28:30","guid":{"rendered":"http:\/\/sites.usp.br\/blogbibliotecaeach\/?page_id=62"},"modified":"2025-02-26T16:19:08","modified_gmt":"2025-02-26T18:19:08","slug":"pagina-1","status":"publish","type":"page","link":"https:\/\/sites.usp.br\/blogbibliotecaeach\/pagina-1\/","title":{"rendered":"EACH-USP"},"content":{"rendered":"<p>V\u00eddeo Institucional da Escola de Artes, Ci\u00eancias e Humanidades da Universidade de S\u00e3o Paulo:<\/p>\n<div class=\"video-container\"><iframe loading=\"lazy\" title=\"V\u00eddeo Institucional EACH\/USP 2019\" width=\"720\" height=\"405\" src=\"https:\/\/www.youtube.com\/embed\/e311oGJufHs?feature=oembed&#038;wmode=opaque\" frameborder=\"0\" allow=\"accelerometer; autoplay; clipboard-write; encrypted-media; gyroscope; picture-in-picture; web-share\" referrerpolicy=\"strict-origin-when-cross-origin\" allowfullscreen><\/iframe><\/div>\n<p>&nbsp;<\/p>\n<p>Concep\u00e7\u00e3o da EACH &#8211; USP:<\/p>\n<p>&#8220;O novo campus abriga uma unidade integrada que concentra cursos das \u00e1reas de Artes, Ci\u00eancias e Humanidades, e que n\u00e3o s\u00e3o oferecidos pelas demais unidades da USP na capital S\u00e3o Paulo.<\/p>\n<p>A cada ano, o vestibular oferece 1.020 vagas para dez cursos de Gradua\u00e7\u00e3o, distribu\u00eddas em tr\u00eas per\u00edodos \u2013 matutino, vespertino e noturno \u2013 com turmas de 60 alunos por classe.<\/p>\n<p>A EACH tem como princ\u00edpio norteador promover uma forte intera\u00e7\u00e3o com as comunidades da zona leste. Ao lado das atividades culturais e esportivas, prop\u00f5e desenvolver diversos programas de extens\u00e3o, como cursos de aperfei\u00e7oamento e projetos de pesquisa voltados para a solu\u00e7\u00e3o de problemas locais, al\u00e9m de proporcionar maior acesso \u00e0s facilidades laboratoriais em diversas \u00e1reas, como ci\u00eancias, artes, inform\u00e1tica, sensoriamento remoto e ensino de l\u00ednguas.<\/p>\n<p>A EACH e os novos cursos que est\u00e3o sendo oferecidos foram planejados, tendo-se como premissa b\u00e1sica a manuten\u00e7\u00e3o do tradicional padr\u00e3o USP de qualidade acad\u00eamica no tocante ao ensino, \u00e0 pesquisa e \u00e0 extens\u00e3o \u00e0 comunidade. Tal fato indica que est\u00e3o sendo implantados cursos de Gradua\u00e7\u00e3o plenos, de alto n\u00edvel, com uma s\u00f3lida base cient\u00edfica e cultural e que, ao mesmo tempo, expressam uma fina sintonia com as novas exig\u00eancias sociais e profissionais do pa\u00eds e da cidade de S\u00e3o Paulo.<\/p>\n<p>A EACH disp\u00f5e de corpo docente contratado em regime de dedica\u00e7\u00e3o integral e projetos de pesquisa envolvendo as \u00e1reas de artes, ci\u00eancias e humanidades. Em termos de infraestrutura possui, dentre outras instala\u00e7\u00f5es, uma Biblioteca Central de elevado padr\u00e3o, laborat\u00f3rios tem\u00e1ticos e integrados, instala\u00e7\u00f5es e equipamentos sofisticados, al\u00e9m de servi\u00e7os de apoio, como os voltados para os estudantes (refeit\u00f3rios, salas de estudos, cursos de l\u00ednguas e de inform\u00e1tica, apoio psicol\u00f3gico, e outros mais).<\/p>\n<p>Aten\u00e7\u00e3o especial est\u00e1 sendo dada ao desenvolvimento de atividade de extens\u00e3o que levem em conta as caracter\u00edsticas peculiares da regi\u00e3o Leste da cidade de S\u00e3o Paulo, marcada que \u00e9 por sua enorme concentra\u00e7\u00e3o populacional, diversidade sociocultural, desigualdades socioecon\u00f4micas e processos atuais de reestrutura\u00e7\u00e3o econ\u00f4mica e urbana que atingem seus diversos bairros e suas comunidades&#8221;.<\/p>\n<p>Fonte: https:\/\/www5.each.usp.br\/concepcao-geral<\/p>\n<div class=\"video-container\">\n<blockquote class=\"wp-embedded-content\" data-secret=\"duu6O0EzEL\"><p><a href=\"https:\/\/www5.each.usp.br\/concepcao-geral\/\">Concep\u00e7\u00e3o Geral<\/a><\/p><\/blockquote>\n<p><iframe loading=\"lazy\" class=\"wp-embedded-content\" sandbox=\"allow-scripts\" security=\"restricted\" style=\"position: absolute; visibility: hidden;\" title=\"&#8220;Concep\u00e7\u00e3o Geral&#8221; &#8212; Escola de Artes, Ci\u00eancias e Humanidades\" src=\"https:\/\/www5.each.usp.br\/concepcao-geral\/embed\/#?secret=duu6O0EzEL\" data-secret=\"duu6O0EzEL\" width=\"600\" height=\"338\" frameborder=\"0\" marginwidth=\"0\" marginheight=\"0\" scrolling=\"no\"><\/iframe><\/div>\n","protected":false},"excerpt":{"rendered":"<p>V\u00eddeo Institucional da Escola de Artes, Ci\u00eancias e Humanidades da Universidade de S\u00e3o Paulo: &nbsp; Concep\u00e7\u00e3o da EACH &#8211; USP:&#46;&#46;&#46;<\/p>\n","protected":false},"author":1,"featured_media":0,"parent":0,"menu_order":0,"comment_status":"closed","ping_status":"closed","template":"","meta":{"footnotes":"","_links_to":"","_links_to_target":""},"class_list":["post-62","page","type-page","status-publish","hentry"],"_links":{"self":[{"href":"https:\/\/sites.usp.br\/blogbibliotecaeach\/wp-json\/wp\/v2\/pages\/62","targetHints":{"allow":["GET"]}}],"collection":[{"href":"https:\/\/sites.usp.br\/blogbibliotecaeach\/wp-json\/wp\/v2\/pages"}],"about":[{"href":"https:\/\/sites.usp.br\/blogbibliotecaeach\/wp-json\/wp\/v2\/types\/page"}],"author":[{"embeddable":true,"href":"https:\/\/sites.usp.br\/blogbibliotecaeach\/wp-json\/wp\/v2\/users\/1"}],"replies":[{"embeddable":true,"href":"https:\/\/sites.usp.br\/blogbibliotecaeach\/wp-json\/wp\/v2\/comments?post=62"}],"version-history":[{"count":4,"href":"https:\/\/sites.usp.br\/blogbibliotecaeach\/wp-json\/wp\/v2\/pages\/62\/revisions"}],"predecessor-version":[{"id":146,"href":"https:\/\/sites.usp.br\/blogbibliotecaeach\/wp-json\/wp\/v2\/pages\/62\/revisions\/146"}],"wp:attachment":[{"href":"https:\/\/sites.usp.br\/blogbibliotecaeach\/wp-json\/wp\/v2\/media?parent=62"}],"curies":[{"name":"wp","href":"https:\/\/api.w.org\/{rel}","templated":true}]}}