{"id":532,"date":"2021-08-16T18:52:57","date_gmt":"2021-08-16T20:52:57","guid":{"rendered":"https:\/\/sites.usp.br\/bmp\/?page_id=532"},"modified":"2021-11-11T09:53:37","modified_gmt":"2021-11-11T12:53:37","slug":"historico-pos-graduacao","status":"publish","type":"page","link":"https:\/\/sites.usp.br\/bmp\/historico-pos-graduacao\/","title":{"rendered":"[P\u00f3s-gradua\u00e7\u00e3o] &#8211; Hist\u00f3rico"},"content":{"rendered":"\t\t<div data-elementor-type=\"wp-page\" data-elementor-id=\"532\" class=\"elementor elementor-532\" data-elementor-post-type=\"page\">\n\t\t\t\t\t\t<section class=\"elementor-section elementor-top-section elementor-element elementor-element-8a7e9ea elementor-section-boxed elementor-section-height-default elementor-section-height-default\" data-id=\"8a7e9ea\" data-element_type=\"section\">\n\t\t\t\t\t\t<div class=\"elementor-container elementor-column-gap-default\">\n\t\t\t\t\t<div class=\"elementor-column elementor-col-100 elementor-top-column elementor-element elementor-element-a747197\" data-id=\"a747197\" data-element_type=\"column\">\n\t\t\t<div class=\"elementor-widget-wrap elementor-element-populated\">\n\t\t\t\t\t\t<div class=\"elementor-element elementor-element-3516ae3 elementor-widget elementor-widget-heading\" data-id=\"3516ae3\" data-element_type=\"widget\" data-widget_type=\"heading.default\">\n\t\t\t\t<div class=\"elementor-widget-container\">\n\t\t\t<h2 class=\"elementor-heading-title elementor-size-default\">HIST\u00d3RICO<\/h2>\t\t<\/div>\n\t\t\t\t<\/div>\n\t\t\t\t<div class=\"elementor-element elementor-element-5739c6f elementor-widget elementor-widget-spacer\" data-id=\"5739c6f\" data-element_type=\"widget\" data-widget_type=\"spacer.default\">\n\t\t\t\t<div class=\"elementor-widget-container\">\n\t\t\t\t\t<div class=\"elementor-spacer\">\n\t\t\t<div class=\"elementor-spacer-inner\"><\/div>\n\t\t<\/div>\n\t\t\t\t<\/div>\n\t\t\t\t<\/div>\n\t\t\t\t<div class=\"elementor-element elementor-element-eb49b6f elementor-widget elementor-widget-text-editor\" data-id=\"eb49b6f\" data-element_type=\"widget\" data-widget_type=\"text-editor.default\">\n\t\t\t\t<div class=\"elementor-widget-container\">\n\t\t\t\t\t\t\t<p>Criado em 1976, o programa de p\u00f3s-gradua\u00e7\u00e3o do Departamento de Parasitologia \u00e9 um dos principais formadores de docentes e pesquisadores em Parasitologia e Medicina Tropical no Brasil. Tem suas origens na not\u00e1vel escola parasitol\u00f3gica de Samuel Pessoa e treinou centenas de pesquisadores que hoje ocupam posi\u00e7\u00e3o de lideran\u00e7a na especialidade no cen\u00e1rio cient\u00edfico nacional e internacional. Desde 2001 \u00e9 reconhecido como programa de excel\u00eancia pela CAPES.<\/p>\n<p>Para corresponder \u00e0s demandas transdisciplinares da Parasitologia contempor\u00e2nea, o programa re\u00fane projetos de pesquisa que envolvem parasitos, bact\u00e9rias, v\u00edrus e artr\u00f3podes de import\u00e2ncia m\u00e9dica humana e veterin\u00e1ria, assim como esp\u00e9cies n\u00e3o-patog\u00eanicas, algumas de vida livre. Refletindo sua diversidade tem\u00e1tica, recebe hoje o nome de Programa de P\u00f3s-Gradua\u00e7\u00e3o em Biologia da Rela\u00e7\u00e3o Pat\u00f3geno-Hospedeiro. A maior parte dos docentes em atividade no Departamento de Parasitologia do ICB-USP pertence ao corpo de orientadores permanentes do programa, que tamb\u00e9m conta com renomados especialistas externos.<\/span><\/p>\t\t\t\t\t\t<\/div>\n\t\t\t\t<\/div>\n\t\t\t\t<div class=\"elementor-element elementor-element-a3e97e1 elementor-widget elementor-widget-spacer\" data-id=\"a3e97e1\" data-element_type=\"widget\" data-widget_type=\"spacer.default\">\n\t\t\t\t<div class=\"elementor-widget-container\">\n\t\t\t\t\t<div class=\"elementor-spacer\">\n\t\t\t<div class=\"elementor-spacer-inner\"><\/div>\n\t\t<\/div>\n\t\t\t\t<\/div>\n\t\t\t\t<\/div>\n\t\t\t\t\t<\/div>\n\t\t<\/div>\n\t\t\t\t\t<\/div>\n\t\t<\/section>\n\t\t\t\t<\/div>\n\t\t","protected":false},"excerpt":{"rendered":"<p>HIST\u00d3RICO Criado em 1976, o programa de p\u00f3s-gradua\u00e7\u00e3o do Departamento de Parasitologia \u00e9 um dos principais formadores de docentes e pesquisadores em Parasitologia e Medicina Tropical no Brasil. Tem suas origens na not\u00e1vel escola parasitol\u00f3gica de Samuel Pessoa e treinou centenas de pesquisadores que hoje ocupam posi\u00e7\u00e3o de lideran\u00e7a na especialidade no cen\u00e1rio cient\u00edfico nacional<a href=\"https:\/\/sites.usp.br\/bmp\/historico-pos-graduacao\/\">[&#8230;]<\/a><\/p>\n","protected":false},"author":1200,"featured_media":0,"parent":0,"menu_order":0,"comment_status":"closed","ping_status":"closed","template":"elementor_header_footer","meta":{"footnotes":"","_links_to":"","_links_to_target":""},"class_list":["post-532","page","type-page","status-publish","hentry"],"_links":{"self":[{"href":"https:\/\/sites.usp.br\/bmp\/wp-json\/wp\/v2\/pages\/532","targetHints":{"allow":["GET"]}}],"collection":[{"href":"https:\/\/sites.usp.br\/bmp\/wp-json\/wp\/v2\/pages"}],"about":[{"href":"https:\/\/sites.usp.br\/bmp\/wp-json\/wp\/v2\/types\/page"}],"author":[{"embeddable":true,"href":"https:\/\/sites.usp.br\/bmp\/wp-json\/wp\/v2\/users\/1200"}],"replies":[{"embeddable":true,"href":"https:\/\/sites.usp.br\/bmp\/wp-json\/wp\/v2\/comments?post=532"}],"version-history":[{"count":4,"href":"https:\/\/sites.usp.br\/bmp\/wp-json\/wp\/v2\/pages\/532\/revisions"}],"predecessor-version":[{"id":5342,"href":"https:\/\/sites.usp.br\/bmp\/wp-json\/wp\/v2\/pages\/532\/revisions\/5342"}],"wp:attachment":[{"href":"https:\/\/sites.usp.br\/bmp\/wp-json\/wp\/v2\/media?parent=532"}],"curies":[{"name":"wp","href":"https:\/\/api.w.org\/{rel}","templated":true}]}}