{"id":1017,"date":"2022-10-24T17:19:35","date_gmt":"2022-10-24T19:19:35","guid":{"rendered":"https:\/\/sites.usp.br\/boletimoipp\/?page_id=1017"},"modified":"2024-06-05T14:07:51","modified_gmt":"2024-06-05T16:07:51","slug":"chamadas-em-aberto","status":"publish","type":"page","link":"https:\/\/sites.usp.br\/boletimoipp\/chamadas-em-aberto\/","title":{"rendered":"Chamadas em aberto"},"content":{"rendered":"<p>O Boletim de Pol\u00edticas P\u00fablicas n\u00e3o possui chamadas em aberto.<\/p>\n","protected":false},"excerpt":{"rendered":"<p>O Boletim de Pol\u00edticas P\u00fablicas n\u00e3o possui chamadas em aberto.<\/p>\n","protected":false},"author":22000,"featured_media":0,"parent":0,"menu_order":0,"comment_status":"closed","ping_status":"closed","template":"","meta":{"_monsterinsights_skip_tracking":false,"_monsterinsights_sitenote_active":false,"_monsterinsights_sitenote_note":"","_monsterinsights_sitenote_category":0,"footnotes":"","_links_to":"","_links_to_target":""},"class_list":["post-1017","page","type-page","status-publish","hentry"],"_links":{"self":[{"href":"https:\/\/sites.usp.br\/boletimoipp\/wp-json\/wp\/v2\/pages\/1017","targetHints":{"allow":["GET"]}}],"collection":[{"href":"https:\/\/sites.usp.br\/boletimoipp\/wp-json\/wp\/v2\/pages"}],"about":[{"href":"https:\/\/sites.usp.br\/boletimoipp\/wp-json\/wp\/v2\/types\/page"}],"author":[{"embeddable":true,"href":"https:\/\/sites.usp.br\/boletimoipp\/wp-json\/wp\/v2\/users\/22000"}],"replies":[{"embeddable":true,"href":"https:\/\/sites.usp.br\/boletimoipp\/wp-json\/wp\/v2\/comments?post=1017"}],"version-history":[{"count":4,"href":"https:\/\/sites.usp.br\/boletimoipp\/wp-json\/wp\/v2\/pages\/1017\/revisions"}],"predecessor-version":[{"id":1276,"href":"https:\/\/sites.usp.br\/boletimoipp\/wp-json\/wp\/v2\/pages\/1017\/revisions\/1276"}],"wp:attachment":[{"href":"https:\/\/sites.usp.br\/boletimoipp\/wp-json\/wp\/v2\/media?parent=1017"}],"curies":[{"name":"wp","href":"https:\/\/api.w.org\/{rel}","templated":true}]}}