{"id":1020,"date":"2022-10-27T19:15:52","date_gmt":"2022-10-27T21:15:52","guid":{"rendered":"https:\/\/sites.usp.br\/boletimoipp\/?page_id=1020"},"modified":"2022-10-28T15:17:10","modified_gmt":"2022-10-28T17:17:10","slug":"setembro-de-2022","status":"publish","type":"page","link":"https:\/\/sites.usp.br\/boletimoipp\/setembro-de-2022\/","title":{"rendered":"Setembro de 2022"},"content":{"rendered":"<p><a href=\"https:\/\/sites.usp.br\/boletimoipp\/wp-content\/uploads\/sites\/823\/2022\/10\/Boletim_OIPP_setembro_2022-1.pdf\" target=\"_blank\" rel=\"noopener\"><img loading=\"lazy\" decoding=\"async\" class=\"alignnone wp-image-1007 size-medium\" src=\"https:\/\/sites.usp.br\/boletimoipp\/wp-content\/uploads\/sites\/823\/2022\/10\/capa-213x300.jpg\" alt=\"\" width=\"213\" height=\"300\" srcset=\"https:\/\/sites.usp.br\/boletimoipp\/wp-content\/uploads\/sites\/823\/2022\/10\/capa-213x300.jpg 213w, https:\/\/sites.usp.br\/boletimoipp\/wp-content\/uploads\/sites\/823\/2022\/10\/capa-400x562.jpg 400w, https:\/\/sites.usp.br\/boletimoipp\/wp-content\/uploads\/sites\/823\/2022\/10\/capa.jpg 565w\" sizes=\"auto, (max-width: 213px) 100vw, 213px\" \/><\/a><\/p>\n<p>Publicado em 07\/10\/2022<\/p>\n<hr \/>\n<p><strong>Sociedade, Pol\u00edticas P\u00fablicas e Gest\u00e3o Governamental<\/strong><\/p>\n<p><a href=\"https:\/\/sites.usp.br\/boletimoipp\/wp-content\/uploads\/sites\/823\/2022\/10\/Santos_setembro_2022.pdf\" target=\"_blank\" rel=\"noopener\"><span style=\"color: #000000;\">A met\u00e1fora do trem e pol\u00edticas p\u00fablicas para a equidade racial<\/span><\/a><\/p>\n<p><span style=\"color: #999999;\">Gislene Aparecida dos Santos<\/span><\/p>\n<p><a href=\"https:\/\/sites.usp.br\/boletimoipp\/wp-content\/uploads\/sites\/823\/2022\/10\/Nerling_et_al_setembro_2022.pdf\" target=\"_blank\" rel=\"noopener\"><span style=\"color: #000000;\">Elei\u00e7\u00f5es presidenciais 2022 e o reajustamento da Tabela do Imposto de Renda da Pessoa F\u00edsica<\/span><\/a><\/p>\n<p><span style=\"color: #999999;\">Marcelo Arno Nerling, Maria Eduarda de Romero Brocca, Wesley Caique e Silva<\/span><\/p>\n<p><a href=\"https:\/\/sites.usp.br\/boletimoipp\/wp-content\/uploads\/sites\/823\/2022\/10\/Nerling_setembro_2022.pdf\" target=\"_blank\" rel=\"noopener\"><span style=\"color: #000000;\">A gest\u00e3o do futuro da ind\u00fastria tecnol\u00f3gica e o sonho de uma Internet p\u00fablica<\/span><\/a><\/p>\n<p><span style=\"color: #999999;\">Marcelo Arno Nerling<\/span><\/p>\n<p>&nbsp;<\/p>\n","protected":false},"excerpt":{"rendered":"<p>Publicado em 07\/10\/2022 Sociedade, Pol\u00edticas P\u00fablicas e Gest\u00e3o Governamental A met\u00e1fora do trem e pol\u00edticas p\u00fablicas para a equidade racial Gislene Aparecida dos Santos Elei\u00e7\u00f5es presidenciais 2022 e o reajustamento da Tabela do Imposto de Renda da Pessoa F\u00edsica Marcelo Arno Nerling, Maria Eduarda de Romero Brocca, Wesley Caique e Silva A gest\u00e3o do futuro [&hellip;]<\/p>\n","protected":false},"author":22000,"featured_media":0,"parent":0,"menu_order":0,"comment_status":"closed","ping_status":"closed","template":"","meta":{"_monsterinsights_skip_tracking":false,"_monsterinsights_sitenote_active":false,"_monsterinsights_sitenote_note":"","_monsterinsights_sitenote_category":0,"footnotes":"","_links_to":"","_links_to_target":""},"class_list":["post-1020","page","type-page","status-publish","hentry"],"_links":{"self":[{"href":"https:\/\/sites.usp.br\/boletimoipp\/wp-json\/wp\/v2\/pages\/1020","targetHints":{"allow":["GET"]}}],"collection":[{"href":"https:\/\/sites.usp.br\/boletimoipp\/wp-json\/wp\/v2\/pages"}],"about":[{"href":"https:\/\/sites.usp.br\/boletimoipp\/wp-json\/wp\/v2\/types\/page"}],"author":[{"embeddable":true,"href":"https:\/\/sites.usp.br\/boletimoipp\/wp-json\/wp\/v2\/users\/22000"}],"replies":[{"embeddable":true,"href":"https:\/\/sites.usp.br\/boletimoipp\/wp-json\/wp\/v2\/comments?post=1020"}],"version-history":[{"count":3,"href":"https:\/\/sites.usp.br\/boletimoipp\/wp-json\/wp\/v2\/pages\/1020\/revisions"}],"predecessor-version":[{"id":1030,"href":"https:\/\/sites.usp.br\/boletimoipp\/wp-json\/wp\/v2\/pages\/1020\/revisions\/1030"}],"wp:attachment":[{"href":"https:\/\/sites.usp.br\/boletimoipp\/wp-json\/wp\/v2\/media?parent=1020"}],"curies":[{"name":"wp","href":"https:\/\/api.w.org\/{rel}","templated":true}]}}