{"id":1066,"date":"2023-02-01T22:52:23","date_gmt":"2023-02-02T00:52:23","guid":{"rendered":"https:\/\/sites.usp.br\/boletimoipp\/?page_id=1066"},"modified":"2023-02-01T23:19:05","modified_gmt":"2023-02-02T01:19:05","slug":"dezembro-de-2022","status":"publish","type":"page","link":"https:\/\/sites.usp.br\/boletimoipp\/dezembro-de-2022\/","title":{"rendered":"Dezembro de 2022"},"content":{"rendered":"<h5><span style=\"color: #000000;\">Elei\u00e7\u00f5es e Perspectivas para o Novo Governo Federal (Parte 2)<\/span><\/h5>\n<p><a href=\"https:\/\/sites.usp.br\/boletimoipp\/wp-content\/uploads\/sites\/823\/2022\/12\/Boletim_OIPP_dezembro_2022_Parte-2.pdf\" target=\"_blank\" rel=\"noopener\"><img loading=\"lazy\" decoding=\"async\" class=\"alignnone wp-image-1050 size-medium\" src=\"https:\/\/sites.usp.br\/boletimoipp\/wp-content\/uploads\/sites\/823\/2022\/12\/capa-1-212x300.jpg\" alt=\"\" width=\"212\" height=\"300\" srcset=\"https:\/\/sites.usp.br\/boletimoipp\/wp-content\/uploads\/sites\/823\/2022\/12\/capa-1-212x300.jpg 212w, https:\/\/sites.usp.br\/boletimoipp\/wp-content\/uploads\/sites\/823\/2022\/12\/capa-1-400x567.jpg 400w, https:\/\/sites.usp.br\/boletimoipp\/wp-content\/uploads\/sites\/823\/2022\/12\/capa-1.jpg 564w\" sizes=\"auto, (max-width: 212px) 100vw, 212px\" \/><\/a><\/p>\n<p>Publicado em 22\/12\/2022<\/p>\n<hr \/>\n<p><a href=\"https:\/\/sites.usp.br\/boletimoipp\/wp-content\/uploads\/sites\/823\/2022\/12\/Apresentacao-1.pdf\"><span style=\"color: #333333;\">Apresenta\u00e7\u00e3o<\/span><\/a><\/p>\n<p><a href=\"https:\/\/sites.usp.br\/boletimoipp\/wp-content\/uploads\/sites\/823\/2022\/12\/Coelho-et-al_dezembro_2022.pdf\" target=\"_blank\" rel=\"noopener\"><span style=\"color: #333333;\">28 anos em 60 dias: a Transi\u00e7\u00e3o de Governo no Estado de S\u00e3o Paulo<\/span><\/a><\/p>\n<p><span style=\"color: #999999;\">Fernando de Souza Coelho, Guilherme Rezende, Vinicius Schurgelies<\/span><\/p>\n<p><a href=\"https:\/\/sites.usp.br\/boletimoipp\/wp-content\/uploads\/sites\/823\/2022\/12\/Bexiga_dezembro_2022.pdf\" target=\"_blank\" rel=\"noopener\"><span style=\"color: #333333;\">Questionamentos sobre a postura do futuro governo Lula III perante a aplica\u00e7\u00e3o da conven\u00e7\u00e3o N.\u00ba169 da organiza\u00e7\u00e3o do trabalho no Brasil<\/span><\/a><\/p>\n<p><span style=\"color: #999999;\">Caio Augusto Zouain Bexiga<\/span><\/p>\n<p><span style=\"color: #333333;\"><a style=\"color: #333333;\" href=\"https:\/\/sites.usp.br\/boletimoipp\/wp-content\/uploads\/sites\/823\/2022\/12\/Silva_novembro_2022-1.pdf\" target=\"_blank\" rel=\"noopener\">Caminhos e desafios das pol\u00edticas culturais na esfera federal<\/a><\/span><\/p>\n<p><span style=\"color: #999999;\">Michelle Cristina Alves Silva<\/span><\/p>\n","protected":false},"excerpt":{"rendered":"<p>Elei\u00e7\u00f5es e Perspectivas para o Novo Governo Federal (Parte 2) Publicado em 22\/12\/2022 Apresenta\u00e7\u00e3o 28 anos em 60 dias: a Transi\u00e7\u00e3o de Governo no Estado de S\u00e3o Paulo Fernando de Souza Coelho, Guilherme Rezende, Vinicius Schurgelies Questionamentos sobre a postura do futuro governo Lula III perante a aplica\u00e7\u00e3o da conven\u00e7\u00e3o N.\u00ba169 da organiza\u00e7\u00e3o do trabalho [&hellip;]<\/p>\n","protected":false},"author":22000,"featured_media":0,"parent":0,"menu_order":0,"comment_status":"closed","ping_status":"closed","template":"","meta":{"_monsterinsights_skip_tracking":false,"_monsterinsights_sitenote_active":false,"_monsterinsights_sitenote_note":"","_monsterinsights_sitenote_category":0,"footnotes":"","_links_to":"","_links_to_target":""},"class_list":["post-1066","page","type-page","status-publish","hentry"],"_links":{"self":[{"href":"https:\/\/sites.usp.br\/boletimoipp\/wp-json\/wp\/v2\/pages\/1066","targetHints":{"allow":["GET"]}}],"collection":[{"href":"https:\/\/sites.usp.br\/boletimoipp\/wp-json\/wp\/v2\/pages"}],"about":[{"href":"https:\/\/sites.usp.br\/boletimoipp\/wp-json\/wp\/v2\/types\/page"}],"author":[{"embeddable":true,"href":"https:\/\/sites.usp.br\/boletimoipp\/wp-json\/wp\/v2\/users\/22000"}],"replies":[{"embeddable":true,"href":"https:\/\/sites.usp.br\/boletimoipp\/wp-json\/wp\/v2\/comments?post=1066"}],"version-history":[{"count":3,"href":"https:\/\/sites.usp.br\/boletimoipp\/wp-json\/wp\/v2\/pages\/1066\/revisions"}],"predecessor-version":[{"id":1088,"href":"https:\/\/sites.usp.br\/boletimoipp\/wp-json\/wp\/v2\/pages\/1066\/revisions\/1088"}],"wp:attachment":[{"href":"https:\/\/sites.usp.br\/boletimoipp\/wp-json\/wp\/v2\/media?parent=1066"}],"curies":[{"name":"wp","href":"https:\/\/api.w.org\/{rel}","templated":true}]}}