{"id":1212,"date":"2023-10-11T19:38:51","date_gmt":"2023-10-11T21:38:51","guid":{"rendered":"https:\/\/sites.usp.br\/boletimoipp\/?page_id=1212"},"modified":"2023-10-11T20:25:26","modified_gmt":"2023-10-11T22:25:26","slug":"junho-de-2023","status":"publish","type":"page","link":"https:\/\/sites.usp.br\/boletimoipp\/junho-de-2023\/","title":{"rendered":"Junho de 2023"},"content":{"rendered":"<h5><a href=\"https:\/\/sites.usp.br\/boletimoipp\/wp-content\/uploads\/sites\/823\/2023\/09\/Boletim_OIPP_junho_2023-1.pdf\" target=\"_blank\" rel=\"noopener\"><img loading=\"lazy\" decoding=\"async\" class=\"alignnone wp-image-1200 size-medium\" src=\"https:\/\/sites.usp.br\/boletimoipp\/wp-content\/uploads\/sites\/823\/2023\/09\/capa-212x300.jpg\" alt=\"\" width=\"212\" height=\"300\" srcset=\"https:\/\/sites.usp.br\/boletimoipp\/wp-content\/uploads\/sites\/823\/2023\/09\/capa-212x300.jpg 212w, https:\/\/sites.usp.br\/boletimoipp\/wp-content\/uploads\/sites\/823\/2023\/09\/capa-400x566.jpg 400w, https:\/\/sites.usp.br\/boletimoipp\/wp-content\/uploads\/sites\/823\/2023\/09\/capa.jpg 566w\" sizes=\"auto, (max-width: 212px) 100vw, 212px\" \/><\/a><\/h5>\n<p>Publicado em 27\/09\/2023<\/p>\n<hr \/>\n<p><span style=\"color: #000000;\"><a style=\"color: #000000;\" href=\"https:\/\/sites.usp.br\/boletimoipp\/wp-content\/uploads\/sites\/823\/2023\/09\/Cinquegrana-Jr_Leal_junho_2013-1.pdf\" target=\"_blank\" rel=\"noopener\">Do teatro para a televis\u00e3o. Uma reflex\u00e3o sobre a forma de atua\u00e7\u00e3o c\u00eanica na prepara\u00e7\u00e3o pedag\u00f3gica<\/a><\/span><\/p>\n<p><span style=\"color: #999999;\">Carlos Cinquegrana Jr., Stephanie de Brito Leal<\/span><\/p>\n<p><span style=\"color: #000000;\"><a style=\"color: #000000;\" href=\"https:\/\/sites.usp.br\/boletimoipp\/wp-content\/uploads\/sites\/823\/2023\/09\/Correia_junho_2023-1.pdf\" target=\"_blank\" rel=\"noopener\">Desertos de not\u00edcias e as novas fronteiras do jornalismo no Nordeste<\/a><\/span><\/p>\n<p><span style=\"color: #999999;\">Mariama Correia<\/span><\/p>\n<p><span style=\"color: #000000;\"><a style=\"color: #000000;\" href=\"https:\/\/sites.usp.br\/boletimoipp\/wp-content\/uploads\/sites\/823\/2023\/09\/Alvez_Silva_junho_2023-1.pdf\" target=\"_blank\" rel=\"noopener\">Understanding citizen information dynamics and barriers: Crossroads of Political Science and Public Policy<\/a><\/span><\/p>\n<p><span style=\"color: #999999;\">Guilherme Queiroz Alves, Ergon Cugler de Moraes Silva<\/span><\/p>\n<p>&nbsp;<\/p>\n<p>&nbsp;<\/p>\n","protected":false},"excerpt":{"rendered":"<p>Publicado em 27\/09\/2023 Do teatro para a televis\u00e3o. Uma reflex\u00e3o sobre a forma de atua\u00e7\u00e3o c\u00eanica na prepara\u00e7\u00e3o pedag\u00f3gica Carlos Cinquegrana Jr., Stephanie de Brito Leal Desertos de not\u00edcias e as novas fronteiras do jornalismo no Nordeste Mariama Correia Understanding citizen information dynamics and barriers: Crossroads of Political Science and Public Policy Guilherme Queiroz Alves, [&hellip;]<\/p>\n","protected":false},"author":22000,"featured_media":0,"parent":0,"menu_order":0,"comment_status":"closed","ping_status":"closed","template":"","meta":{"_monsterinsights_skip_tracking":false,"_monsterinsights_sitenote_active":false,"_monsterinsights_sitenote_note":"","_monsterinsights_sitenote_category":0,"footnotes":"","_links_to":"","_links_to_target":""},"class_list":["post-1212","page","type-page","status-publish","hentry"],"_links":{"self":[{"href":"https:\/\/sites.usp.br\/boletimoipp\/wp-json\/wp\/v2\/pages\/1212","targetHints":{"allow":["GET"]}}],"collection":[{"href":"https:\/\/sites.usp.br\/boletimoipp\/wp-json\/wp\/v2\/pages"}],"about":[{"href":"https:\/\/sites.usp.br\/boletimoipp\/wp-json\/wp\/v2\/types\/page"}],"author":[{"embeddable":true,"href":"https:\/\/sites.usp.br\/boletimoipp\/wp-json\/wp\/v2\/users\/22000"}],"replies":[{"embeddable":true,"href":"https:\/\/sites.usp.br\/boletimoipp\/wp-json\/wp\/v2\/comments?post=1212"}],"version-history":[{"count":3,"href":"https:\/\/sites.usp.br\/boletimoipp\/wp-json\/wp\/v2\/pages\/1212\/revisions"}],"predecessor-version":[{"id":1221,"href":"https:\/\/sites.usp.br\/boletimoipp\/wp-json\/wp\/v2\/pages\/1212\/revisions\/1221"}],"wp:attachment":[{"href":"https:\/\/sites.usp.br\/boletimoipp\/wp-json\/wp\/v2\/media?parent=1212"}],"curies":[{"name":"wp","href":"https:\/\/api.w.org\/{rel}","templated":true}]}}