{"id":155,"date":"2020-09-23T14:22:14","date_gmt":"2020-09-23T16:22:14","guid":{"rendered":"https:\/\/sites.usp.br\/boletimoipp\/?page_id=155"},"modified":"2022-01-30T22:47:03","modified_gmt":"2022-01-31T00:47:03","slug":"edicao-de-maio-de-2020","status":"publish","type":"page","link":"https:\/\/sites.usp.br\/boletimoipp\/edicao-de-maio-de-2020\/","title":{"rendered":"Maio de 2020"},"content":{"rendered":"<h5><span style=\"color: #000000;\"><strong>N\u00famero inaugural\u00a0 especial\u00a0 sobre pol\u00edticas p\u00fablicas e COVID-19<\/strong><\/span><\/h5>\n<p><a href=\"https:\/\/sites.usp.br\/boletimoipp\/wp-content\/uploads\/sites\/823\/2021\/10\/Boletim_OIPP_maio_2020_Completo.pdf\" target=\"_blank\" rel=\"noopener noreferrer\"><img loading=\"lazy\" decoding=\"async\" class=\"alignnone wp-image-152 size-medium\" src=\"https:\/\/sites.usp.br\/boletimoipp\/wp-content\/uploads\/sites\/823\/2020\/09\/maio_2020-1-213x300.jpg\" alt=\"\" width=\"213\" height=\"300\" srcset=\"https:\/\/sites.usp.br\/boletimoipp\/wp-content\/uploads\/sites\/823\/2020\/09\/maio_2020-1-213x300.jpg 213w, https:\/\/sites.usp.br\/boletimoipp\/wp-content\/uploads\/sites\/823\/2020\/09\/maio_2020-1-400x562.jpg 400w, https:\/\/sites.usp.br\/boletimoipp\/wp-content\/uploads\/sites\/823\/2020\/09\/maio_2020-1.jpg 567w\" sizes=\"auto, (max-width: 213px) 100vw, 213px\" \/><\/a><\/p>\n<p>Publicado: 30\/05\/2020<\/p>\n<hr \/>\n<h6><strong><span style=\"color: #000000;\">Artigos<\/span><\/strong><\/h6>\n<p><span style=\"color: #000000;\"><strong><a style=\"color: #000000;\" href=\"https:\/\/sites.usp.br\/boletimoipp\/wp-content\/uploads\/sites\/823\/2020\/09\/Carta-dos-Editores.pdf\">Carta dos Editores<\/a><\/strong><\/span><\/p>\n<p><span style=\"color: #000000;\"><a style=\"color: #000000;\" href=\"https:\/\/sites.usp.br\/boletimoipp\/wp-content\/uploads\/sites\/823\/2020\/09\/Peres_Santos_2020.pdf\" target=\"_blank\" rel=\"noopener noreferrer\">A crise de financiamento dos estados e munic\u00edpios brasileiros e a import\u00e2ncia da coordena\u00e7\u00e3o federal para o enfrentamento da Covid-19<\/a><\/span><\/p>\n<p><span style=\"color: #999999;\">Ursula Dias Peres e F\u00e1bio Pereira dos Santos<\/span><\/p>\n<p><span style=\"color: #000000;\"><a style=\"color: #000000;\" href=\"https:\/\/sites.usp.br\/boletimoipp\/wp-content\/uploads\/sites\/823\/2021\/10\/Boletim_OIPP_maio_2020_Ferreira-1.pdf\" target=\"_blank\" rel=\"noopener\">O Aux\u00edlio Emergencial \u2014 uma via expressa para a renda b\u00e1sica universal?<\/a><\/span><\/p>\n<p><span style=\"color: #999999;\">Leandro Teodoro Ferreira<\/span><\/p>\n<p><span style=\"color: #000000;\"><a style=\"color: #000000;\" href=\"https:\/\/sites.usp.br\/boletimoipp\/wp-content\/uploads\/sites\/823\/2020\/09\/Silva_2020.pdf\" target=\"_blank\" rel=\"noopener noreferrer\">Pandemia e narrativas: uma crise multidimensional<\/a><\/span><\/p>\n<p><span style=\"color: #999999;\">Ergon Cugler de Moraes Silva<\/span><\/p>\n<p><span style=\"color: #000000;\"><a style=\"color: #000000;\" href=\"https:\/\/sites.usp.br\/boletimoipp\/wp-content\/uploads\/sites\/823\/2020\/09\/Valentin_2020.pdf\" target=\"_blank\" rel=\"noopener noreferrer\">Am\u00e9rica Latina em tempos de Covid-19: uma an\u00e1lise comparada das pol\u00edticas de transfer\u00eancia de renda e garantia de emprego<\/a><\/span><\/p>\n<p><span style=\"color: #999999;\">Agnaldo Valentin, Andr\u00e9 Gal Mountian, Jo\u00e3o Guilherme Rocha Machado, Caio Scaravajar Oliveira, Felipe Jose Miguel Garcia, Gabriel da Silva Benetti, Julia Luiz Teles Caetano<sup>\u00a0<\/sup>e Sara Rebeca Soares Mendes<\/span><\/p>\n<p>&nbsp;<\/p>\n<p><a href=\"#_ftnref1\" name=\"_ftn1\"><\/a><\/p>\n","protected":false},"excerpt":{"rendered":"<p>N\u00famero inaugural\u00a0 especial\u00a0 sobre pol\u00edticas p\u00fablicas e COVID-19 Publicado: 30\/05\/2020 Artigos Carta dos Editores A crise de financiamento dos estados e munic\u00edpios brasileiros e a import\u00e2ncia da coordena\u00e7\u00e3o federal para o enfrentamento da Covid-19 Ursula Dias Peres e F\u00e1bio Pereira dos Santos O Aux\u00edlio Emergencial \u2014 uma via expressa para a renda b\u00e1sica universal? Leandro [&hellip;]<\/p>\n","protected":false},"author":22000,"featured_media":0,"parent":0,"menu_order":0,"comment_status":"closed","ping_status":"closed","template":"","meta":{"_monsterinsights_skip_tracking":false,"_monsterinsights_sitenote_active":false,"_monsterinsights_sitenote_note":"","_monsterinsights_sitenote_category":0,"footnotes":"","_links_to":"","_links_to_target":""},"class_list":["post-155","page","type-page","status-publish","hentry"],"_links":{"self":[{"href":"https:\/\/sites.usp.br\/boletimoipp\/wp-json\/wp\/v2\/pages\/155","targetHints":{"allow":["GET"]}}],"collection":[{"href":"https:\/\/sites.usp.br\/boletimoipp\/wp-json\/wp\/v2\/pages"}],"about":[{"href":"https:\/\/sites.usp.br\/boletimoipp\/wp-json\/wp\/v2\/types\/page"}],"author":[{"embeddable":true,"href":"https:\/\/sites.usp.br\/boletimoipp\/wp-json\/wp\/v2\/users\/22000"}],"replies":[{"embeddable":true,"href":"https:\/\/sites.usp.br\/boletimoipp\/wp-json\/wp\/v2\/comments?post=155"}],"version-history":[{"count":6,"href":"https:\/\/sites.usp.br\/boletimoipp\/wp-json\/wp\/v2\/pages\/155\/revisions"}],"predecessor-version":[{"id":863,"href":"https:\/\/sites.usp.br\/boletimoipp\/wp-json\/wp\/v2\/pages\/155\/revisions\/863"}],"wp:attachment":[{"href":"https:\/\/sites.usp.br\/boletimoipp\/wp-json\/wp\/v2\/media?parent=155"}],"curies":[{"name":"wp","href":"https:\/\/api.w.org\/{rel}","templated":true}]}}