{"id":461,"date":"2020-11-30T00:24:50","date_gmt":"2020-11-30T02:24:50","guid":{"rendered":"https:\/\/sites.usp.br\/boletimoipp\/?page_id=461"},"modified":"2021-11-30T14:53:18","modified_gmt":"2021-11-30T16:53:18","slug":"outubro-de-2020","status":"publish","type":"page","link":"https:\/\/sites.usp.br\/boletimoipp\/outubro-de-2020\/","title":{"rendered":"Outubro de 2020"},"content":{"rendered":"<p><a href=\"https:\/\/sites.usp.br\/boletimoipp\/wp-content\/uploads\/sites\/823\/2021\/11\/Boletim_OIPP_outubro_2020_com-ISSN-1.pdf\" target=\"_blank\" rel=\"noopener\"><img loading=\"lazy\" decoding=\"async\" class=\"alignnone wp-image-410 size-medium\" src=\"https:\/\/sites.usp.br\/boletimoipp\/wp-content\/uploads\/sites\/823\/2020\/10\/outubro_capa-1-212x300.png\" alt=\"\" width=\"212\" height=\"300\" srcset=\"https:\/\/sites.usp.br\/boletimoipp\/wp-content\/uploads\/sites\/823\/2020\/10\/outubro_capa-1-212x300.png 212w, https:\/\/sites.usp.br\/boletimoipp\/wp-content\/uploads\/sites\/823\/2020\/10\/outubro_capa-1-400x567.png 400w, https:\/\/sites.usp.br\/boletimoipp\/wp-content\/uploads\/sites\/823\/2020\/10\/outubro_capa-1.png 564w\" sizes=\"auto, (max-width: 212px) 100vw, 212px\" \/><\/a><\/p>\n<p>Publicado: 30\/10\/2020<\/p>\n<hr \/>\n<h6><span style=\"color: #000000;\"><strong>Artigos<\/strong><\/span><\/h6>\n<p><strong>An\u00e1lise de Conjuntura<\/strong><\/p>\n<p><span style=\"color: #000000;\"><a style=\"color: #000000;\" href=\"https:\/\/sites.usp.br\/boletimoipp\/wp-content\/uploads\/sites\/823\/2020\/10\/Collado_el_al.pdf\" target=\"_blank\" rel=\"noopener noreferrer\">Efeitos da pandemia sobre as empresas no Brasil<\/a><\/span><\/p>\n<p><span style=\"color: #999999;\">Let\u00edcia Figueiredo Collado, Marcelo Nakamura Saito, Carla Graciane dos Santos, Agnaldo Valentin, Andr\u00e9 Gal Mountian<\/span><\/p>\n<p><strong>Pesquisas em Pol\u00edticas P\u00fablicas<\/strong><\/p>\n<p><a href=\"https:\/\/sites.usp.br\/boletimoipp\/wp-content\/uploads\/sites\/823\/2020\/10\/Chaves_Mancuso.pdf\" target=\"_blank\" rel=\"noopener noreferrer\"><span style=\"color: #000000;\">Ra\u00e7a e g\u00eanero nas elei\u00e7\u00f5es brasileiras: uma an\u00e1lise sobre a corrida eleitoral de 2018<\/span><\/a><\/p>\n<p><span style=\"color: #999999;\">Beatriz Mendes Chaves, Wagner Pralon Mancuso<\/span><\/p>\n<p><strong><span style=\"color: black;\">Sociedade, Pol\u00edticas P\u00fablicas e Gest\u00e3o Governamental<\/span><\/strong><\/p>\n<p><span style=\"color: #000000;\"><a style=\"color: #000000;\" href=\"https:\/\/sites.usp.br\/boletimoipp\/wp-content\/uploads\/sites\/823\/2020\/10\/Cruz.pdf\" target=\"_blank\" rel=\"noopener noreferrer\">Invisibilidades: suic\u00eddio de pessoas trans e pol\u00edticas p\u00fablicas<\/a><\/span><\/p>\n<p><span style=\"color: #999999;\">Elizabete Franco Cruz<\/span><\/p>\n<p><span style=\"color: #000000;\"><a style=\"color: #000000;\" href=\"https:\/\/sites.usp.br\/boletimoipp\/wp-content\/uploads\/sites\/823\/2020\/10\/Sodre_Machado.pdf\" target=\"_blank\" rel=\"noopener noreferrer\">Um panorama das desigualdades contempor\u00e2neas do Brasil a partir da leitura cr\u00edtica de Wright Mills<\/a><\/span><\/p>\n<p><span style=\"color: #999999;\">Sofia Sodr\u00e9, Jorge Machado<\/span><\/p>\n","protected":false},"excerpt":{"rendered":"<p>Publicado: 30\/10\/2020 Artigos An\u00e1lise de Conjuntura Efeitos da pandemia sobre as empresas no Brasil Let\u00edcia Figueiredo Collado, Marcelo Nakamura Saito, Carla Graciane dos Santos, Agnaldo Valentin, Andr\u00e9 Gal Mountian Pesquisas em Pol\u00edticas P\u00fablicas Ra\u00e7a e g\u00eanero nas elei\u00e7\u00f5es brasileiras: uma an\u00e1lise sobre a corrida eleitoral de 2018 Beatriz Mendes Chaves, Wagner Pralon Mancuso Sociedade, Pol\u00edticas [&hellip;]<\/p>\n","protected":false},"author":22000,"featured_media":0,"parent":0,"menu_order":0,"comment_status":"closed","ping_status":"closed","template":"","meta":{"_monsterinsights_skip_tracking":false,"_monsterinsights_sitenote_active":false,"_monsterinsights_sitenote_note":"","_monsterinsights_sitenote_category":0,"footnotes":"","_links_to":"","_links_to_target":""},"class_list":["post-461","page","type-page","status-publish","hentry"],"_links":{"self":[{"href":"https:\/\/sites.usp.br\/boletimoipp\/wp-json\/wp\/v2\/pages\/461","targetHints":{"allow":["GET"]}}],"collection":[{"href":"https:\/\/sites.usp.br\/boletimoipp\/wp-json\/wp\/v2\/pages"}],"about":[{"href":"https:\/\/sites.usp.br\/boletimoipp\/wp-json\/wp\/v2\/types\/page"}],"author":[{"embeddable":true,"href":"https:\/\/sites.usp.br\/boletimoipp\/wp-json\/wp\/v2\/users\/22000"}],"replies":[{"embeddable":true,"href":"https:\/\/sites.usp.br\/boletimoipp\/wp-json\/wp\/v2\/comments?post=461"}],"version-history":[{"count":5,"href":"https:\/\/sites.usp.br\/boletimoipp\/wp-json\/wp\/v2\/pages\/461\/revisions"}],"predecessor-version":[{"id":837,"href":"https:\/\/sites.usp.br\/boletimoipp\/wp-json\/wp\/v2\/pages\/461\/revisions\/837"}],"wp:attachment":[{"href":"https:\/\/sites.usp.br\/boletimoipp\/wp-json\/wp\/v2\/media?parent=461"}],"curies":[{"name":"wp","href":"https:\/\/api.w.org\/{rel}","templated":true}]}}