{"id":524,"date":"2021-01-31T11:53:25","date_gmt":"2021-01-31T13:53:25","guid":{"rendered":"https:\/\/sites.usp.br\/boletimoipp\/?page_id=524"},"modified":"2021-11-30T14:48:33","modified_gmt":"2021-11-30T16:48:33","slug":"dezembro-de-2020","status":"publish","type":"page","link":"https:\/\/sites.usp.br\/boletimoipp\/dezembro-de-2020\/","title":{"rendered":"Dezembro de 2020"},"content":{"rendered":"<p><a href=\"https:\/\/sites.usp.br\/boletimoipp\/wp-content\/uploads\/sites\/823\/2021\/11\/Boletim_OIPP_dez_2020_com-ISSN.pdf\" target=\"_blank\" rel=\"noopener\"><img loading=\"lazy\" decoding=\"async\" class=\"alignnone wp-image-540 size-medium\" src=\"https:\/\/sites.usp.br\/boletimoipp\/wp-content\/uploads\/sites\/823\/2021\/01\/capa-1-213x300.jpg\" alt=\"\" width=\"213\" height=\"300\" srcset=\"https:\/\/sites.usp.br\/boletimoipp\/wp-content\/uploads\/sites\/823\/2021\/01\/capa-1-213x300.jpg 213w, https:\/\/sites.usp.br\/boletimoipp\/wp-content\/uploads\/sites\/823\/2021\/01\/capa-1-400x564.jpg 400w, https:\/\/sites.usp.br\/boletimoipp\/wp-content\/uploads\/sites\/823\/2021\/01\/capa-1.jpg 567w\" sizes=\"auto, (max-width: 213px) 100vw, 213px\" \/><\/a><\/p>\n<p>Publicado: 23\/12\/2020<\/p>\n<hr \/>\n<h6><span style=\"color: #000000;\"><strong>Artigos<\/strong><\/span><\/h6>\n<p><strong><span style=\"color: #000000;\"><a style=\"color: #000000;\" href=\"https:\/\/sites.usp.br\/boletimoipp\/wp-content\/uploads\/sites\/823\/2021\/01\/carta-dos-editores_dez_2020.pdf\">Carta dos editores<\/a><\/span><\/strong><\/p>\n<p><strong>Estado e Pol\u00edticas Econ\u00f4micas p\u00f3s-pandemia<\/strong><\/p>\n<p><span style=\"color: #000000;\"><a style=\"color: #000000;\" href=\"https:\/\/sites.usp.br\/boletimoipp\/wp-content\/uploads\/sites\/823\/2021\/01\/Cardoso_dez_2020.pdf\" target=\"_blank\" rel=\"noopener\">Estado, pol\u00edticas p\u00fablicas e o contexto p\u00f3s-pandemia: breves reflex\u00f5es<\/a><\/span><\/p>\n<p><span style=\"color: #999999;\">Fernanda Graziella Cardoso<\/span><\/p>\n<p><strong>Um novo mundo do Trabalho: Uberiza\u00e7\u00e3o e Precariza\u00e7\u00e3o<\/strong><\/p>\n<p><span style=\"color: #000000;\"><a style=\"color: #000000;\" href=\"https:\/\/sites.usp.br\/boletimoipp\/wp-content\/uploads\/sites\/823\/2021\/01\/Galo_dez_2020.pdf\" target=\"_blank\" rel=\"noopener\">Entregadores Antifascistas e a luta por direitos<\/a><\/span><\/p>\n<p><span style=\"color: #999999;\">Paulo Galo<\/span><\/p>\n<p><span style=\"color: #000000;\"><a style=\"color: #000000;\" href=\"https:\/\/sites.usp.br\/boletimoipp\/wp-content\/uploads\/sites\/823\/2021\/01\/Bergamin_dez_2020.pdf\" target=\"_blank\" rel=\"noopener\">Os desafios do Trabalho contempor\u00e2neo: entre a submiss\u00e3o e a inven\u00e7\u00e3o do futuro<\/a><\/span><\/p>\n<p><span style=\"color: #999999;\">Marta Aguiar Bergamin<\/span><\/p>\n<p><strong>Os desafios da Educa\u00e7\u00e3o no p\u00f3s-pandemia<\/strong><\/p>\n<p><span style=\"color: #000000;\"><a style=\"color: #000000;\" href=\"https:\/\/sites.usp.br\/boletimoipp\/wp-content\/uploads\/sites\/823\/2021\/01\/Costin_dez_2020.pdf\" target=\"_blank\" rel=\"noopener\">Educa\u00e7\u00e3o p\u00fablica: Qualidade antes e p\u00f3s-pandemia da COVID-19<\/a><\/span><\/p>\n<p><span style=\"color: #999999;\">Claudia Costin<\/span><\/p>\n","protected":false},"excerpt":{"rendered":"<p>Publicado: 23\/12\/2020 Artigos Carta dos editores Estado e Pol\u00edticas Econ\u00f4micas p\u00f3s-pandemia Estado, pol\u00edticas p\u00fablicas e o contexto p\u00f3s-pandemia: breves reflex\u00f5es Fernanda Graziella Cardoso Um novo mundo do Trabalho: Uberiza\u00e7\u00e3o e Precariza\u00e7\u00e3o Entregadores Antifascistas e a luta por direitos Paulo Galo Os desafios do Trabalho contempor\u00e2neo: entre a submiss\u00e3o e a inven\u00e7\u00e3o do futuro Marta Aguiar [&hellip;]<\/p>\n","protected":false},"author":22000,"featured_media":0,"parent":0,"menu_order":0,"comment_status":"closed","ping_status":"closed","template":"","meta":{"_monsterinsights_skip_tracking":false,"_monsterinsights_sitenote_active":false,"_monsterinsights_sitenote_note":"","_monsterinsights_sitenote_category":0,"footnotes":"","_links_to":"","_links_to_target":""},"class_list":["post-524","page","type-page","status-publish","hentry"],"_links":{"self":[{"href":"https:\/\/sites.usp.br\/boletimoipp\/wp-json\/wp\/v2\/pages\/524","targetHints":{"allow":["GET"]}}],"collection":[{"href":"https:\/\/sites.usp.br\/boletimoipp\/wp-json\/wp\/v2\/pages"}],"about":[{"href":"https:\/\/sites.usp.br\/boletimoipp\/wp-json\/wp\/v2\/types\/page"}],"author":[{"embeddable":true,"href":"https:\/\/sites.usp.br\/boletimoipp\/wp-json\/wp\/v2\/users\/22000"}],"replies":[{"embeddable":true,"href":"https:\/\/sites.usp.br\/boletimoipp\/wp-json\/wp\/v2\/comments?post=524"}],"version-history":[{"count":5,"href":"https:\/\/sites.usp.br\/boletimoipp\/wp-json\/wp\/v2\/pages\/524\/revisions"}],"predecessor-version":[{"id":835,"href":"https:\/\/sites.usp.br\/boletimoipp\/wp-json\/wp\/v2\/pages\/524\/revisions\/835"}],"wp:attachment":[{"href":"https:\/\/sites.usp.br\/boletimoipp\/wp-json\/wp\/v2\/media?parent=524"}],"curies":[{"name":"wp","href":"https:\/\/api.w.org\/{rel}","templated":true}]}}