{"id":907,"date":"2022-03-30T14:13:51","date_gmt":"2022-03-30T16:13:51","guid":{"rendered":"https:\/\/sites.usp.br\/boletimoipp\/?page_id=907"},"modified":"2022-03-30T14:19:23","modified_gmt":"2022-03-30T16:19:23","slug":"fevereiro-de-2022","status":"publish","type":"page","link":"https:\/\/sites.usp.br\/boletimoipp\/fevereiro-de-2022\/","title":{"rendered":"Fevereiro de 2022"},"content":{"rendered":"<h5><a href=\"https:\/\/sites.usp.br\/boletimoipp\/wp-content\/uploads\/sites\/823\/2022\/02\/Boletim_OIPP_fevereiro_2022-1.pdf\" target=\"_blank\" rel=\"noopener\"><img loading=\"lazy\" decoding=\"async\" class=\"alignnone wp-image-886 size-medium\" src=\"https:\/\/sites.usp.br\/boletimoipp\/wp-content\/uploads\/sites\/823\/2022\/02\/capa-212x300.jpg\" alt=\"\" width=\"212\" height=\"300\" srcset=\"https:\/\/sites.usp.br\/boletimoipp\/wp-content\/uploads\/sites\/823\/2022\/02\/capa-212x300.jpg 212w, https:\/\/sites.usp.br\/boletimoipp\/wp-content\/uploads\/sites\/823\/2022\/02\/capa-400x565.jpg 400w, https:\/\/sites.usp.br\/boletimoipp\/wp-content\/uploads\/sites\/823\/2022\/02\/capa.jpg 565w\" sizes=\"auto, (max-width: 212px) 100vw, 212px\" \/><\/a><\/h5>\n<p>Publicado: 25\/02\/2022<\/p>\n<hr \/>\n<h6><span style=\"color: #000000;\"><strong>Artigos<\/strong><\/span><\/h6>\n<p><strong>Pesquisas em Pol\u00edticas P\u00fablicas<\/strong><\/p>\n<p><span style=\"color: #000000;\"><a style=\"color: #000000;\" href=\"https:\/\/sites.usp.br\/boletimoipp\/wp-content\/uploads\/sites\/823\/2022\/02\/Fontan_fev_2022.pdf\" target=\"_blank\" rel=\"noopener\">A gest\u00e3o e promo\u00e7\u00e3o do turismo cultural por parte de organiza\u00e7\u00f5es patrimoniais: o caso da Inglaterra<\/a><\/span><\/p>\n<p><span style=\"color: #999999;\">Andr\u00e9 Fontan K\u00f6hler<\/span><\/p>\n<p><a href=\"https:\/\/sites.usp.br\/boletimoipp\/wp-content\/uploads\/sites\/823\/2022\/02\/Ramalho_Sarti_fev_2022.pdf\" target=\"_blank\" rel=\"noopener\"><span style=\"color: #000000;\">Gest\u00e3o de Organiza\u00e7\u00f5es Sociais de sa\u00fade e cultura: An\u00e1lise comparativa da aloca\u00e7\u00e3o dos recursos no terceiro setor em S\u00e3o Paulo<\/span><\/a><\/p>\n<p><span style=\"color: #999999;\">J\u00falia Carvalho Adolphs Ramalho e Flavia Mori Sarti<\/span><\/p>\n<p><a href=\"https:\/\/sites.usp.br\/boletimoipp\/wp-content\/uploads\/sites\/823\/2022\/02\/Edwirges_Santos_fev_2022.pdf\" target=\"_blank\" rel=\"noopener\"><span style=\"color: #000000;\">Mulheres negras na di\u00e1spora: o feminismo negro e a constru\u00e7\u00e3o dos sujeitos pol\u00edticos<\/span><\/a><\/p>\n<p><span style=\"color: #999999;\"><a style=\"color: #999999;\" href=\"#_Toc96348185\">Milena da Costa Edwirges e Gislene Aparecida dos Santos<\/a><\/span><\/p>\n<p><strong>Sociedade, Pol\u00edticas P\u00fablicas e Gest\u00e3o Governamental<\/strong><\/p>\n<p><a href=\"https:\/\/sites.usp.br\/boletimoipp\/wp-content\/uploads\/sites\/823\/2022\/02\/Gama_Peres_fev_2022-1.pdf\" target=\"_blank\" rel=\"noopener\"><span style=\"color: #000000;\">Constitui\u00e7\u00e3o, federalismo, regime de colabora\u00e7\u00e3o e a educa\u00e7\u00e3o ind\u00edgena no Brasil<\/span><\/a><\/p>\n<p><span style=\"color: #999999;\">Giliarde Benavinuto Albuquerque Cavalcante Virgulino Ribeiro Nascimento e Gama e \u00darsula\u00a0Dias Peres<\/span><\/p>\n<p>&nbsp;<\/p>\n","protected":false},"excerpt":{"rendered":"<p>Publicado: 25\/02\/2022 Artigos Pesquisas em Pol\u00edticas P\u00fablicas A gest\u00e3o e promo\u00e7\u00e3o do turismo cultural por parte de organiza\u00e7\u00f5es patrimoniais: o caso da Inglaterra Andr\u00e9 Fontan K\u00f6hler Gest\u00e3o de Organiza\u00e7\u00f5es Sociais de sa\u00fade e cultura: An\u00e1lise comparativa da aloca\u00e7\u00e3o dos recursos no terceiro setor em S\u00e3o Paulo J\u00falia Carvalho Adolphs Ramalho e Flavia Mori Sarti Mulheres [&hellip;]<\/p>\n","protected":false},"author":22000,"featured_media":0,"parent":0,"menu_order":0,"comment_status":"closed","ping_status":"closed","template":"","meta":{"_monsterinsights_skip_tracking":false,"_monsterinsights_sitenote_active":false,"_monsterinsights_sitenote_note":"","_monsterinsights_sitenote_category":0,"footnotes":"","_links_to":"","_links_to_target":""},"class_list":["post-907","page","type-page","status-publish","hentry"],"_links":{"self":[{"href":"https:\/\/sites.usp.br\/boletimoipp\/wp-json\/wp\/v2\/pages\/907","targetHints":{"allow":["GET"]}}],"collection":[{"href":"https:\/\/sites.usp.br\/boletimoipp\/wp-json\/wp\/v2\/pages"}],"about":[{"href":"https:\/\/sites.usp.br\/boletimoipp\/wp-json\/wp\/v2\/types\/page"}],"author":[{"embeddable":true,"href":"https:\/\/sites.usp.br\/boletimoipp\/wp-json\/wp\/v2\/users\/22000"}],"replies":[{"embeddable":true,"href":"https:\/\/sites.usp.br\/boletimoipp\/wp-json\/wp\/v2\/comments?post=907"}],"version-history":[{"count":2,"href":"https:\/\/sites.usp.br\/boletimoipp\/wp-json\/wp\/v2\/pages\/907\/revisions"}],"predecessor-version":[{"id":914,"href":"https:\/\/sites.usp.br\/boletimoipp\/wp-json\/wp\/v2\/pages\/907\/revisions\/914"}],"wp:attachment":[{"href":"https:\/\/sites.usp.br\/boletimoipp\/wp-json\/wp\/v2\/media?parent=907"}],"curies":[{"name":"wp","href":"https:\/\/api.w.org\/{rel}","templated":true}]}}