{"id":930,"date":"2022-05-02T11:17:21","date_gmt":"2022-05-02T13:17:21","guid":{"rendered":"https:\/\/sites.usp.br\/boletimoipp\/?page_id=930"},"modified":"2022-05-02T11:46:41","modified_gmt":"2022-05-02T13:46:41","slug":"marco-de-2022","status":"publish","type":"page","link":"https:\/\/sites.usp.br\/boletimoipp\/marco-de-2022\/","title":{"rendered":"Mar\u00e7o de 2022"},"content":{"rendered":"<h5><a href=\"https:\/\/sites.usp.br\/boletimoipp\/wp-content\/uploads\/sites\/823\/2022\/04\/Boletim_OIPP_marco_2022.pdf\" target=\"_blank\" rel=\"noopener\"><img loading=\"lazy\" decoding=\"async\" class=\"alignnone wp-image-915 size-medium\" src=\"https:\/\/sites.usp.br\/boletimoipp\/wp-content\/uploads\/sites\/823\/2022\/03\/capa-215x300.jpg\" alt=\"\" width=\"215\" height=\"300\" srcset=\"https:\/\/sites.usp.br\/boletimoipp\/wp-content\/uploads\/sites\/823\/2022\/03\/capa-215x300.jpg 215w, https:\/\/sites.usp.br\/boletimoipp\/wp-content\/uploads\/sites\/823\/2022\/03\/capa-400x558.jpg 400w, https:\/\/sites.usp.br\/boletimoipp\/wp-content\/uploads\/sites\/823\/2022\/03\/capa.jpg 566w\" sizes=\"auto, (max-width: 215px) 100vw, 215px\" \/><\/a><\/h5>\n<p>Publicado em 30\/03\/2022<\/p>\n<hr \/>\n<p><strong>Pesquisas em Pol\u00edticas P\u00fablicas<\/strong><\/p>\n<p><span style=\"color: #000000;\"><a style=\"color: #000000;\" href=\"https:\/\/sites.usp.br\/boletimoipp\/wp-content\/uploads\/sites\/823\/2022\/04\/Gombata_marco_2022.pdf\" target=\"_blank\" rel=\"noopener\">A atua\u00e7\u00e3o de m\u00e9dicos cubanos em programas da Venezuela, da Bol\u00edvia e do Brasil<\/a><\/span><\/p>\n<p><span style=\"color: #999999;\">Mars\u00edlea Gombata<\/span><\/p>\n<p><span style=\"color: #000000;\"><a style=\"color: #000000;\" href=\"https:\/\/sites.usp.br\/boletimoipp\/wp-content\/uploads\/sites\/823\/2022\/04\/Paredes_Bichir_marco_2022.pdf\" target=\"_blank\" rel=\"noopener\">Interseccionalidade e Pol\u00edticas P\u00fablicas: Articula\u00e7\u00f5es Poss\u00edveis<\/a><\/span><\/p>\n<p><span style=\"color: #999999;\">Marina Bergstrom Paredes, Renata Mirandola Bichir<\/span><\/p>\n<p><span style=\"color: #000000;\"><a style=\"color: #000000;\" href=\"https:\/\/sites.usp.br\/boletimoipp\/wp-content\/uploads\/sites\/823\/2022\/04\/Ribeiro_Vaz_marco_2022.pdf\" target=\"_blank\" rel=\"noopener\">Potenciais aplica\u00e7\u00f5es e benef\u00edcios na utiliza\u00e7\u00e3o de sistemas blockchain para a gest\u00e3o p\u00fablica<\/a><\/span><\/p>\n<p><span style=\"color: #999999;\">Anderson Ribeiro, Jos\u00e9 Carlos Vaz<\/span><\/p>\n<p><strong>Sociedade, Pol\u00edticas P\u00fablicas e Gest\u00e3o Governamental<\/strong><\/p>\n<p><a href=\"https:\/\/sites.usp.br\/boletimoipp\/wp-content\/uploads\/sites\/823\/2022\/04\/Pereira_Coelho_marco_2022.pdf\" target=\"_blank\" rel=\"noopener\"><span style=\"color: #000000;\">A Justi\u00e7a \u00c9 Cega (Para A Fuga De C\u00e9rebros): provoca\u00e7\u00f5es sobre a carreira docente na USP<\/span><\/a><\/p>\n<p><span style=\"color: #999999;\">Carlos de Brito Pereira, Fernando de S. Coelho<\/span><\/p>\n","protected":false},"excerpt":{"rendered":"<p>Publicado em 30\/03\/2022 Pesquisas em Pol\u00edticas P\u00fablicas A atua\u00e7\u00e3o de m\u00e9dicos cubanos em programas da Venezuela, da Bol\u00edvia e do Brasil Mars\u00edlea Gombata Interseccionalidade e Pol\u00edticas P\u00fablicas: Articula\u00e7\u00f5es Poss\u00edveis Marina Bergstrom Paredes, Renata Mirandola Bichir Potenciais aplica\u00e7\u00f5es e benef\u00edcios na utiliza\u00e7\u00e3o de sistemas blockchain para a gest\u00e3o p\u00fablica Anderson Ribeiro, Jos\u00e9 Carlos Vaz Sociedade, Pol\u00edticas [&hellip;]<\/p>\n","protected":false},"author":22000,"featured_media":0,"parent":0,"menu_order":0,"comment_status":"closed","ping_status":"closed","template":"","meta":{"_monsterinsights_skip_tracking":false,"_monsterinsights_sitenote_active":false,"_monsterinsights_sitenote_note":"","_monsterinsights_sitenote_category":0,"footnotes":"","_links_to":"","_links_to_target":""},"class_list":["post-930","page","type-page","status-publish","hentry"],"_links":{"self":[{"href":"https:\/\/sites.usp.br\/boletimoipp\/wp-json\/wp\/v2\/pages\/930","targetHints":{"allow":["GET"]}}],"collection":[{"href":"https:\/\/sites.usp.br\/boletimoipp\/wp-json\/wp\/v2\/pages"}],"about":[{"href":"https:\/\/sites.usp.br\/boletimoipp\/wp-json\/wp\/v2\/types\/page"}],"author":[{"embeddable":true,"href":"https:\/\/sites.usp.br\/boletimoipp\/wp-json\/wp\/v2\/users\/22000"}],"replies":[{"embeddable":true,"href":"https:\/\/sites.usp.br\/boletimoipp\/wp-json\/wp\/v2\/comments?post=930"}],"version-history":[{"count":3,"href":"https:\/\/sites.usp.br\/boletimoipp\/wp-json\/wp\/v2\/pages\/930\/revisions"}],"predecessor-version":[{"id":945,"href":"https:\/\/sites.usp.br\/boletimoipp\/wp-json\/wp\/v2\/pages\/930\/revisions\/945"}],"wp:attachment":[{"href":"https:\/\/sites.usp.br\/boletimoipp\/wp-json\/wp\/v2\/media?parent=930"}],"curies":[{"name":"wp","href":"https:\/\/api.w.org\/{rel}","templated":true}]}}