{"id":948,"date":"2022-05-31T12:35:06","date_gmt":"2022-05-31T14:35:06","guid":{"rendered":"https:\/\/sites.usp.br\/boletimoipp\/?page_id=948"},"modified":"2022-05-31T13:06:45","modified_gmt":"2022-05-31T15:06:45","slug":"abril-de-2022","status":"publish","type":"page","link":"https:\/\/sites.usp.br\/boletimoipp\/abril-de-2022\/","title":{"rendered":"Abril de 2022"},"content":{"rendered":"<p><a href=\"https:\/\/sites.usp.br\/boletimoipp\/wp-content\/uploads\/sites\/823\/2022\/05\/Boletim_OIPP_abril_2022-2.pdf\" target=\"_blank\" rel=\"noopener\"><img loading=\"lazy\" decoding=\"async\" class=\"alignnone wp-image-933 size-medium\" src=\"https:\/\/sites.usp.br\/boletimoipp\/wp-content\/uploads\/sites\/823\/2022\/05\/capa-213x300.jpg\" alt=\"\" width=\"213\" height=\"300\" srcset=\"https:\/\/sites.usp.br\/boletimoipp\/wp-content\/uploads\/sites\/823\/2022\/05\/capa-213x300.jpg 213w, https:\/\/sites.usp.br\/boletimoipp\/wp-content\/uploads\/sites\/823\/2022\/05\/capa-400x564.jpg 400w, https:\/\/sites.usp.br\/boletimoipp\/wp-content\/uploads\/sites\/823\/2022\/05\/capa.jpg 567w\" sizes=\"auto, (max-width: 213px) 100vw, 213px\" \/><\/a><\/p>\n<p>Publicado em 02\/05\/2022<\/p>\n<hr \/>\n<p><strong>Pesquisas em Pol\u00edticas P\u00fablicas<\/strong><\/p>\n<p><a href=\"https:\/\/sites.usp.br\/boletimoipp\/wp-content\/uploads\/sites\/823\/2022\/05\/Santos-et-al_abril_2022.pdf\" target=\"_blank\" rel=\"noopener\"><span style=\"color: #000000;\">O Brazilian Policy Agendas Project: Novos caminhos na EACH\/USP<\/span><\/a><\/p>\n<p><span style=\"color: #999999;\">Carina Aparecida Santos, Felipe Jos\u00e9 Miguel Garcia, Felipe Brasil, Gabriel Rodrigues dos Santos, Leandro Te\u00f3filo, Lorraine Saldanha Freitas de Souza<\/span><\/p>\n<p><strong>Sociedade, Pol\u00edticas P\u00fablicas e Gest\u00e3o Governamental<\/strong><\/p>\n<p><a href=\"https:\/\/sites.usp.br\/boletimoipp\/wp-content\/uploads\/sites\/823\/2022\/05\/Rizzi_abril_2022.pdf\" target=\"_blank\" rel=\"noopener\"><span style=\"color: #000000;\">Constituinte Chilena \u2013 parte 1<\/span><\/a><\/p>\n<p><span style=\"color: #999999;\">Ester Gammardella Rizzi<\/span><\/p>\n<p><a href=\"https:\/\/sites.usp.br\/boletimoipp\/wp-content\/uploads\/sites\/823\/2022\/05\/Honorato_abril_2022.pdf\" target=\"_blank\" rel=\"noopener\"><span style=\"color: #000000;\">A centralidade da burocracia estatal francesa na ocupa\u00e7\u00e3o e explora\u00e7\u00e3o de terras e povos estrangeiros: a forma\u00e7\u00e3o da \u201cm\u00e1quina colonial francesa\u201d e a participa\u00e7\u00e3o do pa\u00eds na \u201ccorrida pela Oceania\u201d<\/span><\/a><\/p>\n<p><span style=\"color: #999999;\">Felipe Antonio Honorato<\/span><\/p>\n<p><span style=\"color: #000000;\"><a style=\"color: #000000;\" href=\"https:\/\/sites.usp.br\/boletimoipp\/wp-content\/uploads\/sites\/823\/2022\/05\/Cinquegrana-Jr-et-al_abril_2022.pdf\" target=\"_blank\" rel=\"noopener\">R\u00e1dio e Televis\u00e3o no Brasil: uma vis\u00e3o constitucional<\/a><\/span><\/p>\n<p><span style=\"color: #999999;\">Carlos Cinquegrana Jr., Ot\u00e1vio Scalabrin H\u00fcbner, R\u00e1ira Rezende Daliberto, Igor Queiroz Souza, Jo\u00e3o Marcelo M. Rangel<\/span><\/p>\n<p>&nbsp;<\/p>\n","protected":false},"excerpt":{"rendered":"<p>Publicado em 02\/05\/2022 Pesquisas em Pol\u00edticas P\u00fablicas O Brazilian Policy Agendas Project: Novos caminhos na EACH\/USP Carina Aparecida Santos, Felipe Jos\u00e9 Miguel Garcia, Felipe Brasil, Gabriel Rodrigues dos Santos, Leandro Te\u00f3filo, Lorraine Saldanha Freitas de Souza Sociedade, Pol\u00edticas P\u00fablicas e Gest\u00e3o Governamental Constituinte Chilena \u2013 parte 1 Ester Gammardella Rizzi A centralidade da burocracia estatal [&hellip;]<\/p>\n","protected":false},"author":22000,"featured_media":0,"parent":0,"menu_order":0,"comment_status":"closed","ping_status":"closed","template":"","meta":{"_monsterinsights_skip_tracking":false,"_monsterinsights_sitenote_active":false,"_monsterinsights_sitenote_note":"","_monsterinsights_sitenote_category":0,"footnotes":"","_links_to":"","_links_to_target":""},"class_list":["post-948","page","type-page","status-publish","hentry"],"_links":{"self":[{"href":"https:\/\/sites.usp.br\/boletimoipp\/wp-json\/wp\/v2\/pages\/948","targetHints":{"allow":["GET"]}}],"collection":[{"href":"https:\/\/sites.usp.br\/boletimoipp\/wp-json\/wp\/v2\/pages"}],"about":[{"href":"https:\/\/sites.usp.br\/boletimoipp\/wp-json\/wp\/v2\/types\/page"}],"author":[{"embeddable":true,"href":"https:\/\/sites.usp.br\/boletimoipp\/wp-json\/wp\/v2\/users\/22000"}],"replies":[{"embeddable":true,"href":"https:\/\/sites.usp.br\/boletimoipp\/wp-json\/wp\/v2\/comments?post=948"}],"version-history":[{"count":3,"href":"https:\/\/sites.usp.br\/boletimoipp\/wp-json\/wp\/v2\/pages\/948\/revisions"}],"predecessor-version":[{"id":959,"href":"https:\/\/sites.usp.br\/boletimoipp\/wp-json\/wp\/v2\/pages\/948\/revisions\/959"}],"wp:attachment":[{"href":"https:\/\/sites.usp.br\/boletimoipp\/wp-json\/wp\/v2\/media?parent=948"}],"curies":[{"name":"wp","href":"https:\/\/api.w.org\/{rel}","templated":true}]}}