{"id":3678,"date":"2024-12-30T11:39:30","date_gmt":"2024-12-30T13:39:30","guid":{"rendered":"https:\/\/sites.usp.br\/bpeanimal\/?page_id=3678"},"modified":"2025-02-25T18:18:20","modified_gmt":"2025-02-25T20:18:20","slug":"ratas-contencion-para-la-realizacion-de-procedimientos-contencion-con-bolsa-plastica-tecnica-iv","status":"publish","type":"page","link":"https:\/\/sites.usp.br\/bpeanimal\/es\/boas-praticas-em-experimentacao-animal-espanol\/ratas\/ratas-manipulacion-y-contencion\/ratas-contencion-para-la-realizacion-de-procedimientos-contencion-con-bolsa-plastica-tecnica-iv\/","title":{"rendered":"Ratas &#8211; Manipulaci\u00f3n y contenci\u00f3n &#8211; Contenci\u00f3n con bolsa pl\u00e1stica \u2013 T\u00e9cnica IV"},"content":{"rendered":"\t\t<div data-elementor-type=\"wp-page\" data-elementor-id=\"3678\" class=\"elementor elementor-3678\" data-elementor-post-type=\"page\">\n\t\t\t\t\t\t<section class=\"elementor-section elementor-top-section elementor-element elementor-element-6245538 elementor-section-boxed elementor-section-height-default elementor-section-height-default\" data-id=\"6245538\" data-element_type=\"section\">\n\t\t\t\t\t\t<div class=\"elementor-container elementor-column-gap-default\">\n\t\t\t\t\t<div class=\"elementor-column elementor-col-100 elementor-top-column elementor-element elementor-element-3ee4669\" data-id=\"3ee4669\" data-element_type=\"column\">\n\t\t\t<div class=\"elementor-widget-wrap elementor-element-populated\">\n\t\t\t\t\t\t<div class=\"elementor-element elementor-element-afbd1d9 elementor-widget elementor-widget-html\" data-id=\"afbd1d9\" data-element_type=\"widget\" data-widget_type=\"html.default\">\n\t\t\t\t<div class=\"elementor-widget-container\">\n\t\t\t\t<div data-id=\"09c5ff2\" data-element_type=\"widget\" data-model-cid=\"c56\" class=\"elementor-element elementor-element-09c5ff2 elementor-element--toggle-edit-tools elementor-widget elementor-widget-polylang-language-switcher cpel-switcher--layout-horizontal cpel-switcher--align-right elementor-element-editable ui-resizable  cpel-switcher--aspect-ratio-43\" data-widget_type=\"polylang-language-switcher.default\" align=\"right\">\t<div class=\"elementor-widget-container\" align=\"right\">\r\n \t    <nav class=\"cpel-switcher__nav\"><ul class=\"cpel-switcher__list\"><li1 class=\"cpel-switcher__lang\"> \r\n \t      <!-- Link para a p\u00e1gina em pt - br -->\r\n \t    <a lang=\"pt-BR\" hreflang=\"pt-BR\" href=\"https:\/\/sites.usp.br\/bpeanimal\/pagina-inicial\/ratos\/ratos-manipulacao-e-contencao\/ratos-contencao-para-realizacao-de-procedimentos-contencao-com-saco-plastico-tecnica-iv\/\">\r\n \t    <b><span1 class=\"cpel-switcher__code\">Trocar idioma:<\/span1><span class=\"cpel-switcher__flag cpel-switcher__flag--br\"><img decoding=\"async\" src=\"data:image\/svg+xml;utf8,%3Csvg width='21' height='15' xmlns='http:\/\/www.w3.org\/2000\/svg' xmlns:xlink='http:\/\/www.w3.org\/1999\/xlink'%3E%3Cdefs%3E%3ClinearGradient x1='50%' y1='0%' x2='50%' y2='100%' id='a'%3E%3Cstop stop-color='%23FFF' offset='0%'\/%3E%3Cstop stop-color='%23F0F0F0' offset='100%'\/%3E%3C\/linearGradient%3E%3ClinearGradient x1='50%' y1='0%' x2='50%' y2='100%' id='b'%3E%3Cstop stop-color='%2305AB41' offset='0%'\/%3E%3Cstop stop-color='%23019C39' offset='100%'\/%3E%3C\/linearGradient%3E%3ClinearGradient x1='50%' y1='0%' x2='50%' y2='100%' id='d'%3E%3Cstop stop-color='%23053087' offset='0%'\/%3E%3Cstop stop-color='%23012877' offset='100%'\/%3E%3C\/linearGradient%3E%3Ccircle id='c' cx='3.5' cy='3.5' r='3.5'\/%3E%3C\/defs%3E%3Cg fill='none' fill-rule='evenodd'%3E%3Cpath fill='url(%23a)' d='M0 0h21v15H0z'\/%3E%3Cpath fill='url(%23b)' d='M0 0h21v15H0z'\/%3E%3Cpath d='M2.422 7.773c-.233-.15-.228-.398 0-.546l7.656-4.954a.85.85 0 01.844 0l7.656 4.954c.233.15.228.398 0 .546l-7.656 4.954a.85.85 0 01-.844 0L2.422 7.773z' fill='%23FDD216'\/%3E%3Cg transform='translate(7 4)'%3E%3Cmask id='e' fill='%23fff'%3E%3Cuse xlink:href='%23c'\/%3E%3C\/mask%3E%3Cuse fill='url(%23d)' xlink:href='%23c'\/%3E%3Cpath d='M-.1 2.974c.265-.215 1.463-.04 3.534.512 1.474.394 3.173 1.262 3.562 1.742l.314.388.778-.629-.315-.388c-.55-.68-2.421-1.636-4.081-2.079-2.586-.69-3.758-.86-4.422-.323l-.388.314.629.777.389-.314z' fill='%23FFF' fill-rule='nonzero' mask='url(%23e)'\/%3E%3C\/g%3E%3C\/g%3E%3C\/svg%3E\" alt=\"Portugu\u00eas\"><\/span><\/a><\/li1><\/b>\t<\/div>\r\n\t\t<div class=\"ui-resizable-handle ui-resizable-e\" style=\"z-index: 90;\"><\/div><div class=\"ui-resizable-handle ui-resizable-w\" style=\"z-index: 90;\"><\/div><\/div>\t\t<\/div>\n\t\t\t\t<\/div>\n\t\t\t\t\t<\/div>\n\t\t<\/div>\n\t\t\t\t\t<\/div>\n\t\t<\/section>\n\t\t\t\t<section class=\"elementor-section elementor-top-section elementor-element elementor-element-a06fbbf elementor-section-boxed elementor-section-height-default elementor-section-height-default\" data-id=\"a06fbbf\" data-element_type=\"section\">\n\t\t\t\t\t\t<div class=\"elementor-container elementor-column-gap-default\">\n\t\t\t\t\t<div class=\"elementor-column elementor-col-100 elementor-top-column elementor-element elementor-element-bf4f533\" data-id=\"bf4f533\" data-element_type=\"column\">\n\t\t\t<div class=\"elementor-widget-wrap elementor-element-populated\">\n\t\t\t\t\t\t<div class=\"elementor-element elementor-element-907bf76 elementor-widget elementor-widget-video\" data-id=\"907bf76\" data-element_type=\"widget\" data-settings=\"{&quot;youtube_url&quot;:&quot;https:\\\/\\\/youtu.be\\\/I0dVrMUYR2g&quot;,&quot;video_type&quot;:&quot;youtube&quot;,&quot;controls&quot;:&quot;yes&quot;}\" data-widget_type=\"video.default\">\n\t\t\t\t<div class=\"elementor-widget-container\">\n\t\t\t\t\t<div class=\"elementor-wrapper elementor-open-inline\">\n\t\t\t<div class=\"elementor-video\"><\/div>\t\t<\/div>\n\t\t\t\t<\/div>\n\t\t\t\t<\/div>\n\t\t\t\t\t<\/div>\n\t\t<\/div>\n\t\t\t\t\t<\/div>\n\t\t<\/section>\n\t\t\t\t<section class=\"elementor-section elementor-top-section elementor-element elementor-element-a88d501 elementor-section-boxed elementor-section-height-default elementor-section-height-default\" data-id=\"a88d501\" data-element_type=\"section\">\n\t\t\t\t\t\t<div class=\"elementor-container elementor-column-gap-default\">\n\t\t\t\t\t<div class=\"elementor-column elementor-col-100 elementor-top-column elementor-element elementor-element-68ac3fe\" data-id=\"68ac3fe\" data-element_type=\"column\">\n\t\t\t<div class=\"elementor-widget-wrap elementor-element-populated\">\n\t\t\t\t\t\t<div class=\"elementor-element elementor-element-c1618ff elementor-widget elementor-widget-heading\" data-id=\"c1618ff\" data-element_type=\"widget\" data-widget_type=\"heading.default\">\n\t\t\t\t<div class=\"elementor-widget-container\">\n\t\t\t<h2 class=\"elementor-heading-title elementor-size-default\">Contenci\u00f3n para la realizaci\u00f3n de procedimientos<\/h2>\t\t<\/div>\n\t\t\t\t<\/div>\n\t\t\t\t<div class=\"elementor-element elementor-element-299545a elementor-widget elementor-widget-heading\" data-id=\"299545a\" data-element_type=\"widget\" data-widget_type=\"heading.default\">\n\t\t\t\t<div class=\"elementor-widget-container\">\n\t\t\t<h2 class=\"elementor-heading-title elementor-size-default\">Contenci\u00f3n con bolsa pl\u00e1stica<\/h2>\t\t<\/div>\n\t\t\t\t<\/div>\n\t\t\t\t<div class=\"elementor-element elementor-element-4e6a2fd elementor-widget elementor-widget-text-editor\" data-id=\"4e6a2fd\" data-element_type=\"widget\" data-widget_type=\"text-editor.default\">\n\t\t\t\t<div class=\"elementor-widget-container\">\n\t\t\t\t\t\t\t<p><b>Materiales:<\/b><\/p><ul><li style=\"font-weight: 400;\" aria-level=\"1\"><span style=\"font-weight: 400;\">Guantes descartables para los procedimientos;<\/span><\/li><li style=\"font-weight: 400;\" aria-level=\"1\"><span style=\"font-weight: 400;\">Bata de laboratorio;<\/span><\/li><li style=\"font-weight: 400;\" aria-level=\"1\"><span style=\"font-weight: 400;\">Bolsa pl\u00e1stica para la contenci\u00f3n y un cierre de alambre o cord\u00f3n.<\/span><\/li><\/ul><p><strong>Procedimientos:<\/strong><\/p><ol><li style=\"font-weight: 400;\" aria-level=\"1\"><span style=\"font-weight: 400;\">Colocar una mano, de forma suave, pero firme, en el dorso del animal, envolver todo el t\u00f3rax, detr\u00e1s de los miembros tor\u00e1cicos de la rata;<\/span><\/li><li style=\"font-weight: 400;\" aria-level=\"1\"><span style=\"font-weight: 400;\">Posicione la cabeza de la rata dentro de la abertura de la bolsa pl\u00e1stica;<\/span><\/li><li style=\"font-weight: 400;\" aria-level=\"1\"><span style=\"font-weight: 400;\">Empuje gentilmente el cuerpo de la rata, garantizando que ingrese dentro de la bolsa pl\u00e1stica;<\/span><\/li><li style=\"font-weight: 400;\" aria-level=\"1\"><span style=\"font-weight: 400;\">Cierre la parte de atr\u00e1s de la bolsa con un alambre o cord\u00f3n;<\/span><\/li><li style=\"font-weight: 400;\" aria-level=\"1\"><span style=\"font-weight: 400;\">El animal ahora est\u00e1 restringido para la realizaci\u00f3n de procedimientos.<\/span><\/li><\/ol>\t\t\t\t\t\t<\/div>\n\t\t\t\t<\/div>\n\t\t\t\t<div class=\"elementor-element elementor-element-4ea0c0b elementor-widget elementor-widget-text-editor\" data-id=\"4ea0c0b\" data-element_type=\"widget\" data-widget_type=\"text-editor.default\">\n\t\t\t\t<div class=\"elementor-widget-container\">\n\t\t\t\t\t\t\t<p style=\"background-color: #fee8e8;\"><span style=\"color: #ff0000;\"><b>ATENCI\u00d3N<\/b><\/span><\/p><p style=\"background-color: #fee8e8;\"><span style=\"font-weight: 400; color: #ff0000;\">La bolsa pl\u00e1stica para la contenci\u00f3n debe tener una forma c\u00f3nica con las extremidades abiertas y debe ser del tama\u00f1o adecuado para que la rata quede completamente dentro de la misma (Figura siguiente)<\/span><span style=\"font-weight: 400; color: #ff0000;\">.<\/span><\/p>\t\t\t\t\t\t<\/div>\n\t\t\t\t<\/div>\n\t\t\t\t\t<\/div>\n\t\t<\/div>\n\t\t\t\t\t<\/div>\n\t\t<\/section>\n\t\t\t\t<section class=\"elementor-section elementor-top-section elementor-element elementor-element-b71abac elementor-section-boxed elementor-section-height-default elementor-section-height-default\" data-id=\"b71abac\" data-element_type=\"section\">\n\t\t\t\t\t\t<div class=\"elementor-container elementor-column-gap-default\">\n\t\t\t\t\t<div class=\"elementor-column elementor-col-100 elementor-top-column elementor-element elementor-element-e12a2c9\" data-id=\"e12a2c9\" data-element_type=\"column\">\n\t\t\t<div class=\"elementor-widget-wrap elementor-element-populated\">\n\t\t\t\t\t\t<div class=\"elementor-element elementor-element-87e374e elementor-widget elementor-widget-image\" data-id=\"87e374e\" data-element_type=\"widget\" data-widget_type=\"image.default\">\n\t\t\t\t<div class=\"elementor-widget-container\">\n\t\t\t\t\t\t\t\t\t\t<figure class=\"wp-caption\">\n\t\t\t\t\t\t\t\t\t\t<img decoding=\"async\" src=\"https:\/\/sites.usp.br\/bpeanimal\/wp-content\/uploads\/sites\/1236\/elementor\/thumbs\/figura5-q6vbfuryv0504her6zzufo7st6m7urva3yr8c0ywu0.png\" title=\"figura5\" alt=\"Exemplo de saco pl\u00e1stico.\" loading=\"lazy\" \/>\t\t\t\t\t\t\t\t\t\t\t<figcaption class=\"widget-image-caption wp-caption-text\">Ejemplo de bolsa pl\u00e1stica<\/figcaption>\n\t\t\t\t\t\t\t\t\t\t<\/figure>\n\t\t\t\t\t\t\t<\/div>\n\t\t\t\t<\/div>\n\t\t\t\t\t<\/div>\n\t\t<\/div>\n\t\t\t\t\t<\/div>\n\t\t<\/section>\n\t\t\t\t<\/div>\n\t\t","protected":false},"excerpt":{"rendered":"<p>Trocar idioma: Contenci\u00f3n para la realizaci\u00f3n de procedimientos Contenci\u00f3n con bolsa pl\u00e1stica Materiales: Guantes descartables para los procedimientos; Bata de laboratorio; Bolsa pl\u00e1stica para la contenci\u00f3n y un cierre de alambre o cord\u00f3n. Procedimientos: Colocar una mano, de forma suave, pero firme, en el dorso del animal, envolver todo el t\u00f3rax, detr\u00e1s de los miembros [&hellip;]<\/p>\n","protected":false},"author":23773,"featured_media":0,"parent":3911,"menu_order":26,"comment_status":"closed","ping_status":"closed","template":"","meta":{"_monsterinsights_skip_tracking":false,"_monsterinsights_sitenote_active":false,"_monsterinsights_sitenote_note":"","_monsterinsights_sitenote_category":0,"footnotes":"","_links_to":"","_links_to_target":""},"class_list":["post-3678","page","type-page","status-publish","hentry"],"_links":{"self":[{"href":"https:\/\/sites.usp.br\/bpeanimal\/wp-json\/wp\/v2\/pages\/3678","targetHints":{"allow":["GET"]}}],"collection":[{"href":"https:\/\/sites.usp.br\/bpeanimal\/wp-json\/wp\/v2\/pages"}],"about":[{"href":"https:\/\/sites.usp.br\/bpeanimal\/wp-json\/wp\/v2\/types\/page"}],"author":[{"embeddable":true,"href":"https:\/\/sites.usp.br\/bpeanimal\/wp-json\/wp\/v2\/users\/23773"}],"replies":[{"embeddable":true,"href":"https:\/\/sites.usp.br\/bpeanimal\/wp-json\/wp\/v2\/comments?post=3678"}],"version-history":[{"count":4,"href":"https:\/\/sites.usp.br\/bpeanimal\/wp-json\/wp\/v2\/pages\/3678\/revisions"}],"predecessor-version":[{"id":4625,"href":"https:\/\/sites.usp.br\/bpeanimal\/wp-json\/wp\/v2\/pages\/3678\/revisions\/4625"}],"up":[{"embeddable":true,"href":"https:\/\/sites.usp.br\/bpeanimal\/wp-json\/wp\/v2\/pages\/3911"}],"wp:attachment":[{"href":"https:\/\/sites.usp.br\/bpeanimal\/wp-json\/wp\/v2\/media?parent=3678"}],"curies":[{"name":"wp","href":"https:\/\/api.w.org\/{rel}","templated":true}]}}