{"id":911,"date":"2023-05-19T12:27:51","date_gmt":"2023-05-19T14:27:51","guid":{"rendered":"https:\/\/sites.usp.br\/bpeanimal\/?page_id=911"},"modified":"2025-01-12T13:25:38","modified_gmt":"2025-01-12T15:25:38","slug":"camundongos-administracao-de-substancias","status":"publish","type":"page","link":"https:\/\/sites.usp.br\/bpeanimal\/pagina-inicial\/camundongos\/camundongos-administracao-de-substancias\/","title":{"rendered":"Camundongos &#8211; Administra\u00e7\u00e3o de subst\u00e2ncias"},"content":{"rendered":"\t\t<div data-elementor-type=\"wp-page\" data-elementor-id=\"911\" class=\"elementor elementor-911\" data-elementor-post-type=\"page\">\n\t\t\t\t\t\t<section class=\"elementor-section elementor-top-section elementor-element elementor-element-9793df5 elementor-section-boxed elementor-section-height-default elementor-section-height-default\" data-id=\"9793df5\" data-element_type=\"section\">\n\t\t\t\t\t\t<div class=\"elementor-container elementor-column-gap-default\">\n\t\t\t\t\t<div class=\"elementor-column elementor-col-100 elementor-top-column elementor-element elementor-element-fe38e99\" data-id=\"fe38e99\" data-element_type=\"column\">\n\t\t\t<div class=\"elementor-widget-wrap elementor-element-populated\">\n\t\t\t\t\t\t<div class=\"elementor-element elementor-element-e066ea2 elementor-widget elementor-widget-text-editor\" data-id=\"e066ea2\" data-element_type=\"widget\" data-widget_type=\"text-editor.default\">\n\t\t\t\t<div class=\"elementor-widget-container\">\n\t\t\t\t\t\t\t<ul><li><a style=\"font-family: var( --e-global-typography-text-font-family ), Sans-serif; font-weight: var( --e-global-typography-text-font-weight );\" href=\"https:\/\/sites.usp.br\/bpeanimal\/camundongos-administracao-de-substancias-via-oral-gavagem\/\" target=\"_blank\" rel=\"noopener\">Via oral (gavagem)<\/a><\/li><li><a style=\"font-family: var( --e-global-typography-text-font-family ), Sans-serif; font-weight: var( --e-global-typography-text-font-weight );\" href=\"https:\/\/sites.usp.br\/bpeanimal\/camundongos-via-subcutanea-regiao-posterior-do-pescoco-entre-as-escapulas\/\" target=\"_blank\" rel=\"noopener\">Via subcut\u00e2nea \u2013 Regi\u00e3o Posterior do Pesco\u00e7o<\/a><\/li><li><a style=\"font-family: var( --e-global-typography-text-font-family ), Sans-serif; font-weight: var( --e-global-typography-text-font-weight );\" href=\"https:\/\/sites.usp.br\/bpeanimal\/camundongos-via-subcutanea-regiao-lombar-ou-flanco\/\" target=\"_blank\" rel=\"noopener\">Via subcut\u00e2nea \u2013 Regi\u00e3o lombar ou flanco<\/a><\/li><li><a style=\"font-family: var( --e-global-typography-text-font-family ), Sans-serif; font-weight: var( --e-global-typography-text-font-weight );\" href=\"https:\/\/sites.usp.br\/bpeanimal\/camundongos-via-plexo-retro-orbital\/\" target=\"_blank\" rel=\"noopener\">Via Plexo Retro-orbital<\/a><\/li><li><a style=\"font-family: var( --e-global-typography-text-font-family ), Sans-serif; font-weight: var( --e-global-typography-text-font-weight );\" href=\"https:\/\/sites.usp.br\/bpeanimal\/camundongos-via-intraperitoneal\/\" target=\"_blank\" rel=\"noopener\">Via Intraperitoneal<\/a><\/li><li><a style=\"font-family: var( --e-global-typography-text-font-family ), Sans-serif; font-weight: var( --e-global-typography-text-font-weight );\" href=\"https:\/\/sites.usp.br\/bpeanimal\/camundongos-via-intranasal\/\" target=\"_blank\" rel=\"noopener\">Via Intranasal<\/a><\/li><li><a style=\"font-family: var( --e-global-typography-text-font-family ), Sans-serif; font-weight: var( --e-global-typography-text-font-weight );\" href=\"https:\/\/sites.usp.br\/bpeanimal\/camundongos-via-intramuscular\/\" target=\"_blank\" rel=\"noopener\">Via Intramuscular<\/a><\/li><li><a href=\"https:\/\/sites.usp.br\/bpeanimal\/camundongos-veia-lateral-da-cauda\/\" target=\"_blank\" rel=\"noopener\">Veia lateral da cauda<\/a><\/li><\/ul>\t\t\t\t\t\t<\/div>\n\t\t\t\t<\/div>\n\t\t\t\t\t<\/div>\n\t\t<\/div>\n\t\t\t\t\t<\/div>\n\t\t<\/section>\n\t\t\t\t<\/div>\n\t\t","protected":false},"excerpt":{"rendered":"<p>Via oral (gavagem) Via subcut\u00e2nea \u2013 Regi\u00e3o Posterior do Pesco\u00e7o Via subcut\u00e2nea \u2013 Regi\u00e3o lombar ou flanco Via Plexo Retro-orbital Via Intraperitoneal Via Intranasal Via Intramuscular Veia lateral da cauda<\/p>\n","protected":false},"author":23608,"featured_media":0,"parent":932,"menu_order":27,"comment_status":"closed","ping_status":"closed","template":"","meta":{"_monsterinsights_skip_tracking":false,"_monsterinsights_sitenote_active":false,"_monsterinsights_sitenote_note":"","_monsterinsights_sitenote_category":0,"footnotes":"","_links_to":"","_links_to_target":""},"class_list":["post-911","page","type-page","status-publish","hentry"],"_links":{"self":[{"href":"https:\/\/sites.usp.br\/bpeanimal\/wp-json\/wp\/v2\/pages\/911","targetHints":{"allow":["GET"]}}],"collection":[{"href":"https:\/\/sites.usp.br\/bpeanimal\/wp-json\/wp\/v2\/pages"}],"about":[{"href":"https:\/\/sites.usp.br\/bpeanimal\/wp-json\/wp\/v2\/types\/page"}],"author":[{"embeddable":true,"href":"https:\/\/sites.usp.br\/bpeanimal\/wp-json\/wp\/v2\/users\/23608"}],"replies":[{"embeddable":true,"href":"https:\/\/sites.usp.br\/bpeanimal\/wp-json\/wp\/v2\/comments?post=911"}],"version-history":[{"count":4,"href":"https:\/\/sites.usp.br\/bpeanimal\/wp-json\/wp\/v2\/pages\/911\/revisions"}],"predecessor-version":[{"id":4435,"href":"https:\/\/sites.usp.br\/bpeanimal\/wp-json\/wp\/v2\/pages\/911\/revisions\/4435"}],"up":[{"embeddable":true,"href":"https:\/\/sites.usp.br\/bpeanimal\/wp-json\/wp\/v2\/pages\/932"}],"wp:attachment":[{"href":"https:\/\/sites.usp.br\/bpeanimal\/wp-json\/wp\/v2\/media?parent=911"}],"curies":[{"name":"wp","href":"https:\/\/api.w.org\/{rel}","templated":true}]}}