{"id":165,"date":"2014-05-13T12:36:29","date_gmt":"2014-05-13T15:36:29","guid":{"rendered":"http:\/\/sites.usp.brpadrao2\/?page_id=165"},"modified":"2022-08-05T22:47:41","modified_gmt":"2022-08-06T01:47:41","slug":"links","status":"publish","type":"page","link":"https:\/\/sites.usp.br\/c-nikkei\/links\/","title":{"rendered":"Links"},"content":{"rendered":"\t\t<div data-elementor-type=\"wp-post\" data-elementor-id=\"165\" class=\"elementor elementor-165\" data-elementor-post-type=\"page\">\n\t\t\t\t\t\t<section class=\"elementor-section elementor-top-section elementor-element elementor-element-350d6b38 elementor-section-boxed elementor-section-height-default elementor-section-height-default\" data-id=\"350d6b38\" data-element_type=\"section\">\n\t\t\t\t\t\t<div class=\"elementor-container elementor-column-gap-default\">\n\t\t\t\t\t<div class=\"elementor-column elementor-col-100 elementor-top-column elementor-element elementor-element-191840a4\" data-id=\"191840a4\" data-element_type=\"column\">\n\t\t\t<div class=\"elementor-widget-wrap elementor-element-populated\">\n\t\t\t\t\t\t<div class=\"elementor-element elementor-element-f2bef34 elementor-widget elementor-widget-heading\" data-id=\"f2bef34\" data-element_type=\"widget\" data-widget_type=\"heading.default\">\n\t\t\t\t<div class=\"elementor-widget-container\">\n\t\t\t<h2 class=\"elementor-heading-title elementor-size-default\">Links<\/h2>\t\t<\/div>\n\t\t\t\t<\/div>\n\t\t\t\t<div class=\"elementor-element elementor-element-4ad47b32 elementor-widget elementor-widget-text-editor\" data-id=\"4ad47b32\" data-element_type=\"widget\" data-widget_type=\"text-editor.default\">\n\t\t\t\t<div class=\"elementor-widget-container\">\n\t\t\t\t\t\t\t<h2 style=\"padding-left: 40px;\">\u00a0Sites com digitaliza\u00e7\u00e3o da mem\u00f3ria nikkei:<\/h2><p style=\"padding-left: 120px;\"><a href=\"https:\/\/tsuishi.wixsite.com\/imigracaojaponesa\">Imigra\u00e7\u00e3o Japonesa no Brasil: acervo liter\u00e1rio<\/a><\/p><p style=\"padding-left: 120px;\"><a href=\"https:\/\/tsuishi.wixsite.com\/brasiliminbunko\">\u30d6\u30e9\u30b8\u30eb\u79fb\u6c11\u6587\u5eab<\/a><\/p><p style=\"padding-left: 120px;\"><a href=\"https:\/\/imigrantesjaponeses.com.br\/\">Acervo da Imigra\u00e7\u00e3o Japonesa no Brasil<\/a><\/p>\t\t\t\t\t\t<\/div>\n\t\t\t\t<\/div>\n\t\t\t\t\t<\/div>\n\t\t<\/div>\n\t\t\t\t\t<\/div>\n\t\t<\/section>\n\t\t\t\t<\/div>\n\t\t","protected":false},"excerpt":{"rendered":"<p>Links \u00a0Sites com digitaliza\u00e7\u00e3o da mem\u00f3ria nikkei: Imigra\u00e7\u00e3o Japonesa no Brasil: acervo liter\u00e1rio \u30d6\u30e9\u30b8\u30eb\u79fb\u6c11\u6587\u5eab Acervo da Imigra\u00e7\u00e3o Japonesa no Brasil<\/p>\n","protected":false},"author":367,"featured_media":0,"parent":0,"menu_order":0,"comment_status":"closed","ping_status":"closed","template":"elementor_header_footer","meta":{"_monsterinsights_skip_tracking":false,"_monsterinsights_sitenote_active":false,"_monsterinsights_sitenote_note":"","_monsterinsights_sitenote_category":0,"footnotes":"","_links_to":"","_links_to_target":""},"class_list":["post-165","page","type-page","status-publish","hentry","entry"],"_links":{"self":[{"href":"https:\/\/sites.usp.br\/c-nikkei\/wp-json\/wp\/v2\/pages\/165","targetHints":{"allow":["GET"]}}],"collection":[{"href":"https:\/\/sites.usp.br\/c-nikkei\/wp-json\/wp\/v2\/pages"}],"about":[{"href":"https:\/\/sites.usp.br\/c-nikkei\/wp-json\/wp\/v2\/types\/page"}],"author":[{"embeddable":true,"href":"https:\/\/sites.usp.br\/c-nikkei\/wp-json\/wp\/v2\/users\/367"}],"replies":[{"embeddable":true,"href":"https:\/\/sites.usp.br\/c-nikkei\/wp-json\/wp\/v2\/comments?post=165"}],"version-history":[{"count":4,"href":"https:\/\/sites.usp.br\/c-nikkei\/wp-json\/wp\/v2\/pages\/165\/revisions"}],"predecessor-version":[{"id":2989,"href":"https:\/\/sites.usp.br\/c-nikkei\/wp-json\/wp\/v2\/pages\/165\/revisions\/2989"}],"wp:attachment":[{"href":"https:\/\/sites.usp.br\/c-nikkei\/wp-json\/wp\/v2\/media?parent=165"}],"curies":[{"name":"wp","href":"https:\/\/api.w.org\/{rel}","templated":true}]}}