{"id":140,"date":"2025-05-25T22:27:57","date_gmt":"2025-05-26T00:27:57","guid":{"rendered":"https:\/\/sites.usp.br\/cadernosccex\/?page_id=140"},"modified":"2026-08-20T14:16:56","modified_gmt":"2026-08-20T16:16:56","slug":"expediente","status":"publish","type":"page","link":"https:\/\/sites.usp.br\/cadernosccex\/expediente\/","title":{"rendered":"Expediente"},"content":{"rendered":"<h5><strong>Conselho Editorial<\/strong><\/h5>\n<p>O Conselho Editorial do Cadernos CCEx \u00e9 formado pelos(as) seguintes docentes da Escola de Artes e Humanidades da Universidade de S\u00e3o Paulo (EACH\/USP):<\/p>\n<div class=\"b4\">\n<div class=\"dl\">\n<div class=\"aIi\">\n<p>Andr\u00e9 Gal Mountian<\/p>\n<p>Cynthia Harumy Watanabe Correa<\/p>\n<p>K\u00e1thia Maria Honorio<\/p>\n<p>Marcelo Vilela de Almeida<\/p>\n<p>Marilia Velardi<\/p>\n<p>Silvio Yoshiro Mizuguchi Miyazaki<\/p>\n<h5><strong>Editor<\/strong><\/h5>\n<\/div>\n<\/div>\n<\/div>\n<p>Andr\u00e9 Gal Mountian<\/p>\n<h5><strong>Vice editor<\/strong><\/h5>\n<p class=\"LC20lb MBeuO DKV0Md\">Silvio Yoshiro Mizuguchi Miyazaki<\/p>\n<h5><strong>Periodicidade da publica\u00e7\u00e3o<\/strong><\/h5>\n<p>O Cadernos de Cultura e Extens\u00e3o tem periodicidade anual.<\/p>\n<h5><strong>Contato<\/strong><\/h5>\n<p>O Cadernos de Cultura e Extens\u00e3o \u00e9 uma iniciativa da Comiss\u00e3o de Cultura e Extens\u00e3o (CCEx) da Escola de Artes Ci\u00eancias e Humanidades da Universidade de S\u00e3o Paulo (EACH\/USP).<\/p>\n<p>A Escola de Artes Ci\u00eancias e Humanidades da Universidade de S\u00e3o Paulo (EACH\/USP) est\u00e1 localizada no campus da USP Leste da Universidade de S\u00e3o Paulo.<\/p>\n<div>Email: \u201ccadernos-each@usp.br\u201d<\/div>\n<div class=\"textwidget\">Rua Arlindo B\u00e9ttio, 1000<br \/>\nBairro: Vila Guaraciaba<br \/>\nS\u00e3o Paulo\/SP<br \/>\nCEP: 03828-000<\/div>\n","protected":false},"excerpt":{"rendered":"<p>Conselho Editorial O Conselho Editorial do Cadernos CCEx \u00e9 formado pelos(as) seguintes docentes da Escola de Artes e Humanidades da Universidade de S\u00e3o Paulo (EACH\/USP): Andr\u00e9 Gal Mountian Cynthia Harumy Watanabe Correa K\u00e1thia Maria Honorio Marcelo Vilela de Almeida Marilia Velardi Silvio Yoshiro Mizuguchi Miyazaki Editor Andr\u00e9 Gal Mountian Vice editor Silvio Yoshiro Mizuguchi Miyazaki [&hellip;]<\/p>\n","protected":false},"author":22000,"featured_media":0,"parent":0,"menu_order":0,"comment_status":"closed","ping_status":"closed","template":"","meta":{"footnotes":"","_links_to":"","_links_to_target":""},"class_list":["post-140","page","type-page","status-publish","hentry"],"_links":{"self":[{"href":"https:\/\/sites.usp.br\/cadernosccex\/wp-json\/wp\/v2\/pages\/140","targetHints":{"allow":["GET"]}}],"collection":[{"href":"https:\/\/sites.usp.br\/cadernosccex\/wp-json\/wp\/v2\/pages"}],"about":[{"href":"https:\/\/sites.usp.br\/cadernosccex\/wp-json\/wp\/v2\/types\/page"}],"author":[{"embeddable":true,"href":"https:\/\/sites.usp.br\/cadernosccex\/wp-json\/wp\/v2\/users\/22000"}],"replies":[{"embeddable":true,"href":"https:\/\/sites.usp.br\/cadernosccex\/wp-json\/wp\/v2\/comments?post=140"}],"version-history":[{"count":4,"href":"https:\/\/sites.usp.br\/cadernosccex\/wp-json\/wp\/v2\/pages\/140\/revisions"}],"predecessor-version":[{"id":267,"href":"https:\/\/sites.usp.br\/cadernosccex\/wp-json\/wp\/v2\/pages\/140\/revisions\/267"}],"wp:attachment":[{"href":"https:\/\/sites.usp.br\/cadernosccex\/wp-json\/wp\/v2\/media?parent=140"}],"curies":[{"name":"wp","href":"https:\/\/api.w.org\/{rel}","templated":true}]}}

<h5><strong>Conselho Editorial</strong></h5>
<p>O Conselho Editorial do Cadernos CCEx é formado pelos(as) seguintes docentes da Escola de Artes e Humanidades da Universidade de São Paulo (EACH/USP):</p>
<div class="b4">
<div class="dl">
<div class="aIi">
<p>André Gal Mountian</p>
<p>Cynthia Harumy Watanabe Correa</p>
<p>Káthia Maria Honorio</p>
<p>Marcelo Vilela de Almeida</p>
<p>Marilia Velardi</p>
<p>Silvio Yoshiro Mizuguchi Miyazaki</p>
<h5><strong>Editor</strong></h5>
</div>
</div>
</div>
<p>André Gal Mountian</p>
<h5><strong>Vice editor</strong></h5>
<p class="LC20lb MBeuO DKV0Md">Silvio Yoshiro Mizuguchi Miyazaki</p>
<h5><strong>Periodicidade da publicação</strong></h5>
<p>O Cadernos de Cultura e Extensão tem periodicidade anual.</p>
<h5><strong>Contato</strong></h5>
<p>O Cadernos de Cultura e Extensão é uma iniciativa da Comissão de Cultura e Extensão (CCEx) da Escola de Artes Ciências e Humanidades da Universidade de São Paulo (EACH/USP).</p>
<p>A Escola de Artes Ciências e Humanidades da Universidade de São Paulo (EACH/USP) está localizada no campus da USP Leste da Universidade de São Paulo.</p>
<div>Email: “cadernos-each@usp.br”</div>
<div class="textwidget">Rua Arlindo Béttio, 1000<br />
Bairro: Vila Guaraciaba<br />
São Paulo/SP<br />
CEP: 03828-000</div>

<p>Conselho Editorial O Conselho Editorial do Cadernos CCEx é formado pelos(as) seguintes docentes da Escola de Artes e Humanidades da Universidade de São Paulo (EACH/USP): André Gal Mountian Cynthia Harumy Watanabe Correa Káthia Maria Honorio Marcelo Vilela de Almeida Marilia Velardi Silvio Yoshiro Mizuguchi Miyazaki Editor André Gal Mountian Vice editor Silvio Yoshiro Mizuguchi Miyazaki [&hellip;]</p>
